INSERT INTO `article_descriptions` (`id`, `title`, `description`, `slug`, `meta_description`, `keywords`, `article_id`, `language_id`) VALUES
(1046, 'NT&T Provides Innovative GSM Solutions', '<div id=\"1182112445\" class=\"dmNewParagraph u_1182112445\" data-dmtmpl=\"true\" data-element-type=\"paragraph\" data-uialign=\"right\">\r\n<div>Nesma Telecom &amp; Technology (NT&amp;T) has earned a reputation as the exclusive trusted brand for camouflaged structures. These unique solutions include the Mosaic Tower, the Light Pole and the TV Hybrid solution, to name a few.</div>\r\n<div>&nbsp;</div>\r\n<div>The Mosaic Tower idea came in response to the needs of a growing population with growing telecom requirements. Modern urban areas in the Kingdom needed an aesthetic solution to GSM (Global System for Mobile Communication) towers for the three main providers, STC, Zain and Mobily that fit with the urban landscape and provided functionality along with superior service. The engineers at NT&amp;T presented the client with the solution of a single tower to be used by all three providers.</div>\r\n<div>&nbsp;</div>\r\n<div>The Mosaic Tower camouflages what would normally be industrial steel and wires with an environmentally friendly, artistic monument. The tower is covered with mosaic panels that can be customized to any design, and are specially manufactured of shatterproof vitroplex polycarbonate to minimize any transmission loss. The company has installed over 40 towers to date in Riyadh and Dammam and will soon begin installing its towers in Jeddah. Future towers will have varied designs such as an hourglass shape and a traditional look with Islamic patterns and writings.</div>\r\n<div>&nbsp;</div>\r\n<div>Similar to the Mosaic Tower, but designed for a single carrier, is NT&amp;T&rsquo;s visually customizable Light Pole. This structure can house various types of transmission antenna (RF/MW/RRU) in order to provide better coverage and doubles as a light pole with a beautiful aesthetic design.</div>\r\n</div>\r\n<div id=\"1094274963\" class=\"dmNewParagraph u_1094274963\" data-dmtmpl=\"true\" data-element-type=\"paragraph\" data-uialign=\"center\" data-editor-state=\"closed\">\r\n<div>&nbsp;</div>\r\n<div>Another innovation that NT&amp;T brought to the Saudi market is a hybrid fibre/analog solution provided to the Royal Commission in Jubail. This product for TV Hybrid Cable provides 100 channels going to nearly 20,000 customers and replaces the traditional dish system. The project is expected to be accomplished by the end of 2016.</div>\r\n</div>\r\n<div id=\"1265221539\" class=\"dmNewParagraph u_1265221539\" data-dmtmpl=\"true\" data-element-type=\"paragraph\" data-uialign=\"right\" data-editor-state=\"closed\">&nbsp;</div>', NULL, NULL, NULL, 212, 2),
(1049, 'نسما وشركاهم تنشئ خمس مستشفيات جديدة', '<p>&nbsp;</p>\r\n<p>أعلنت شركة نسما وشركاهم للمقاولات المحدودة أنها قد مُنحت عقدا بقيمة 8.473 مليار ريال سعودي من قبل وزارة الحرس الوطني &ndash; الشؤون الصحية بالحرس الوطني، لبناء خمس مستشفيات جديدة في كل من مدن الرياض وجدة والطائف والقصيم، وذلك على النحو التالي:</p>\r\n<p>&nbsp;</p>\r\n<p>مستشفى النساء والولادة بمدينة الملك عبدالعزيز الطبية-المنطقة الوسطى &ndash; الرياض &ndash; 300 سرير</p>\r\n<p>مستشفى الملك عبدالله التخصصي للأطفال، مدينة الملك عبدالعزيز الطبية &ndash; المنطقة الغربية &ndash; جدة &ndash; 350 سريرا</p>\r\n<p>مركز طب وجراحة الأعصاب والإصابات، جدة &ndash; 176 سريرا</p>\r\n<p>مستشفى الطائف التخصصي، الطائف &ndash; 300 سرير</p>\r\n<p>مستشفى القصيم التخصصي، القصيم &ndash; 300 سرير</p>\r\n<p>ومن المقرر الانتهاء من المشروع بحلول شهر يوليو 2017.</p>\r\n<p>&nbsp;</p>\r\n<p>شركة نسما وشركاهم هي شركة سعودية حائزة على عدد من الجوائز، وقد أصبحت شركة رائدة معترف لها بالموثوقية والابتكار للمشاريع الكبرى في كافة أنحاء المملكة، عبر مجالات الهندسة المدنية والإنشاءات، والنفط والغاز، والبتروكيماويات، والطاقة والمياه</p>', NULL, NULL, NULL, 246, 1),
(1050, 'Nesma & Partners to Build Five Specialized Hospitals', '<p>Nesma &amp; Partners Contracting Co. Ltd has announced it has been awarded a contract for 8.473 billion Saudi Riyals by the Saudi Arabian Ministry of National Guard &ndash; National Guard Health Affairs to construct five new hospitals at sites in Riyadh, Jeddah, Al Taif and Al Qassim as follows:</p>\r\n<p>&nbsp;</p>\r\n<ul>\r\n<li>Maternity Hospital, KAMC-CR, Riyadh (300 beds)</li>\r\n<li>King Abdullah Specialized Children&rsquo;s Hospital, KAMC-WR, Jeddah (350 beds)</li>\r\n<li>Neuroscience and Trauma Care Center, Jeddah (176 beds)</li>\r\n<li>Taif Specialized Hospital, Al Taif (300 beds)</li>\r\n<li>Al Qassim Specialized Hospital, Al Qassim (300 beds)</li>\r\n</ul>\r\n<p>&nbsp;</p>\r\n<p>The project is scheduled for completion by July 2017.&nbsp;</p>\r\n<p>&nbsp;</p>\r\n<p>Nesma &amp; Partners is an award-winning Saudi company that has become a recognized leader in reliability and innovation for mega projects across the Kingdom in the fields of civil &amp; building, oil &amp; gas, petrochemicals, power and water.</p>\r\n<p>&nbsp;</p>', NULL, NULL, NULL, 246, 2),
(1051, 'شركة نسما وشركاهم تُمنح العقد الثاني لجامعة الملك عبدالله للعلوم والتقنية', '<p>أعلنت شركة نسما وشركاهم للمقاولات المحدودة أنه تم منحها عقدها الثاني من قبل شركة أرامكو السعودية المرتبط بإنشاء جامعة الملك عبدالله للعوم والتقنية في ثول. ويشمل نطاق العمل إنشاء شبكة طرق، وعدد 4 من الجسور المعلقة الممتدة فوق قناة مائية، وخط أنابيب تحت الأرض، ومحطات الرفع مع مضخات غاطسة وبرك التبخير، ونظام الصرف الصحي، ونظام مياه المرافق العامة، ونظام الري، ونظام توزيع المياه المبردة، وشبكات توزيع الطاقة، وإنارة الشوارع، ومحطات توزيع الطاقة المدمجة.</p>\r\n<p>&nbsp;</p>\r\n<p>ومن المتوقع أن يتم الانتهاء من هذا المشروع بحلول شهر يونيو 2009.</p>\r\n<p>&nbsp;</p>\r\n<p>شركة نسما وشركاهم هي شركة سعودية حائزة على عدد من الجوائز، وقد أصبحت شركة رائدة معترف لها بالموثوقية والابتكار للمشاريع الكبرى في كافة أنحاء المملكة، عبر مجالات الهندسة المدنية والإنشاءات، والنفط والغاز، والبتروكيماويات، والطاقة والمياه.</p>', NULL, NULL, NULL, 247, 1),
(1052, 'New Al Jubail Jollibee Makes 10 in KSA, 100 Worldwide', '<p>Nesma &amp; Partners Contracting Co. Ltd. has announced it has been awarded its second contract by Saudi Aramco associated with the construction of King Abdullah University for Science &amp; Technology (KAUST) in Thuwal. The scope of work includes the construction of a roads network, four various span bridges over a water canal, underground pipelines, lift stations with submersible pumps and evaporation ponds, sanitary sewer system, utility water system, irrigation system, chilled water distribution system, power distribution networks, street lighting and package substations.</p>\r\n<p>&nbsp;</p>\r\n<p>The project is scheduled for completion by June 2009.</p>\r\n<p>&nbsp;</p>\r\n<p>Nesma &amp; Partners is an award-winning Saudi company that has become a recognized leader in reliability and innovation for mega projects across the Kingdom in the fields of civil &amp; building, oil &amp; gas, petrochemicals, power and water.</p>\r\n<p>&nbsp;</p>', NULL, NULL, NULL, 247, 2),
(1053, 'نسما للاتصالات والتقنية: مشروع الألياف البصرية لوزارة الداخلية', '<div>تعمل نسما للاتصالات والتقنية على مشروع لصالح وزارة الداخلية لبناء شبكة الألياف البصرية تربط منطقة الرياض مع منطقة مكة المكرمة (MIFON3). وتعمل نسما للاتصالات والتقنية على المرحلة الثالثة من المشروع، والمكون من سبع مراحل، يتم في كل مرحلة الربط بين منطقتين لتشكيل شبكة متراكمة.</div>\r\n<div>&nbsp;</div>\r\n<div>المرحلة الثالثة من المشروع تخدم مسافة تتجاوز 1200 كيلومتر، وتساعد على ربط 160 موقعا لوزارة الداخلية، بالإضافة إلى خدمة مواقع مختلفة على الطرق السريعة.</div>\r\n<div>&nbsp;</div>\r\n<div>ويأتي من ضمن الأولويات خلال التنفيذ، المحافظة وعدم التأثير على جميع الشبكات المتواجدة في المنطقة، بما في ذلك شبكات المياه والكهرباء، وشبكات الإنترنت. وفي سبيل تحقيق ذلك، تتبع نسما للاتصالات والتقنية أساسليب حفر خاصة علاوة على تعليمات فريق إدارة المشروع.</div>\r\n<div>&nbsp;</div>\r\n<div>وأوضح عزام ولي، مدير قسم المحطات الخارجية في نسما للاتصالات والتقنية، أن \"مشروع MIFO3 يختلف كثيرا عن مشاريع شبكات الألياف البصرية الأخرى؛ حيث يشمل ربط عدد هائل من المواقع وتغطية مسار طويل يمر بمختلف تضاريس الأرض الجغرافية، بما في ذلك الوديان والجبال. هذا المشروع قيمة مضافة إلى تجربة شركة نسما، خاصة من خلال التعامل مع العملاء البارزين والهامين، بهدف أداء بمهنية مع أحدث المعدات وأساليب التنفيذ\".</div>\r\n<div>&nbsp;</div>\r\n<div>بدأ العمل في مشروع شبكة الألياف البصرية لوزارة الداخلية MIFON3 في عام 2014، ومن المخطط الانتهاء منه بحلول شهر مارس 2017.</div>\r\n<div>&nbsp;</div>', NULL, NULL, NULL, 223, 1),
(1054, 'NT&T: Ministry of Interior Fiber Optic Network Project', '<div id=\"1182112445\" class=\"dmNewParagraph u_1182112445\" data-dmtmpl=\"true\" data-element-type=\"paragraph\" data-uialign=\"left\">\r\n<div>Nesma Telecom &amp; Technology is working on a project for the Ministry of Interior to build a fiber optic network that links Riyadh region with Makkah (MIFON 3). NT&amp;T is working on the third phase of the seven-phase project where each phase is connected between two regions to form an accumulative network.</div>\r\n<div>&nbsp;</div>\r\n<div>The distance at which the third stage serves, which is more than 1,200 km, will help to link 160 locations for the Ministry of Interior, in addition to serving different sites on the highways.</div>\r\n<div>&nbsp;</div>\r\n<div>One of the priorities during implementation was to keep all existing networks in the area intact, including water, electricity, and web networks. Therefore, NT&amp;T followed special drilling methods in addition to the instructions of the project management team.</div>\r\n<div>&nbsp;</div>\r\n<div>Azzam Wali, Manager of NT&amp;T&rsquo;s OSP Division explains, &ldquo;MIFON 3 is very different from other Fiber Optic Networks projects. It includes connecting enormous number of sites and covering a long route passing different geographical ground forms including valleys and mountains. This project adds more value to Nesma experience especially through dealing with a VIP client with the aim to perform professionally with up to date equipment and methods of implementation.&rdquo;</div>\r\n<div>&nbsp;</div>\r\n<div>MIFON 3 started in 2014 and it is estimated to be completed by March, 2017.</div>\r\n</div>\r\n<div id=\"1265221539\" class=\"u_1265221539 dmNewParagraph\" data-dmtmpl=\"true\" data-element-type=\"paragraph\" data-uialign=\"left\" data-editor-state=\"closed\">&nbsp;</div>', NULL, NULL, NULL, 223, 2),
(1055, 'مودة ترحب بحجاج السودان', '<div id=\"1827800558\" class=\"dmRespRow\">\r\n<div id=\"1753711415\" class=\"dmRespColsWrapper\">\r\n<div id=\"1292102604\" class=\"u_1292102604 dmRespCol small-12 large-8 medium-8\">\r\n<div id=\"1472369110\" class=\"u_1472369110 dmNewParagraph\" data-dmtmpl=\"true\" data-element-type=\"paragraph\" data-uialign=\"right\">\r\n<div>مؤخرا، رحب ميناء جدة الإسلامي وصول الدفعة الأولى من حجاج السودان على متن العبارة \"مودة\"، التي كانت تقل نحو 1300 حاج. وكان في استقبال الحجاج السودانيين مدير عام ميناء جدة الإسلامي، وقنصل جمهورية السودان بجدة، وممثل وزارة الحج في جدة. هذا العام، سوف تقوم العبارتين \"المودة\" و\"المحبة\" التابعتين لشركة نما العالمية للخدمات البحرية بنقل 12,500 حاج ذهابا وإيابا.</div>\r\n</div>\r\n</div>\r\n</div>\r\n</div>', NULL, NULL, NULL, 219, 1),
(1056, 'Mawaddah Welcomes Sudanese Pilgrims', '<div id=\"1182112445\" class=\"dmNewParagraph u_1182112445\" data-dmtmpl=\"true\" data-element-type=\"paragraph\" data-uialign=\"left\">\r\n<div>Recently, Jeddah Islamic Port welcomed the arrival of the first batch of Sudanese pilgrims on the Mawaddah ferry, which was carrying around 1,300 pilgrims. The Sudanese group was welcomed by the General Director of Jeddah Islamic Port, the Consul of the Republic of Sudan in Jeddah and the Ministry of Hajj&rsquo;s representative in Jeddah. This year, Namma International Marine Services ferries, Mawaddah and Mahabbah, will carry around 12,500 pilgrims round-trip.</div>\r\n</div>\r\n<div id=\"1265221539\" class=\"u_1265221539 dmNewParagraph\" data-dmtmpl=\"true\" data-element-type=\"paragraph\" data-uialign=\"right\" data-editor-state=\"closed\">&nbsp;</div>', NULL, NULL, NULL, 219, 2),
(1057, 'نسما ورعاية يدخلان في شراكة مع سلسلة مستشفيات عيون تركية من أجل التوسع العالمي', '<p>أعلنت شركة نسمال دخولها في شراكة مع شركة رعاية القابضة للاستثمار في سلسلة مستشفيات العيون Avrupag&ouml;z التركية. تمتلك سلسلة المستشفيات في الوقت الحاضر 14 فرعا في جميع أنحاء تركيا، وهناك خطط لافتتاح مستوصفات جديدة في كل من المملكة العربية السعودية، وتركيا، والعراق، وأذربيجان، وتركمنستان.</p>\r\n<p>&nbsp;</p>\r\n<p>يُذكر أن الحصة التي حصلت عليها كل من شركة نسمال وشركة رعاية تصل إلى 50% من سلسلة المستشفيات، بقيمة ما يقرب من 23.6 مليون دولار أمريكي.</p>\r\n<p>&nbsp;</p>\r\n<p>وتعد نسمال الذراع الاستثماري لنسما القابضة في كل من تركيا ومصر، وتتولى مسؤولية الإشراف على استثمارات نسما المتعددة في البلدين</p>', NULL, NULL, NULL, 248, 1),
(1058, 'Nesma and ReAya Partner with Turkish Eye Hospital Chain for Global Expansion', '<p><br />Nesmal has announced it has partnered with ReAya Holding to invest in a Turkish eye hospital chain Avrupag&ouml;z. The hospital chain currently has 14 branches throughout Turkey, with plans to open new clinics in Saudi Arabia, Turkey, Iraq, Azerbaijan and Turkmenistan.</p>\r\n<p>&nbsp;</p>\r\n<p>The stake held by Nesmal and ReAya, which amounts to 50% of the company, was acquired for nearly 23.6 million US Dollars.&nbsp;</p>\r\n<p>&nbsp;</p>\r\n<p>Nesmal is Nesma Holding&rsquo;s investment arm in Turkey and Egypt, and is tasked with the responsibility of overseeing Nesma&rsquo;s various investments in the two countries.</p>\r\n<p>&nbsp;</p>\r\n<p>ReAya Holding is a Jeddah-based investment firm that specializes in the health care and life sciences industry. ReAya Holding invests in companies that require growth capital for expansion organically or through acquisitions, and helps them formulate growth strategies and execute turning around initiatives at the operational level. ReAya Holding also undertakes, in partnership with other institutional investors, selected greenfield projects aimed at addressing existing or emerging business opportunities in the GCC, MENA region and Turkey.</p>\r\n<p>&nbsp;</p>', NULL, NULL, NULL, 248, 2),
(1059, 'نسما ترعى سباق ماراثون جدة السنوي الحادي عشر', '<p>أعلنت شركة نسما القابضة مشاركتها في سباق ماراثون جدة السنوي الحادي عشر بصفتها \"الراعي الماسي\"، والذي ستقام فعالياته يوم الثلاثاء 8 أبريل 2014 تحت رعاية صاحب السمو الملكي الأمير مشعل بن ماجد محافظ جدة.</p>\r\n<p>&nbsp;</p>\r\n<p>جمعية البر الخيرية بجدة هي الجهة المنظمة لسباق الماراثون، والذي يشهد كل عام مشاركة الآلاف من المتسابقين. ويهدف السباق إلى تعزيز والترويج لحياة صحية أفضل، علاوة على استخدام الجمعية لهذا السباق كأداة ترويجية وتمويلية لبرامج الجمعية المختلفة التي تصب في صالح المجتمع</p>', NULL, NULL, NULL, 249, 1),
(1060, 'Nesma Sponsors 11th Jeddah Marathon', '<p><br />Nesma Holding has announced it will participate as a &ldquo;diamond sponsor&rdquo; of the 11th annual Jeddah Marathon, to be held on Tuesday, Apr. 8, 2014, under the patronage of His Royal Highness Prince Mishaal bin Majed, Governor of Jeddah.</p>\r\n<p>&nbsp;</p>\r\n<p>The marathon is organized by the Al Birr Charitable Society in Jeddah, with thousands of participants taking part every year. In addition to promoting a healthy lifestyle for all, the Society uses the proceeds from the event to fund its various community programs.</p>\r\n<p>&nbsp;</p>', NULL, NULL, NULL, 249, 2),
(1061, 'نسما تدعم جمعية خيركم لدراسة القرآن الكريم', '<div id=\"tw-target-text-container\" class=\"tw-ta-container hide-focus-ring tw-lfl\" tabindex=\"0\">\r\n<pre id=\"tw-target-text\" class=\"tw-data-text tw-text-large XcVN5d tw-ta\" dir=\"rtl\" data-placeholder=\"Translation\"><span lang=\"ar\">تتشرف شركة نسما القابضة بدعم جمعية خيركم لتحفيظ القرآن كجزء من مبادرات المسؤولية الاجتماعية للشركات لصالح المجتمع السعودي. سوف تساعد نسما الجمعية من خلال توفير دعم فني كبير على مرحلتين من البنية التحتية والدعم يتبعه تخطيط موارد المؤسسة.\r\n\r\nسيؤثر مشروع نسما على النشاط الأساسي للجمعية وهو التعليم. ستعمل هذه التغييرات الإيجابية على تقليل تكلفة الطباعة عبر برنامج الاختبار الإلكتروني للطلاب والتي بدورها يمكن أن تساعد في إدارة البيانات ومتابعتها. سيزيد المشروع أيضًا الإنتاجية وبالتالي زيادة قدرة البرنامج بحيث يمكن للكثيرين تعلم وتعليم القرآن الكريم.</span></pre>\r\n</div>\r\n<div id=\"tw-target-rmn-container\" class=\"tw-ta-container hide-focus-ring tw-nfl\">&nbsp;</div>', NULL, NULL, NULL, 220, 1),
(1062, 'Nesma Supports Khayrocom Association for Qur’an Study', '<div id=\"1182112445\" class=\"u_1182112445 dmNewParagraph\" data-dmtmpl=\"true\" data-element-type=\"paragraph\" data-uialign=\"left\">\r\n<div>Nesma Holding is honored to support the Khayrocom Association for Quran Memorization as part of its corporate social responsibility initiatives to benefit Saudi society. Nesma will aid the Association by providing sizable technical support in two stages infrastructure and support followed by enterprise resource planning.</div>\r\n<div>&nbsp;</div>\r\n<div>Nesma&rsquo;s project will affect the basic activity of the Association, which is education. These positive changes will reduce the cost of printing via the e-testing program for students which in turn can aid data management and follow-up. The project will also increase productivity thereby augmenting the program&rsquo;s capacity so that many more can learn and teach the Holy Qur&rsquo;an.</div>\r\n</div>\r\n<div id=\"1265221539\" class=\"u_1265221539 dmNewParagraph\" data-dmtmpl=\"true\" data-element-type=\"paragraph\" data-uialign=\"left\" data-editor-state=\"closed\">&nbsp;</div>', NULL, NULL, NULL, 220, 2),
(1063, 'افتتاح معرض نسما للفنون بإطلاق معرض عبدالله حماس', '<p>أعلن معرض نسما للفنون، وهي صالة معارض جديدة في حي الروضة بجدة، عن الافتتاح الرسمي للمعرض.</p>\r\n<p>&nbsp;</p>\r\n<p>وقد صادف مناسبة الافتتاح إطلاق المعرض الشخصي المحلي الـ 29 للفنان عبدالله حماس، الذي تتميز أعماله ولوحاته بالتنوع الواسع، والتأثر بالعناصر التاريخية والبيئية لجميع مناطق المملكة. ويجمع عبدالله حماس بين الأسلوب المعاصر وتقنيات ما بعد الحداثة لتصوير تاريخ وتراث الوطن.</p>\r\n<p>&nbsp;</p>\r\n<p>إن معرض نسما للفنون إحدى مبادرات نسما المجتمعية لدعم وتشجيع الفنانين المحليين. ويتميز المعرض بمساحات وقاعات متعددة بحيث يمكن إقامة معارض لعدد من الفنانين، وتتم إدارته من قبل الفنان السعودي محمد ال عبلان</p>', NULL, NULL, NULL, 250, 1),
(1064, 'Nesma Art Gallery Opening Features Abdullah Hamas Exhibition', '<p>Nesma Art Gallery, a new exhibition space located in Jeddah&rsquo;s Al Rawdah district, has announced it is officially open to the public with the opening of a new exhibit featuring well-known local artist Abdullah Hamas.&nbsp;</p>\r\n<p>&nbsp;</p>\r\n<p>The opening event marked the 29th local exhibition for Abdullah Hamas and was made distinctive by the wide-ranging diversity of Hamas&rsquo;s paintings. Influenced by historical and environmental elements throughout the Kingdom&rsquo;s regions, Hamas thoughtfully combines contemporary style with post-modern techniques to visually represent the nation&rsquo;s heritage.</p>\r\n<p>&nbsp;</p>\r\n<p>Nesma Art Gallery is a community initiative established by Nesma Holding to support and promote local artists. The spacious gallery features multiple areas for showcasing different artists and is managed by Saudi artist Mohammed Al Ablan.</p>\r\n<p>&nbsp;</p>', NULL, NULL, NULL, 250, 2),
(1065, 'نسما القابضة تعزز عملياتها اللوجستية في مدينة الملك عبدالله الاقتصادية', '<p>أعلنت نسما القابضة توقيعها لعقد مع مدينة الملك عبدالله الاقتصادية لشراء قطعة أرض صناعية في المرحلة الثانية للوادي الصناعي لمدينة الملك عبدالله الاقتصادية، حيث تعتزم نسما إقامة مركز إقليمي للخدمات اللوجستية. وسوف يوفر المركز اللوجستي مجموعة متنوعة من الخدمات لقائمة العملاء المتنامية الذين يستخدمون ميناء الملك عبدالله الجديد، الواقع داخل مدينة الملك عبدالله الاقتصادية، والذي تتولى تشغيله شركة محطات الحاويات الوطنية، التابعة لشركة نسما القابضة.</p>', NULL, NULL, NULL, 251, 1),
(1066, 'Nesma Holding Strengthens its Logistics Operations in KAEC', '<p>Nesma Holding has announced it has signed a contract with King Abdullah Economic City (KAEC) to purchase an industrial plot of land in the Industrial Valley, Phase Two, where Nesma will establish a regional logistics center. The logistics center will provide a variety of services to the growing list of customers using the new King Abdullah Port (KAP), which is located within KAEC and operated by a National Container Terminals (NCT), a subsidiary of Nesma Holding.&nbsp;</p>', NULL, NULL, NULL, 251, 2),
(1067, 'قريبا', '<p>قريبا</p>', NULL, NULL, NULL, 231, 1),
(1068, 'Nesma Holding Meets with French Delegation for Future Collaboration', '<div id=\"1182112445\" class=\"dmNewParagraph u_1182112445\" data-dmtmpl=\"true\" data-element-type=\"paragraph\" data-uialign=\"left\">\r\n<div>Nesma met with a local French delegation to develop future business cooperation and a win-win partnership to do business either in Saudi Arabia or elsewhere in the Gulf region. The purpose of the meeting was to facilitate introductions among the companies and to discuss the current economic situation. The attendant companies included Nesma Holding, Nesma &amp; Partners, Nesma Trading, Nesma Water &amp; Energy, Defaf Logistics, and Nesma Renewable Energy.</div>\r\n<div>&nbsp;</div>\r\n<div>In addition to the presence of Nesma President, Sh. Saleh Al-Turki, Nesma Holding Executives and a chief representative of each Nesma company, the meeting attendees included Patrick Nicoloso, Consul General of France in Saudi Arabia and 18 prominent French companies, specialized in the fields of transportation, construction, energy, water &amp; environment, health, consulting firms, and finance.</div>\r\n</div>\r\n<div id=\"1265221539\" class=\"u_1265221539 dmNewParagraph\" data-dmtmpl=\"true\" data-element-type=\"paragraph\" data-uialign=\"left\" data-editor-state=\"closed\">&nbsp;</div>', NULL, NULL, NULL, 231, 2),
(1069, 'نسما وشركاهم ونسما التجارية تفوزان بعقود أرامكو السعودية بقيمة إجمالية 1 مليار ريال', '<p>أعلنت كل من شركة نسما وشركاهم للمقاولات المحدودة وشركة نسما التجارية تعاونهما في تنفيذ ثلاثة عقود مُنحت لها من قبل شركة أرامكو العربية بقيمة إجمالية 1 مليار ريال سعودي. وتتضمن عقود المشاريع تطوير مواقع، وبناء منشآت، وتشغيل وصيانة مجمع سكني جديد لأرامكو السعودية في المنطقة الشرقية للمملكة العربية السعودية.</p>\r\n<p>&nbsp;</p>\r\n<p>نسما وشركاهم سوف تبدأ العمل في المشاريع بمرحلة تطوير الموقع المتضمن كل من تطوير الطرق، وإنارة الشوارع، وإقامة الأسوار. وسيعقب المرحلة الأولى إنشاء مرافق سكنية وترفيهية، علاوة على عدد من المباني المساندة، مثل المباني الأمنية، ومحطة المطافئ، وعيادة، ومحطة وقود تقدم خدمة صيانة المركبات. وسوف تشمل المرافق التشغيلية الرئيسية كل من محطة توليد الطاقة، ونظام توزيع الطاقة، ومحطة التناضح العكسي لمياه البحر، ومحطة معالجة مياه الصرف الصحي.</p>\r\n<p>&nbsp;</p>\r\n<p>أما خلال المرحلة الثالثة للمشاريع، فستقدم شركة نسما التجارية خدمات التشغيل والصيانة لمدة 60 شهرا. كما ستلعب شركة نسما التجارية دورا رئيسيا خلال المرحلتين الأولى والثانية أيضا، من خلال توفير خدمات الدعم المتخصصة، مثل إدارة المرافق، والخدمات التموين، وصيانة المرافق.</p>\r\n<p>&nbsp;</p>\r\n<p>يُذكر أن شركة نسما وشركاهم هي شركة سعودية حائزة على عدد من الجوائز، وقد أصبحت شركة رائدة معترف لها بالموثوقية والابتكار للمشاريع الكبرى في كافة أنحاء المملكة، عبر مجالات الهندسة المدنية والإنشاءات، والنفط والغاز، والبتروكيماويات، والطاقة والمياه.</p>\r\n<p>&nbsp;</p>\r\n<p>أما نسما التجارية فهي شركة تجارة وخدمات دعم، تتألف من ثمانية أقسام رئيسية، هي:</p>\r\n<p>&nbsp;</p>\r\n<p>الإنشاءات</p>\r\n<p>إدارة المرافق</p>\r\n<p>النظم التقنية والفنية</p>\r\n<p>المشاريع التجارية</p>\r\n<p>تنظيم المناسبات والفعاليات</p>\r\n<p>الخدمات الأمنية</p>\r\n<p>تصنيع وتركيب الصلب</p>\r\n<p>السفر والسياحة</p>', NULL, NULL, NULL, 252, 1),
(1070, 'Nesma & Partners and Nesma Trading Awarded SR1 Billion Saudi Aramco Contracts', '<p>Nesma &amp; Partners Contracting Co. Ltd. and Nesma Trading have announced they will cooperate on three projects awarded by Saudi Aramco for a total value of 1 billion Saudi Riyals. The contracts require site development, facilities construction, and the operation &amp; maintenance of a new Saudi Aramco compound in the Eastern Region of the Kingdom.</p>\r\n<p>&nbsp;</p>\r\n<p>Nesma &amp; Partners will initiate the projects with site development of roads, street lighting and fences. The first phase will be followed by the building of accommodations and recreational facilities, as well as various support buildings such as security buildings, a fire station, a clinic, and fuel station with vehicle maintenance. Major operational facilities will include a power generation plant, power distribution system, a seawater reverse osmosis plant and a sewage treatment plant.</p>\r\n<p>&nbsp;</p>\r\n<p>During the third phase Nesma Trading will provide operation &amp; maintenance services for a period of 60 months. By providing specialized support services such as facility management, dining services and facility maintenance, Nesma Trading will also play a major role in the first and second phases of the project.&nbsp;&nbsp;</p>\r\n<p>&nbsp;</p>\r\n<p>Nesma &amp; Partners is an award-winning Saudi company that has become a recognized leader in reliability and innovation for mega projects across the Kingdom in the fields of civil &amp; building, oil &amp; gas, petrochemicals, power and water.</p>\r\n<p>&nbsp;</p>\r\n<p>Nesma Trading is a trading and support services company comprised of eight divisions:</p>\r\n<p>&nbsp;</p>\r\n<ol>\r\n<li>Construction</li>\r\n<li>Facility Management&nbsp;</li>\r\n<li>Technical Systems&nbsp;</li>\r\n<li>Business Ventures&nbsp;</li>\r\n<li>Banqueting &amp; Events</li>\r\n<li>Security Services</li>\r\n<li>Steel Fabrication &amp; Erection</li>\r\n<li>Travel &amp; Tours</li>\r\n</ol>\r\n<p>&nbsp;</p>', NULL, NULL, NULL, 252, 2),
(1071, 'نسما للطيران: رحلة احتفالية إلى حائل', '<div>هبطت أول طائرة نسما للطيران في مطار حائل في أغسطس 2016. وكان على متن الرحلة الرئيس التنفيذي لشركة نسما للطيران فيصل تركي، ونائب الرئيس التنفيذي أنور باشا الشيخ، وعدد من موظفي ومدراء نسما للطيران والشركاء الاستراتيجيين، بالإضافة إلى الصحفيين والضيوف.</div>\r\n<div>&nbsp;</div>\r\n<div>وكانت نسما للطيران، خلال حفل توزيع جوائز في حائل، قد حصلت على رخصة مشغل جوي من الهيئة العامة للطيران المدني، يؤهل نسما للطيران لتشغيل رحلات داخلية ودولية، انطلاقا من مطار حائل الإقليمي. وقد أجريت مراسم الاحتفال بحضور صاحب السمو الملكي الأمير عبدالعزيز بن سعد نائب أمير منطقة حائل، والكابتن عبدالحكيم البدر، مساعد رئيس هيئة الطيران المدني للسلامة والأمن والنقل الجوي.</div>\r\n<div>&nbsp;</div>\r\n<div>وتخطط شركة نسما للطيران لتطوير مدينة حائل الواقعة في شمال غرب المملكة إلى محور مركزي، في شراكة مع شركة العنان للسفر والسياحة. وبهذه المناسبة، استأجرت نسما للطيران من حائل أسطولها الجديد المكون من أربع طائرات طراز ATR72-600s لتسيير رحلات إلى كل من المدينة المنورة، وتبوك، والقريات، والجوف، وعرعر، وطريف، ورفحاء. كما سيتم تشغيل طائرتي طراز A320-200s لتسيير رحلات إلى الرياض وجدة والدمام قبل نهاية هذا العام.</div>', NULL, NULL, NULL, 217, 1),
(1072, 'Nesma Airlines: Celebratory Flight to Hail', '<div id=\"1182112445\" class=\"dmNewParagraph u_1182112445\" data-dmtmpl=\"true\" data-element-type=\"paragraph\" data-uialign=\"left\">\r\n<div>Nesma Airlines&rsquo; first aircraft landed at Hail Airport in August 2016. The flight included Chief Executive Officer of Nesma Airlines, Faisal Al-Turki, Deputy CEO, Anwar Basha Sheik, Nesma Airlines employees, directors and strategic partners, in addition to journalists and guests.</div>\r\n<div>&nbsp;</div>\r\n<div>During an award ceremony in Hail, Nesma Airlines received an air operator license from the General Authority of Civil Aviation (GACA) which allows Nesma Airlines to run domestic and international flights, starting with Hail Regional Airport. The ceremony was conducted in the presence of Prince Abdulaziz bin Saad, Deputy Governor of Hail, and Capt. Abdulhakim Albader, Assistant to GACA President for Safety, Security and Air Transport.</div>\r\n</div>\r\n<div id=\"1094274963\" class=\"dmNewParagraph u_1094274963\" data-dmtmpl=\"true\" data-element-type=\"paragraph\" data-uialign=\"left\" data-editor-state=\"closed\">\r\n<div>&nbsp;</div>\r\n<div>Nesma Airlines Saudi Arabia is planning to develop the northwestern town of Hail into a central hub in partnership with the Al-Anan Tours and Travel Company. Nesma will use its incoming fleet of four ATR72-600s, leased from Hail, to serve Madinah, Tabuk, Gurayat, Jouf, Arar, Turaif, and Rafha. A pair of A320-200s will also be used to operate flights to Riyadh, Jeddah, and Dammam by the end of the year.</div>\r\n</div>\r\n<div id=\"1265221539\" class=\"dmNewParagraph u_1265221539\" data-dmtmpl=\"true\" data-element-type=\"paragraph\" data-uialign=\"right\" data-editor-state=\"closed\">&nbsp;</div>', NULL, NULL, NULL, 217, 2),
(1073, 'مودة بين أفضل عشر شركات في عام 1437هـ', '<div id=\"1099147534\" class=\"dmRespRow\">\r\n<div id=\"1991005819\" class=\"dmRespColsWrapper\">\r\n<div id=\"1022575722\" class=\"u_1022575722 dmRespCol small-12 large-8 medium-8\">\r\n<div id=\"1729363397\" class=\"u_1729363397 dmNewParagraph\" data-dmtmpl=\"true\" data-element-type=\"paragraph\" data-uialign=\"right\">\r\n<div>صُنفت مجموعة مودة العالمية من قبل وزارة الحج ضمن أفضل عشر شركات تعمل في خدمات الحجاج نظير أدائها المتميز خلال العام 1437هـ</div>\r\n<div>&nbsp;</div>\r\n<div>كما قامت وزارة الحج، للسنة الثانية على التوالي، بتكريم مجموعة مودة لمشاركتها في البرنامج الترحيبي للمعتمرين خلال شهر رمضان المبارك.</div>\r\n<div>&nbsp;</div>\r\n<div>مجموعة مودة العالمية لخدمات الفنادق والعمرة (مودة) شركة رائدة في مجال تشغيل الفنادق، متخصصة في توفير خدمات الحج والعمرة. وتدير الشركة عددا من الفنادق في كل من مكة المكرمة والمدينة المنورة، وتعمل من خلال شبكة واسعة من وكلاء السفر ومنظمي الرحلات السياحية في جميع أنحاء العالم. وتشمل الخدمات التي تقدمها مودة إصدار تأشيرات العمرة، وتنظيم الرحلات الجوية والبحرية إلى/من المملكة العربية السعودية، مع تأمين وسائل المواصلات البرية داخل المملكة.</div>\r\n</div>\r\n</div>\r\n</div>\r\n</div>', NULL, NULL, NULL, 214, 1),
(1074, 'Mawaddah Among Top Ten Companies in 1437A.H', '<div id=\"1182112445\" class=\"dmNewParagraph u_1182112445\" data-dmtmpl=\"true\" data-element-type=\"paragraph\" data-uialign=\"left\">\r\n<div>Mawaddah International Group was ranked by the Ministry of Hajj as one of the top ten companies operating pilgrims services, due to its excellent performance during the year 1437 A.H.</div>\r\n<div>&nbsp;</div>\r\n<div>Also, for the second year in a row, the Ministry of Hajj honored Mawaddah for its participation in the Pilgrims Welcoming Program during the holy month of Ramadan.</div>\r\n</div>\r\n<div id=\"1094274963\" class=\"dmNewParagraph u_1094274963\" data-dmtmpl=\"true\" data-element-type=\"paragraph\" data-uialign=\"left\" data-editor-state=\"closed\">\r\n<div>&nbsp;</div>\r\n<div>Mawaddah Int&rsquo;l Group for Hotel &amp; Umrah Services (Mawaddah) is a hotel operator that specializes in the provision of Hajj and Umrah services. The company has several hotels under management in both Makkah and Madinah, and works through an extensive network of travel agents and tour operators across the world. Among the services offered are issuing of Umrah travel visas, arranging air and sea travel to/from Saudi Arabia and providing in-Kingdom ground transportation.</div>\r\n</div>\r\n<div id=\"1265221539\" class=\"dmNewParagraph u_1265221539\" data-dmtmpl=\"true\" data-element-type=\"paragraph\" data-uialign=\"right\" data-editor-state=\"closed\">&nbsp;</div>', NULL, NULL, NULL, 214, 2),
(1075, 'نسما ترعى ماراثون جدة لعام 2017', '<div id=\"1534160517\" class=\"dmRespRow\">\r\n<div id=\"1269659161\" class=\"dmRespColsWrapper\">\r\n<div id=\"1809495504\" class=\"u_1809495504 dmRespCol small-12 large-8 medium-8\">\r\n<div id=\"1779367077\" class=\"u_1779367077 dmNewParagraph\" data-dmtmpl=\"true\" data-element-type=\"paragraph\" data-uialign=\"right\">\r\n<div>كجزء من مسؤوليتها المجتمعية، قامت نسما القابضة برعاية سباق ماراثون جدة السنوي، بمشاركة آلاف الرياضيين السعوديين و الدوليين و أبطال رياضة الجري.</div>\r\n<div>&nbsp;</div>\r\n<div>جمعية البر، المنظمة الخيرية المعروفة، هي الجهة المنظمة لماراثون جدة، بدعم من كبار المسؤولين في جدة. والماراثون سباق يقام سنويا في جدة، بهدف تعزيز حياة صحية أفضل، من خلال منح الشباب فرصة المشاركة في فعالية رياضية تتميز بتحديات متعددة وهدايا قيمة.</div>\r\n<div>&nbsp;</div>\r\n<div>تجدر الإشارة إلى أن الماراثون يُنظم لمختلف فئات مجتمع جدة، حيث يشارك فيه كل من المتسابقين المحترفين و الهواة و ذوي الاحتياجات الخاصة. وقد قُسم سباق الماراثون لهذا العام إلى ثلاث فئات: 4 كم، و8 كم، و21 كم. ويعد مسار نسمة هوالأطول لكلا المشاركين من ذوي الاحتياجات الخاصة ذوي الكراسي المتحركة، و المشاركين العامين.</div>\r\n<div>&nbsp;</div>\r\n<div>وخلال حفل توزيع الجوائز، ألقى الرئيس التنفيذي لنسما، الشيخ صالح التركي، خطابا شدد فيه على أهمية الحفاظ على أسلوب حياة صحي، وشكر منظمي الماراثون على جهودهم الكبيرة في إنجاح هذا الحدث.</div>\r\n<div>&nbsp;</div>\r\n<div>ويعود دعم نسما لهذا السباق منذ انطلاقته للمرة الأولى، حيث يعد الشيخ صالح التركي الرئيس التنفيذي لشركة نسما القابضة صاحب فكرة إقامة سباق ماراثون في مدينة جدة، بعدما شاهد النجاح الذي حققه ماراثون المنطقة الشرقية.</div>\r\n</div>\r\n</div>\r\n</div>\r\n</div>', NULL, NULL, NULL, 174, 1),
(1076, 'Nesma Sponsors 2017 Jeddah Marathon', '<div id=\"1182112445\" class=\"dmNewParagraph u_1182112445\" data-dmtmpl=\"true\" data-element-type=\"paragraph\" data-uialign=\"center\">\r\n<div>As part of its social responsibility, Nesma Holding again sponsored the annual Jeddah Marathon which was attended by thousands of Saudi and international athletes and running champions.</div>\r\n<div>&nbsp;</div>\r\n<div>Organized by the well-known charity organization, Albir Society, and with the support of Jeddah officials, Jeddah Marathon takes place every year in Jeddah with the aim of promoting a healthier lifestyle by providing the youth with a competitive activity with varying degrees of challenge and valuable prizes.</div>\r\n<div>&nbsp;</div>\r\n<div>The marathon is organized for different categories of Jeddah society, from professional runners to hobbyists and people with special needs. This year&rsquo;s marathon was divided into three categories: 4km, 8km, 21km and Nesma&rsquo;s path is the longest for both wheelchair participants and the general participants.</div>\r\n<div>&nbsp;</div>\r\n<div>During the marathon&rsquo;s award ceremony, a speech was given by Nesma president, Sh. Saleh Al-Turki, where he emphasized the importance of maintaining a healthy lifestyle and thanked the marathon organizers for their great efforts in delivering a successful event.</div>\r\n<div>&nbsp;</div>\r\n<div>Nesma&rsquo;s support for this event dates back to its inception, as Sh.Saleh who first championed the idea of having a marathon in Jeddah, after seeing its success in the Eastern Province.</div>\r\n</div>\r\n<div id=\"1265221539\" class=\"u_1265221539 dmNewParagraph\" data-dmtmpl=\"true\" data-element-type=\"paragraph\" data-uialign=\"left\" data-editor-state=\"closed\">&nbsp;</div>', NULL, NULL, NULL, 174, 2),
(1077, 'مجموعة مودة تبدأ بالتدقيق لمطابقة مقاييس شهادة الآيزو', '<div>عندما علمت إدارة مجموعة مودة العالمية لخدمات الفنادق والعمرة بخطة وزارة الحج لإعلان اشتراط جديد خاص بكافة الشركات التي تقدم خدمات العمرة، يتمثل في شرط حصولها على شهادة اعتماد الآيزو ISO 9001:2015 ، قررت القيام بخطى استباقية للامتثال بتلك المعايير للحفاظ على مكان الريادة في السوق.</div>\r\n<div>&nbsp;</div>\r\n<div>وشهادة اعتماد الآيزو ISO 9001:2015 عبارة عن مجموعة من المعايير التي وضعتها المنظمة الدولية لتوحيد المقاييس. وتقوم تلك المعايير على مبادئ إدارة الجودة، مثل نهج العمليات التشغيلية للتحسين المستمر، ووضع العميل في مركز الاهتمام، لضمان تلبية الشركة لاحتياجات العملاء وتوقعاتهم. وعموما، فإن تطبيق المعايير يساعد المنظمات على تحسين كفاءة الأداء وتعزيز رضا العملاء، وكلاهما يؤثر إيجابيا على كل من النمو والأرباح.</div>\r\n<div>&nbsp;</div>\r\n<div>بدأت مودة عملية تطبيق معايير شهادة اعتماد الآيزو 9001 بالتدقيق الداخلي لتقييم الشركة من حيث العمليات التشغيلية الحالية والممارسات والعلاقات الداخلية، من أجل قياس مطابقتها لمعايير الآيزو وتحديد مجالات التحسين. وقد تم تدريب موظفي مجموعة مودة على عملية التدقيق، بما في ذلك كيفية إنتاج أدلة وإثباتات منهجية ومستقلة وموثقة توثيقا جيدا، وكيفية تقييم تلك الأدلة تقييما موضوعيا، لتحديد مدى استيفاء المعايير المطلوبة لشهادة اعتماد الآيزو.</div>\r\n<div>&nbsp;</div>\r\n<div>إن التدقيق الداخلي عبارة عن أداة إدارية تستخدمها مجموعة مودة لقياس فعالية إدارة الجودة، وتحديد مجالات عدم المطابقة مع معايير الآيزو 9001، من أجل تنفيذ الإجراءات التصحيحية، التي من المتوقع أن تؤدي إلى تحسين الكفاءة وفرص الأعمال. وكجزء من هذه العملية، يركز مدراء مودة على زيادة الوعي بالجودة وتخفيض تكاليف الجودة.</div>\r\n<div>&nbsp;</div>\r\n<div>وتتمثل الخطوة التالية في إجراء تدقيق خارجي، ومن ثم شهادة اعتماد الآيزو.</div>\r\n<div>&nbsp;</div>\r\n<div>صُنفت مجموعة مودة العالمية من قبل وزارة الحج ضمن أفضل عشر شركات تعمل في خدمات الحجاج نظير أدائها المتميز خلال العام 1437هـ</div>', NULL, NULL, NULL, 178, 1),
(1078, 'Mawaddah Begins Audit for ISO Standards', '<div id=\"1182112445\" class=\"dmNewParagraph u_1182112445\" data-dmtmpl=\"true\" data-element-type=\"paragraph\" data-uialign=\"left\">\r\n<div>When the management at Mawaddah International Group for Hotel &amp; Umrah Services learned that the Ministry of Hajj was planning to announce a new requirement that all companies offering Umrah services become ISO 9001:2015 certified, they decided to get ahead of the game by meeting those standards now.</div>\r\n<div>&nbsp;</div>\r\n<div>ISO 9001:2015 is a set of standards put forth by the International Organization for Standardization. It is based on quality management principles such as the process approach to continual improvement and putting the customer at the focal point to ensure that the company meets customer needs and expectations. Overall, implementation of the standards helps organizations to be more efficient and improves customer satisfaction, both of which can fuel growth and profits.</div>\r\n<div>&nbsp;</div>\r\n<div>Mawaddah began the process of implementing ISO 9001 with an internal audit to assess the company&rsquo;s current processes, practices and internal relationships, in order to gauge their conformity with the ISO standards and to identify areas for improvement. Mawaddah staff were trained in the audit process including how to produce systematic, independent, well documented evidence and how to objectively evaluate that evidence to determine the extent to which the criteria of the standards were being fulfilled.</div>\r\n<div>&nbsp;</div>\r\n<div>The internal audit, a management tool Mawaddah is using to measure the effectiveness of quality management and identify areas of non-conformance with ISO 9001 standards so that corrective actions can be implemented, is expected to result in improved efficiency and business opportunities. As part of the process, Mawaddah managers are focusing on increasing quality awareness and reducing quality costs.</div>\r\n<div>&nbsp;</div>\r\n<div>The next step in the process is an external audit and finally, the ISO certification.</div>\r\n<div>&nbsp;</div>\r\n<div>Mawaddah International Group was ranked by the Ministry of Hajj as one of the top ten companies in 1437 A.H. for providing pilgrims&rsquo; services.</div>\r\n</div>\r\n<div id=\"1265221539\" class=\"u_1265221539 dmNewParagraph\" data-dmtmpl=\"true\" data-element-type=\"paragraph\" data-uialign=\"left\" data-editor-state=\"closed\">&nbsp;</div>', NULL, NULL, NULL, 178, 2),
(1079, 'نسما للتطريز والخياطة تخرج الدفعة الثانية من متدربات المركز', '<p>أعلن مركز نسما للتطريز والخياطة تخرج دفعة مكونة من 26 شابة خلال حفل أقيم بهذه المناسبة في مركز نسما للتدريب بجدة اليوم. وقد أتمت المتدربات بنجاح برنامجا تدريبيا خاصا في تصميم وتشغيل المعدات والخياطة، برعاية بنك الجزيرة وإشراف مركز نسما للتطريز والخياطة. تجدر الإشارة إلى أن هذه هي الدفعة الأولى من خريجات مركز نسما للتطريز والخياطة بمحافظة خليص، وتعد الدفعة الثانية لمركز نسما للتطريز والخياطة.</p>\r\n<p>&nbsp;</p>\r\n<p>مركز نسما للتطريز والخياطة هو مركز غير ربحي، يهدف إلى توظيف وتأهيل الكوادر النسائية المحلية، من ذوات الإعاقات التخاطبية والسمعية وذوات الاحتياجات الخاصة الأخرى. ويقدم المركز حلول التطريز، والخياطة والطباعة للعملاء الأفراد والمصممين والعملاء من الشركات.</p>\r\n<p>&nbsp;</p>\r\n<p>وتتمثل رسالة مركز نسما للتطريز في خلق صناعة محلية توظف النساء في مجال التطريز والخياطة، تمكنهن من تأمين وظائف منتجة مستدامة، وتقديم منتجات عالية الجودة تلبي الطلب المحلي</p>', NULL, NULL, NULL, 253, 1),
(1080, 'Nesma Embroidery Center Graduates Second Class of Trainees', '<p>Nesma Embroidery &amp; Tailoring Center (Nesma Embroidery) has announced the graduation of a class of 26 young women at a ceremony held in Jeddah today. The women successfully completed a special training program in design, equipment operation and sewing. The training program was sponsored by Al-Jazirah Bank and supervised by Nesma Embroidery. The graduating class is the first from Nesma&rsquo;s Embroidery&rsquo;s branch in Kholais, and the second class to graduate overall.&nbsp;&nbsp;</p>\r\n<p>&nbsp;</p>\r\n<p>Nesma Embroidery is a nonprofit center that employs local women, many of whom are speech and hearing impaired or have other special needs. The center offers embroidery, tailoring and printing solutions for individual customers, designers and corporate clients.</p>\r\n<p>&nbsp;</p>\r\n<p>Nesma Embroidery has a mission to create a local industry that employs women in sewing and embroidery, enabling them to secure productive, sustainable employment and deliver quality products that satisfy local demand.</p>\r\n<p>&nbsp;</p>', NULL, NULL, NULL, 253, 2),
(1081, 'نسما للمياه والطاقة تفوز بعقد بقيمة 310 مليون ريال للبنية التحتية في مدينة الملك عبدالله الاقتصادية', '<p>&nbsp;</p>\r\n<p>أعلنت شركة نسما للمياه والطاقة أنها قد مُنحت عقدا بقيمة 310.8 مليون ريال سعودي من قبل مدينة الملك عبدالله الاقتصادية لإنشاء البنية التحتية للوادي الصناعي بالمدينة.</p>\r\n<p>&nbsp;</p>\r\n<p>وستمتد أعمال الإنشاء والبناء على فترة 12 شهرا، وتشمل البنى التحتية الأساسية للمياه والطاقة. كما سيتضمن نطاق العمل إنشاء شبكات مياه تتكون من مياه الشرب، ومياه الصرف الصحي، ومياه الصرف الصحي المعالجة، وشبكة مياه الري، وشبكة مياه مكافحة الحرائق، وتصريف مياه الأمطار. أما مرافق الطاقة المخطط إنشاؤها فستضم الجهد المنخفض، والجهد المتوسط، وشبكات الاتصالات، إلى جانب المحولات وأعمدة الإنارة</p>\r\n<p>&nbsp;</p>\r\n<p>نسما للمياه والطاقة هي مقاول هندسة ومشتريات وإنشاءات (EPC)، ومزود خدمة التشغيل والصيانة، في قطاعي المياه والطاقة، وتمتد خبراتنا وخدماتنا عبر المجالات التالية:</p>\r\n<p>&nbsp;</p>\r\n<p>محطات تحلية المياه</p>\r\n<p>محطات معالجة المياه والصرف الصحي</p>\r\n<p>نظم تصريف مياه الأمطار والسيول</p>\r\n<p>حفظ الخرسانة والصلب</p>\r\n<p>محطات الكهرباء والطاقة</p>\r\n<p>نظم نقل الطاقة</p>\r\n<p>التشغيل والصيانة</p>\r\n<p>إعادة استخدام الحمأة والنفايات الصلبة</p>', NULL, NULL, NULL, 254, 1),
(1082, 'NW&E Awarded SR310 Million Contract for KAEC Infrastructure', '<p>Nesma Water &amp; Energy (NW&amp;E) has announced it has been awarded a contract valued at 310.8 million Saudi Riyals by King Abdullah Economic City (KAEC) to build the infrastructure for an area known as the Industrial Valley.&nbsp;</p>\r\n<p>&nbsp;</p>\r\n<p>The construction work, scheduled to take 12 months, covers key water and power infrastructures. The scope of work for water networks consists of potable water, sewage water, treated sewage, irrigation network, fire fighting network and storm water drainage. Planned power utilities are comprised of low voltage, medium voltage and telecommunications networks, as well as transformers and light poles.</p>\r\n<p>&nbsp;</p>\r\n<p>NW&amp;E is an Engineering, Procurement and Construction (EPC) contractor, and an operation &amp; maintenance service provider, in the water and energy sectors. NW&amp;E offers its services in the following areas of expertise:</p>\r\n<p>&nbsp;</p>\r\n<ul>\r\n<li>Desalination Plants</li>\r\n<li>Water &amp; Wastewater Treatment Plants</li>\r\n<li>Storm-water Drainage Systems</li>\r\n<li>Concrete Steel Reservoirs</li>\r\n<li>Power Plants</li>\r\n<li>Transmission Systems</li>\r\n<li>Operation &amp; Maintenance</li>\r\n<li>Sludge and Solid Waste Re-use</li>\r\n</ul>\r\n<p>&nbsp;</p>', NULL, NULL, NULL, 254, 2),
(1083, 'نسما وشركاهم: مشروع القرية الترفيهية للتراث والإبل', '<div>أكملت نسما وشركاهم أعمالها في مشروع القرية الترفيهية للتراث والإبل، الذي أنشئ تحت رعاية أرامكو السعودية في محافظة الرماح، التي تبعد 140 كيلومترا شرق مدينة الرياض. مشروع القرية الترفيهية للتراث والإبل يعد أحدث منشأة متكاملة للإبل مخصصة للسباقات، والمزادات، والتنافس والحكم، إلى جانب ركوب أرقى أنواع الإبل في المملكة العربية السعودية.</div>\r\n<div>&nbsp;</div>\r\n<div>وقد كانت نسما أحد المقاولين الرئيسيين للمعسكر المؤقت المخصص لكل من العمال وكبار الشخصيات. وشمل نطاق عمل هذا المشروع، الذي استُكمل في غضون 3 أشهر، إلى جانب المعسكر المؤقت، كلاً من تركيب 335 وحدة جاهزة (مسبقة التجهيز)، وعيادتين، وستة مرافق الحراس، و20 كيلومترا من الطرق المزدوجة، و6 كيلومترات من الطرق الفردية، وموقف سيارات، وتسعة مهابط طائرات هليكوبتر، والكبائن المتنقلة، وكافة البنى التحتية الداعمة للصرف الصحي، والكهرباء، والماء، إضافة إلى أعمال تشييد الطرق، مع لافتات المرور وإنارة الشوارع، وأعمال الحفر والردم والسواتر الرملية.</div>\r\n<div>&nbsp;</div>\r\n<div>وتشير الأرقام إلى الجهود الجبارة التي بُذلت في هذا المشروع: ما يصل إلى 8500 طن يوميا من الأسفلت، و8000 طن يوميا إجمالي طبقة الأساس للطرق، و5500 متر مربع يوميا من التكسية الحجرية، و21,500 متر مربع من الممرات الخرسانية المختومة، و24 كيلومترا من السياج، و156 وحدة إنارة بطاقة شمسية، و850 عمود إنارة في الشوارع.</div>\r\n<div>&nbsp;</div>\r\n<div>وتعزى قدرة شركة نسما وشركاهم على تنفيذ كامل مشروع القرية الترفيهية للتراث والإبل بنجاح إلى دعم مجموعة شركات نسما المتعددة، بما في ذلك شركة نسما أونور التي قامت بتنفيذ أعمال الطرق وإنارة الشوارع، وسبايس مايكر التي قامت بتصنيع أكثر من 350 كابينة متنقلة.</div>\r\n<div>&nbsp;</div>\r\n<div>وقد مهد المشروع الطريق لأكثر من 300,000 من الإبل وأصحابها للاستمتاع بأكبر مهرجان للإبل في العالم، وهو مهرجان الملك عبدالعزيز للإبل، وهو مهرجان ثقافي يستمر 28 يوما تحت رعاية الملك سلمان.</div>', NULL, NULL, NULL, 177, 1),
(1084, 'Nesma & Partners: Camel Heritage Project', '<div id=\"1182112445\" class=\"dmNewParagraph u_1182112445\" data-dmtmpl=\"true\" data-element-type=\"paragraph\" data-uialign=\"left\">\r\n<div>Nesma &amp; Partners has completed its work on the Camel Heritage project, sponsored by Saudi Aramco and located in Rimah, 140 km north east of Riyadh. The Camel Heritage project is a state-of-the-art facility for racing, auctioning, competing and judging, as well as boarding Saudi Arabia&rsquo;s finest camels.</div>\r\n<div>&nbsp;</div>\r\n<div>Nesma was one of the primary contractors for the temporary camps to accommodate both workers and VIPs. The scope of work for this project, which was completed in 3 months, included temporary camps to accommodate workers and VIPs, as well as installation of 335 prefabricated units, two clinics, six guardhouses, 20 km of dual carriage road, 6 km of single lane road, a parking lot, nine helipads, porta cabins and all of the supporting infrastructure of sewers, electricity, water, roadworks with traffic signage, street lights, excavation, backfilling, and sand berms.</div>\r\n<div>&nbsp;</div>\r\n<div>A few numbers can readily illustrate the intensity of the work undertaken: up to 8500 tons per day of asphalt, 8000 tons per day of aggregate base course and 5500 m2 per day of rip rap, 21,500 m2 stamped concrete walkway, 24 km of guardrail, 156 solar lighting units, and 850 street lighting poles.</div>\r\n<div>&nbsp;</div>\r\n<div>Nesma &amp; Partners&rsquo; ability to successfully execute the Camel Heritage project can be attributed in part to leveraging the support of multiple Nesma Group companies including Nesma Onur, which executed the road work and street lighting, and Spacemaker, which manufactured over 350 porta-cabins.</div>\r\n<div>&nbsp;</div>\r\n<div>The project paved the way for more than 300,000 camels and their owners to enjoy the world&rsquo;s largest camel festival, the King Abdulaziz Camel Festival, a cultural and fun-filled 28-day event held under the patronage of King Salman.</div>\r\n</div>\r\n<div id=\"1265221539\" class=\"u_1265221539 dmNewParagraph\" data-dmtmpl=\"true\" data-element-type=\"paragraph\" data-uialign=\"left\" data-editor-state=\"closed\">&nbsp;</div>', NULL, NULL, NULL, 177, 2);
INSERT INTO `article_descriptions` (`id`, `title`, `description`, `slug`, `meta_description`, `keywords`, `article_id`, `language_id`) VALUES
(1085, 'شركة نسما وشركاهم تستكمل المركز العالمي في الرياض', '<div>أنجزت شركة نسما وشركاهم العمل في المركز العالمي لمكافحة الفكر المتطرف في الرياض، في الوقت الملائم الذي تزامن مع افتتاح المركز من قبل الملك سلمان وغيره من قادة العالم، بمن فيهم الرئيس الأمريكي دونالد ترامب.</div>\r\n<div>&nbsp;</div>\r\n<div>وقد استكمل المشروع، الذي يغطي مساحة إجمالية قدرها 20,000 متر مربع، في غضون 30 يوما. وقد تضمن المشروع تحويل قصر مؤتمرات موجود منذ 40 عاما إلى مركز جديد للتحكم والسيطرة، مجهز بمركز بيانات، وقاعة إعلامية (330 شاشة مسطحة)، ومركز قيادة (210 جدران الفيديو)، وغرف الاتصالات السلكية واللاسلكية والكهرباء. كما شمل نطاق العمل أيضا تجهيز منطقة استقبال ملكي، رصف خرساني مختوم جديد، ومساحات خضراء، ومكاتب دعم، ومخازن.</div>\r\n<div>&nbsp;</div>\r\n<div>وصل عمال شركة نسما وشركاهم القائمين على تنفيذ المشروع إلى 1200 فرد، يعملون 24على مدار الساعة طوال مدة المشروع. وقد أثبت المشروع قوة التآزر بين شركات مجموعة نسما، حيث قامت شركة نسما التجارية بتنفيذ أعمال الجهد المنخفض ونظم البيانات والمساحات الخضراء، في حين حلت شركة نسما للأمن محل الحرس الملكي لضمان الأمن في كامل المنشأة.</div>\r\n<div>&nbsp;</div>\r\n<div>وتمثل أكبر نجاح للمشروع في نموذج العمل الذي وضعته أرامكو السعودية، حيث عملت كل من أرامكو والدار ونسما كفريق واحد مرن قادر على التكيف مع التغييرات المطلوبة، وتنفيذ القرارات بسرعة، للتعامل مع سرعة وتيرة المشروع. وقد تم نشر فيديو على صفحة يوتوب المركز، يبين فترة 30 يوما من تنفيذ المشروع:&nbsp;<a href=\"https://www.youtube.com/watch?v=fSJwjJnV6b4\">https://www.youtube.com/watch?v=fSJwjJnV6b4</a></div>\r\n<div>&nbsp;</div>\r\n<div>وتعليقا على العمل الرائع وروح المبادرة الذي تميز بها هذا المشروع، قالت ابنة الرئيس الأمريكي، الآنسة إيفانكا ترامب، أنها \"قد تحتاج إلى اقتراض هؤلاء المقاولين لمشروع بناء مقبل\"، في تعليق نُشر في العناوين العالمية (<a href=\"https://www.youtube.com/watch?v=oXRB5bUBqdQ\">https://www.youtube.com/watch?v=oXRB5bUBqdQ</a>&nbsp;).</div>', NULL, NULL, NULL, 181, 1),
(1086, 'Nesma & Partners Completes Global Center in Riyadh', '<div id=\"1182112445\" class=\"dmNewParagraph u_1182112445\" data-dmtmpl=\"true\" data-element-type=\"paragraph\" data-uialign=\"left\">\r\n<div>Nesma &amp; Partners Completes</div>\r\n<div>&nbsp;</div>\r\n<div>Global Center in Riyadh</div>\r\n<div>&nbsp;</div>\r\n<div>Nesma &amp; Partners completed work on the Global Center for Combating Extremist Ideology in Riyadh, just in time for its inauguration by King Salman and other world leaders, including US President Donald Trump.</div>\r\n<div>&nbsp;</div>\r\n<div>The project, covering a total area of 20,000 square meters, was completed in 30 days and entailed converting an existing 40-year old conference palace into a new command and control center, equipped with data center, briefing hall (330 flat screens), command center (210 video walls), and telecommunication and electrical rooms. Work also included a royal reception area, new granite and stamped concrete paving, landscaping, support offices and pantries.</div>\r\n<div>&nbsp;</div>\r\n<div>Nesma &amp; Partners manpower peaked at 1,200 men working 24/7 for the whole duration of the project. The project demonstrated the strength of synergies across the Nesma Group, where Nesma Trading performed the low current, data systems and landscaping, while Nesma Security replaced the Royal Guard in securing the whole facility.</div>\r\n<div>&nbsp;</div>\r\n<div>The project&rsquo;s biggest success was the work model established by Saudi Aramco, in which Aramco, Dar, and Nesma worked as one flexible team able to adapt to the required changes and execute decisions swiftly to cope with the fast-pace of the project. This video, published on the Center&rsquo;s YouTube page, is a 30-day time-lapse of the project: https://www.youtube.com/watch?v=fSJwjJnV6b4</div>\r\n<div>&nbsp;</div>\r\n<div>Commenting on the impressive work and entrepreneurialism that went into this project, daughter of the US President, Ms. Ivanka Trump, joked that she &ldquo;may need to borrow those contractors for a next construction project&rdquo;, in comments that made global headlines (https://www.youtube.com/watch?v=oXRB5bUBqdQ).</div>\r\n</div>\r\n<div id=\"1265221539\" class=\"u_1265221539 dmNewParagraph\" data-dmtmpl=\"true\" data-element-type=\"paragraph\" data-uialign=\"left\" data-editor-state=\"closed\">&nbsp;</div>', NULL, NULL, NULL, 181, 2),
(1087, 'نسما القابضة تفوز بجائزة مكة لعام 2017', '<div>حصلت نسما القابضة على جائزة \"التميز في التوسع الحضري\" خلال حفل توزيع جوائز مكة للتميز لعام 2017 برعاية أمير منطقة مكة المكرمة الأمير خالد الفيصل.</div>\r\n<div>&nbsp;</div>\r\n<div>وتقدم جوائز مكة للتميز سنويا، وتغطي كلا من فئات خدمات الحج والعمرة، والتميز الإداري، والتميز الثقافي، والتميز الاجتماعي، والتميز الاقتصادي، والتميز البيئي، والتميز العلمي، والتميز الإنساني.</div>\r\n<div>&nbsp;</div>\r\n<div>وقد حازت نسما على جائزة التميز لدورها الرائد، من خلال شركة نسما وشركاهم، في تنفيذ العديد من المشاريع البارزة في منطقة مكة المكرمة. وباستخدام الخبرة الوطنية، تمكنت الشركة من إتمام المشاريع في الوقت المحدد، مع الالتزام بالمعايير التقنية العالية. وقد كانت العديد من تلك المشاريع ذات أهمية بالغة للمنطقة، منها على سبيل المثال لا الحصر مشروع تصريف مياه الأمطار والسيول في جدة، ومشروع جبل عمر، ومشروع طريق الملك عبدالله.</div>\r\n<div>&nbsp;</div>\r\n<div>وقد ذكر صالح التركي، رئيس نسما القابضة، في حفل استلام الجائزة في فندق ريتز كارلتون بجدة: \"لقد أدرك الأمير خالد الفيصل اليأس والقنوط اللذين يهددان ثقافتنا، وسعى إلى خلق ثقافة معاكسة تدعو إلى الأمل والنجاح .... إن جوائز مكة للتميز تعد منصة فريدة من نوعها (لتعزيز هذه الثقافة الإيجابية)، ولدينا جميعا الحق في الشعور بالسعادة والفخر\".</div>', NULL, NULL, NULL, 180, 1),
(1088, 'Nesma Holding Wins 2017 Makkah Award', '<div id=\"1182112445\" class=\"dmNewParagraph u_1182112445\" data-dmtmpl=\"true\" data-element-type=\"paragraph\" data-uialign=\"left\">\r\n<div>Nesma Holding has received the award for &ldquo;Excellence in Urbanization&rdquo; at the 2017 Makkah Excellence Awards Ceremony, under the patronage of Makkah Governor Prince Khaled Al-Faisal.</div>\r\n<div>&nbsp;</div>\r\n<div>The Makkah Excellence awards are given annually and also cover the categories of Haj and Umrah Services, Administrative Excellence, Cultural Excellence, Social Excellence, Economic Excellence, Environmental Excellence, Scientific Excellence and Humanitarian Excellence.</div>\r\n<div>&nbsp;</div>\r\n<div>The award to Nesma was earned for its role, through Nesma &amp; Partners, in implementing and pioneering multiple high-profile projects in the Makkah province. Utilizing national expertise, the projects were completed on-time and adhered to high technical standards. Several projects were of critical importance to the region such as the Jeddah Stormwater Drainage project, the Jabal Omar project and the King Abdullah Road project to name a few.</div>\r\n<div>&nbsp;</div>\r\n<div>Receiving the award at the Ritz Carlton Hotel in Jeddah, Mr. Saleh Al-Turki, Nesma Holding President said, &ldquo;Prince Khaled Al-Faisal has recognized the threat of despair and hopelessness in our culture, and has sought to create an opposite culture of hope and success&hellip;. The Makkah Excellence Awards are a unique platform [to promote this positive culture] and we all have the right to feel happy and proud.&rdquo;</div>\r\n</div>\r\n<div id=\"1265221539\" class=\"u_1265221539 dmNewParagraph\" data-dmtmpl=\"true\" data-element-type=\"paragraph\" data-uialign=\"left\" data-editor-state=\"closed\">&nbsp;</div>', NULL, NULL, NULL, 180, 2),
(1091, 'شراكة نسما تفتتح مركز قيطان للخياطة والتطريز', '<div id=\"1299086011\" class=\"dmRespRow\">\r\n<div id=\"1766623684\" class=\"dmRespColsWrapper\">\r\n<div id=\"1342815707\" class=\"u_1342815707 dmRespCol small-12 large-8 medium-8\">\r\n<div id=\"1713376691\" class=\"u_1713376691 dmNewParagraph\" data-dmtmpl=\"true\" data-element-type=\"paragraph\" data-uialign=\"right\">\r\n<div>أطلقت شراكة استراتيجية، بين نسما القابضة وأرامكو السعودية وجمعية الرحمة الطبية، مركز قيطان للخياطة والتطريز، بهدف توفير فرص عمل للنساء ممن يعانَيْن من صعوبات في النطق والسمع في المنطقة الشرقية. ويركز المركز على إنتاج الملابس الجاهزة لتلبية احتياجات السوق المحلية، مع التركيز على القطاع الطبي.</div>\r\n<div>&nbsp;</div>\r\n<div>وقد افتتح المركز كل من رئيس نسما صالح التركي، ونائب رئيس شركة أرامكو السيد ناصر النفيسي، بينما كان ضيف الشرف الأميرة عبير بنت فيصل بن تركي، حرم محافظ المنطقة الشرقية ورئيسة جمعية المسؤولية الاجتماعية للمنطقة الشرقية.</div>\r\n<div>&nbsp;</div>\r\n<div>وأثناء كلمتها أثناء حفل الافتتاح، نيابة عن نسما القابضة، أكدت السيدة نورة التركي، المديرة التنفيذية لخدمات الدعم الجماعي، أن الشراكة مع أرامكو السعودية ستمكّن أكبر مشاريع نسما للمسؤولية الاجتماعية من النمو بشكل أكبر، وأعربت عن أملها في أن يكون هذا المركز الحديث سوف تلهم المزيد من الشركاء لتكاتف الجهود لخلق صناعة محلية في الخياطة والتطريز التي ستوفر فرص العمل للنساء في القرى في جميع أنحاء المملكة.</div>\r\n<div>&nbsp;</div>\r\n<div>ويتم دعمل مركز قيطان ماليا من قبل شركة نسما القابضة وشركة أرامكو السعودية، بينما جمعية الرحمة الطبية شريك توظيف ومستشار. وتتم إدارة العمليات اليومية للمركز تحت إشراف وتوجيه السيدة رنا زوماي، المدير العام لشركة نسما للتطريز. وفي الوقت نفسه، تم تعيين السيدة سهى بصراوي مديرة للمركز للانضمام إلى قيطان، حيث عملت سابقا في إدارة الموارد البشرية في نسما وشركاهم.</div>\r\n<div>&nbsp;</div>\r\n<div>وينطلق المركز بكادر 37 موظفة، وهدفه الاستراتيجي أن ينمو ويتطور حتى يصل إلى 100 موظفة.</div>\r\n</div>\r\n</div>\r\n</div>\r\n</div>', NULL, NULL, NULL, 179, 1),
(1092, 'Nesma Partnership Opens Qetan Tailoring & Embroidery Center', '<div id=\"1182112445\" class=\"dmNewParagraph u_1182112445\" data-dmtmpl=\"true\" data-element-type=\"paragraph\" data-uialign=\"left\">\r\n<div>A strategic partnership between Nesma Holding, Saudi Aramco, and Alrahma Medical Society has launched Qetan Tailoring &amp; Embroidery Center to provide jobs for women with speech and hearing disabilities in the Eastern Province of Saudi Arabia. The Center&rsquo;s focus on garment production aims to meet the needs of the local market, with a focus on the medical sector.</div>\r\n<div>&nbsp;</div>\r\n<div>The Center was inaugurated by Nesma President Mr. Saleh Al-Turki and Aramco Vice President Mr. Nasser Alnafesi, while the guest of honor was Princess Abeer Bint Faisal Bin Turki, wife of the Eastern Province Governor and head of the Eastern Province Social Responsibility Society.</div>\r\n<div>&nbsp;</div>\r\n<div>Speaking on behalf of Nesma Holding at the inauguration, Ms. Noura Alturki, Executive Manager of Group Support Services, affirmed that the partnership with Saudi Aramco will enable Nesma&rsquo;s largest corporate social responsibility project to grow even larger, and expressed her hope that this newest center will inspire more partners to join hands to create a local industry in tailoring and embroidery that will employ women in villages across the Kingdom.</div>\r\n<div>&nbsp;</div>\r\n<div>Qetan Center is financially supported by Nesma Holding and Saudi Aramco, while Alrahma Medical Society is a recruitment partner and advisor. The center&rsquo;s day-to-day operations are managed under the direction and guidance of Ms. Rana Zumai, General Manager of Nesma Embroidery. Meanwhile, the Center&rsquo;s manager, Ms. Suha Basrawi, was recruited to join Qetan from Nesma &amp; Partners, where she previously worked in the HR Department.</div>\r\n<div>&nbsp;</div>\r\n<div>The center launches with 37 female employees and has a strategic aim to grow to 100 employees.</div>\r\n</div>\r\n<div id=\"1265221539\" class=\"u_1265221539 dmNewParagraph\" data-dmtmpl=\"true\" data-element-type=\"paragraph\" data-uialign=\"left\" data-editor-state=\"closed\">&nbsp;</div>', NULL, NULL, NULL, 179, 2),
(1093, 'فرع جديد لمطاعم جوليبي', '<div id=\"1370961646\" class=\"dmRespRow\">\r\n<div id=\"1527119266\" class=\"dmRespColsWrapper\">\r\n<div id=\"1507592076\" class=\"u_1507592076 dmRespCol small-12 large-8 medium-8\">\r\n<div id=\"1129871680\" class=\"u_1129871680 dmNewParagraph\" data-dmtmpl=\"true\" data-element-type=\"paragraph\" data-uialign=\"right\">\r\n<div>احتفلت سلسلة مطاعم جوليبي السعودية بافتتاح فرعها الثالث عشر في المملكة داخل مركز الباروم التجاري بجدة.</div>\r\n<div>&nbsp;</div>\r\n<div>وقد حضر حفل الافتتاح مدير عام شركتي جوليبي وشاوكينغ فيصل باهمرز، وتركي باصبرين، ومدير الموارد البشرية ومدير الشؤون الإدارية في كل من جوليبي وشاوكينغ.</div>\r\n<div>&nbsp;</div>\r\n<div>جوليبي عبارة عن سلسلة مطاعم الوجبات السريعة الأكثر شعبية في الفلبين، مع أكثر من 600 فرع. وتضم قائمة جوليبي مجموعة واسعة من الأطعمة، بما في ذلك الهمبرغر والدجاج المقلي والآيس كريم. ويُطلق عليه اسم \"ماكدونالدز الفلبين\".</div>\r\n</div>\r\n</div>\r\n</div>\r\n</div>', NULL, NULL, NULL, 194, 1),
(1094, 'Jollibee Opens New Store', '<div id=\"1182112445\" class=\"dmNewParagraph u_1182112445\" data-dmtmpl=\"true\" data-element-type=\"paragraph\" data-uialign=\"left\">\r\n<div>Jollibee Saudi Arabia celebrated the opening of its 13th branch in the Kingdom, located in the Baroom Center, Jeddah.</div>\r\n<div>&nbsp;</div>\r\n<div>The opening ceremony was attended by Jollibee and Chowking&rsquo;s General Manager, Faisal Bahmrez, and Turki Basabrain, Jollibee and Chowking&rsquo;s HR and Administrative Manager.</div>\r\n<div>&nbsp;</div>\r\n<div>Jollibee is the most popular fast food chain in the Philippines with over 600 stores. Jollibee&rsquo;s menu includes a wide selection of food including hamburgers, fried chicken and ice cream. It is endearingly known as the McDonald&rsquo;s of the Philippines.</div>\r\n</div>\r\n<div id=\"1265221539\" class=\"u_1265221539 dmNewParagraph\" data-dmtmpl=\"true\" data-element-type=\"paragraph\" data-uialign=\"left\" data-editor-state=\"closed\">&nbsp;</div>', NULL, NULL, NULL, 194, 2),
(1095, 'نسما للمياه والطاقة تفوز بعقد بقيمة 73 مليون ريال للبنية التحتية في مدينة الملك عبدالله الاقتصادية', '<p>أعلنت شركة نسما للمياه والطاقة أنها قد مُنحت عقدا بقيمة 73 مليون ريال سعودي من قبل مدينة الملك عبدالله الاقتصادية لإنشاء البنية التحتية لمجتمع شاطئ المروج.</p>\r\n<p>وستمتد أعمال الإنشاء والبناء على فترة 18 شهرا، وتشمل البنى التحتية الأساسية للمياه والطاقة. كما سيتضمن نطاق العمل إنشاء شبكات مياه تتكون من مياه الشرب، ومياه الصرف الصحي، ومياه الصرف الصحي المعالجة، وشبكة مياه الري، وشبكة مياه مكافحة الحرائق، وتصريف مياه الأمطار. أما مرافق الطاقة المخطط إنشاؤها فستضم الجهد المنخفض، والجهد المتوسط، وشبكات الاتصالات، إلى جانب المحولات وأعمدة الإنارة.</p>\r\n<p>نسما للمياه والطاقة هي مقاول هندسة ومشتريات وإنشاءات (EPC)، ومزود خدمة التشغيل والصيانة، في قطاعي المياه والطاقة، وتمتد خبراتها وخدماتها عبر المجالات التالية:</p>\r\n<p>محطات تحلية المياه<br />محطات معالجة المياه والصرف الصحي<br />نظم تصريف مياه الأمطار والسيول<br />حفظ الخرسانة والصلب<br />محطات الكهرباء والطاقة<br />نظم نقل الطاقة<br />التشغيل والصيانة<br />إعادة استخدام الحمأة والنفايات الصلبة</p>', NULL, NULL, NULL, 21, 1),
(1096, 'NW&E Awarded SR73 Million KAEC Infrastructure Contract', '<p>Nesma Water &amp; Energy (NW&amp;E) has announced it has been awarded a contract valued at 73 million Saudi Riyals by King Abdullah Economic City (KAEC) to build the infrastructure for the Al-Murooj Beach Community.</p>\r\n<p>The construction work, scheduled to take 18 months, covers key water and power infrastructures. The scope of work for water networks consists of potable water, sewage water, treated sewage, irrigation network, fire fighting network and storm water drainage. Planned power utilities are comprised of low voltage, medium voltage and telecommunications networks, as well as transformers and light poles.</p>\r\n<p>NW&amp;E is an Engineering, Procurement and Construction (EPC) contractor, and an operation &amp; maintenance service provider, in the water and energy sectors. NW&amp;E offers its services in the following areas of expertise:</p>\r\n<p>&bull; Desalination Plants<br />&bull; Water &amp; Wastewater Treatment Plants<br />&bull; Storm-water Drainage Systems<br />&bull; Concrete Steel Reservoirs<br />&bull; Power Plants<br />&bull; Transmission Systems<br />&bull; Operation &amp; Maintenance<br />&bull; Sludge and Solid Waste Re-use</p>', NULL, NULL, NULL, 21, 2),
(1097, 'نسما القابضة الراعي في منتديات أسبار ومسك لعام ٢٠١٧', '<div id=\"1142430150\" class=\"dmRespRow\">\r\n<div id=\"1840237244\" class=\"dmRespColsWrapper\">\r\n<div id=\"1984729854\" class=\"u_1984729854 dmRespCol small-12 large-7 medium-7\">\r\n<div id=\"1897316307\" class=\"u_1897316307 dmNewParagraph\" data-dmtmpl=\"true\" data-element-type=\"paragraph\" data-uialign=\"right\">\r\n<div>قامت شركة نسما القابضة برعاية الحدثين المعترف بهما عالمياً، منتدى أسبار العالمي ٢٠١٧ و منتدى مسك العالمي٢٠١٧.&nbsp;&nbsp;</div>\r\n<div>&nbsp;</div>\r\n<div>بصفتها الراعى البلاتيني في منتدى أسبار، دعمت نسما المناقشات الابداعية والمبتكرة لاقتصاد المعرفة، التطلعات العلمية، وخطط التنمية للمملكة العربية السعودية.</div>\r\n<div>&nbsp;</div>\r\n<div>تحت عنوان \"الابداع والابتكار في اقتصاد المعرفة / الثورة الصناعية الرابعة\"، عقد منتدى أسبار العالمي على مدى ثلاثة ايام بمشاركة ٦٦ متحدثا دولياً ومحلياً.</div>\r\n<div>&nbsp;</div>\r\n<div>علاوة على ذلك، نسما كانت الراعي الفضي لمنتدى مسك العالمي٢٠١٧ والذي عقد على مدى يومين في الرياض. موضوع المنتدى هذا العام \" مواجهة تحدي التغيير\" سمح للمشاركين في المنتدى باستكشاف فرص التغيير في أربعة مجالات رئيسية وهي: المعيشة، العمل، التعلم والمساهمة.</div>\r\n</div>\r\n</div>\r\n</div>\r\n</div>', NULL, NULL, NULL, 196, 1),
(1098, 'Nesma Holding Sponsors 2107 Asbar and MiSK Forums', '<div id=\"1182112445\" class=\"dmNewParagraph u_1182112445\" data-dmtmpl=\"true\" data-element-type=\"paragraph\" data-uialign=\"left\">\r\n<div>Nesma Holding sponsored two globally recognized events, the 2017 Asbar World Forum and the MiSK Foundation&rsquo;s 2017 Global Forum.</div>\r\n<div>&nbsp;</div>\r\n<div>As a platinum sponsor in Asbar Forum, Nesma supported creative and innovative discussions of the knowledge economy, scientific aspirations and development plans for Saudi Arabia.</div>\r\n<div>&nbsp;</div>\r\n<div>Titled, &ldquo;Creativity and Innovation in the Knowledge Economy/ The 4th Industrial Revolution,&rdquo; Asbar World Forum was held over three days with the participation of 66 international and local speakers.</div>\r\n<div>&nbsp;</div>\r\n<div>Additionally, Nesma was a silver sponsor of the MiSK Foundation&rsquo;s 2017 Global Forum held over two days in Riyadh. The theme  this year, &ldquo;Meeting the Challenge of Change,&rdquo; allowed the Forum participants to explore change opportunities in four main areas: living; working; learning; and contributing.</div>\r\n<div>&nbsp;</div>\r\n<div>Representing Nesma at Misk 2017 were: Noura Alturki, Nesma Holding Executive Manager Group Support Services; Salah Al-Sunaid, CEO Nesma Electric; and Ali Al-Zahrani, Nesma Holding Riyadh Office Manager.</div>\r\n</div>\r\n<div id=\"1265221539\" class=\"u_1265221539 dmNewParagraph\" data-dmtmpl=\"true\" data-element-type=\"paragraph\" data-uialign=\"left\" data-editor-state=\"closed\">&nbsp;</div>', NULL, NULL, NULL, 196, 2),
(1099, 'نسما القابضة ترعى مركز أبحاث الواقع الافتراضي', '<p>كما كان للتركي دور كرئيس شركة جدة القابضة وشركة فرص السعودية للإستثمار ومجلس إدارة الشركة العربية لأمات الدواجن (أمات) وشركة رعاية الطبية القابضة. كما كان عضو في المجلس الاستشاري لبنك \"كوتس لندن\" في الشرق الأوسط</p>', NULL, NULL, NULL, 23, 1),
(1100, 'Nesma Holding Sponsors Virtual Reality Lab', '<p>Nesma Holding sponsored a virtual Reality Laboratory in Effat University, Jeddah. This new technology is an interactive environment for creating and conducting simulated experiments and offers the latest possibilities in teaching methods as well as promoting discovery and innovation among science students. Nesma President, Saleh Al-Turki and Princess Loulwa Al-Faisal opened the lab along with team members and managers from both Nesma holding and Effat University.</p>', NULL, NULL, NULL, 23, 2),
(1101, 'نسما وشركاهم ترعى منتدى ومعرض إجمالي القيمة المضافة في المملكة للشركات الصغيرة والمتوسطة', '<div id=\"1856031901\" class=\"dmRespRow\">\r\n<div id=\"1463043729\" class=\"dmRespColsWrapper\">\r\n<div id=\"1366221694\" class=\"u_1366221694 dmRespCol small-12 large-8 medium-8\">\r\n<div id=\"1008265196\" class=\"u_1008265196 dmNewParagraph\" data-dmtmpl=\"true\" data-element-type=\"paragraph\" data-uialign=\"right\">\r\n<div>بصفتها الراعي الذهبي، شاركت نسما وشركاهم في منتدى ومعرض تعزيز إجمالي القيمة المضافة في المملكة للشركات الصغيرة والمتوسطة (اكتفاء) 2017، والذي انعقد في مركز الظهران للمعارض في مدينة الدمام.</div>\r\n<div>&nbsp;</div>\r\n<div>وكانت شركة نسما وشركاهم إحدى الشركات الـ 109 المشاركة في معرض \"اكتفاء\"، إلى جانب شركة أرامكو السعودية وعدد من الشركات المحلية والدولية والوكالات الحكومية ومقدمي الخدمات.</div>\r\n<div>&nbsp;</div>\r\n<div>يُذكر أنه تم إطلاق برنامج \"اكتفاء\" في ديسمبر 2015 بالتركيز على ثلاثة أهداف رئيسية؛ تتمثل في مضاعفة النسبة المئوية للسلع والخدمات ذات الصلة بالطاقة المنتجة محليا بحلول عام 2021، وتصدير 30٪ من إجمالي سلع وخدمات الطاقة المحلية المنتجة في المملكة العربية السعودية، وخلق آلاف الوظائف المباشرة وغير المباشرة للسعوديين عبر الصناعات المتنامية.</div>\r\n</div>\r\n</div>\r\n</div>\r\n</div>', NULL, NULL, NULL, 201, 1),
(1102, 'Nesma & Partners Sponsors IKTVA SMEs Forum and Exhibition', '<div id=\"1182112445\" class=\"dmNewParagraph u_1182112445\" data-dmtmpl=\"true\" data-element-type=\"paragraph\" data-uialign=\"left\">\r\n<div>As a gold sponsor and an exhibitor, Nesma &amp; Partners participated in the In-Kingdom Total Value Add for Small and Medium Enterprises (IKTVA SME&rsquo;s) 2017 Forum and Exhibition, held at Dhahran Expo Center in Dammam.</div>\r\n<div>&nbsp;</div>\r\n<div>Nesma &amp; Partners was one of 109 exhibitors who participated in IKTVA exhibition including Saudi Aramco, local and international companies, government agencies and service providers.</div>\r\n<div>&nbsp;</div>\r\n<div>IKTVA program was launched in December 2015 with an emphasis on three main objectives: double the percentage of locally-produced energy- related goods and services by 2021, export 30% of the total domestic energy goods and services produced in Saudi Arabia and create thousands of direct and in-direct jobs for Saudis across the growing industries.</div>\r\n</div>\r\n<div id=\"1265221539\" class=\"u_1265221539 dmNewParagraph\" data-dmtmpl=\"true\" data-element-type=\"paragraph\" data-uialign=\"left\" data-editor-state=\"closed\">&nbsp;</div>', NULL, NULL, NULL, 201, 2),
(1103, 'نسما القابضة تشارك في مؤتمر فكر الرابع عشر', '<p>شاركت نسما القابضة في مؤتمر فكر الرابع عشر الذي انعقد في القاهرة تحت عنوان \"التكامل العربي.. تحديات وآفاق\".</p>\r\n<p>&nbsp;</p>\r\n<p>وتعكس مشاركة نسما التزام الشركة بالمسؤولية الاجتماعية في دعم الوحدة والتكامل، علاوة على تشجيع ازدهار المجتمعات العربية والنمو الاقتصادي.</p>\r\n<p>&nbsp;</p>\r\n<p>وتعد \"فكر\" منصة لمناقشة القضايا الثقافية في المنطقة العربية، بإطلالة إقليمية وعالمية</p>\r\n<p>&nbsp;</p>', NULL, NULL, NULL, 58, 1),
(1104, 'Nesma Holding Participates in the 14th FIKR Conference', '<p>Under the rubric &ldquo;Arab integration: Challenges and Horizons&rdquo;, Nesma Holding participated in the FIKR 14th Conference in Cairo.&nbsp;</p>\r\n<p>&nbsp;</p>\r\n<p>Nesma&rsquo;s participation reflects its commitment to social responsibility in support of unity and integration as well as encouraging Arab societies&rsquo; prosperity and economic growth.&nbsp;</p>\r\n<p>&nbsp;</p>\r\n<p>FIKR is a platform that fosters discussion of cultural affairs in the Arab region, with a regional and global overlook.</p>\r\n<p>&nbsp;</p>', NULL, NULL, NULL, 58, 2),
(1105, 'نسما القابضة ترعى حملة معاً لغدٍ مشرق للتوعية بأضرار المخدرات', '<div id=\"1727878902\" class=\"dmRespRow\">\r\n<div id=\"1625962377\" class=\"dmRespColsWrapper\">\r\n<div id=\"1616166146\" class=\"u_1616166146 dmRespCol small-12 large-8 medium-8\">\r\n<div id=\"1093348163\" class=\"u_1093348163 dmNewParagraph\" data-dmtmpl=\"true\" data-element-type=\"paragraph\" data-uialign=\"right\">\r\n<div>رعت نسما القابضة حملة التوعية بأضرار المخدرات تحت شعار \"معاً لغدٍ مشرق\"، والتي دشنّها كل من الأمير مشعل بن ماجد بن عبدالعزيز محافظ جدة، والمديرية العامة لمكافحة المخدرات.</div>\r\n<div>&nbsp;</div>\r\n<div>وتهدف حملة \"معاً لغدٍ مشرق\" إلى زيادة وعي المجتمع بمخاطر المخدرات، من خلال تنفيذ برامج توعوية في المدارس والجامعات، بالإضافة إلى تقديم الخدمات الاستشارية للأسر المتضررة من الإدمان.</div>\r\n</div>\r\n</div>\r\n</div>\r\n</div>', NULL, NULL, NULL, 199, 1),
(1106, 'Nesma Holding Sponsors “Together for a Bright Tomorrow” Anti-Drug Campaign', '<div id=\"1182112445\" class=\"dmNewParagraph u_1182112445\" data-dmtmpl=\"true\" data-element-type=\"paragraph\" data-uialign=\"left\">\r\n<div>&ldquo;Together for a Bright Tomorrow&rdquo; is the slogan  of the anti-drug campaign sponsored by Nesma Holding and inaugurated by both Prince Mishaal bin Majid bin Abdulaziz, Governor of Jeddah, and the General Directorate of Narcotics Control.</div>\r\n<div>&nbsp;</div>\r\n<div>&ldquo;Together for a Bright Tomorrow&rdquo; aims to raise awareness of the dangers of narcotic substances by conducting awareness programs in schools and universities. Additionally, it provides counseling services for families affected by harmful addiction.</div>\r\n</div>\r\n<div id=\"1265221539\" class=\"u_1265221539 dmNewParagraph\" data-dmtmpl=\"true\" data-element-type=\"paragraph\" data-uialign=\"left\" data-editor-state=\"closed\">&nbsp;</div>', NULL, NULL, NULL, 199, 2),
(1107, 'معهد نسما للتدريب العالي تحتفل بتخرج مسؤولي السلامة', '<div id=\"1119779359\" class=\"dmRespRow\">\r\n<div id=\"1294346708\" class=\"dmRespColsWrapper\">\r\n<div id=\"1160845263\" class=\"u_1160845263 dmRespCol small-12 large-7 medium-7\">\r\n<div id=\"1723498860\" class=\"u_1723498860 dmNewParagraph\" data-dmtmpl=\"true\" data-element-type=\"paragraph\" data-uialign=\"right\">\r\n<div>احتفل معهد نسما للتدريب العالي بتخرج الدفعة الأولى من مسؤولي السلامة. وقد شهد هذا الحفل، الذي نُظم في مبنى معهد نسما للتدريب العالي، تخرج 82 متدربا، وتكريم 20 خريجا حصلوا على شهادة السلامة المهنية وإدارة المخاطر للحد من مخاطر السلامة والصحة في مواقع العمل.</div>\r\n<div>&nbsp;</div>\r\n<div>وخلال البرنامج التدريبي الذي دام تسعة أشهر، تدرب مسؤولو السلامة على كل من مهارات التخصص، واللغة الإنجليزية، والرياضيات، وتقنية المعلومات، والسلامة الصحية والسلامة البيئية، علاوة على أخلاقيات العمل.</div>\r\n</div>\r\n</div>\r\n</div>\r\n</div>', NULL, NULL, NULL, 198, 1),
(1108, 'Graduation of Safety Officers from Nesma High Training Institute', '<div id=\"1182112445\" class=\"dmNewParagraph u_1182112445\" data-dmtmpl=\"true\" data-element-type=\"paragraph\" data-uialign=\"left\">\r\n<div>Nesma High Training Institute celebrated the graduation of its first batch of Safety Officers.</div>\r\n<div>&nbsp;</div>\r\n<div>82 trainees celebrated their achievement in a graduation ceremony at Nesma High Training Institute building which included honoring 20 graduates who received an Occupational Safety &amp; Hazard Administration (OSHA) certificate for preventing workplace safety and health hazards.</div>\r\n<div>&nbsp;</div>\r\n<div>During a nine-month program, Nesma&rsquo;s Safety Officers received training in job skills, English language, math, information technology, Health Safety and Environment (HSE) skills and work ethics.</div>\r\n</div>\r\n<div id=\"1265221539\" class=\"u_1265221539 dmNewParagraph\" data-dmtmpl=\"true\" data-element-type=\"paragraph\" data-uialign=\"left\" data-editor-state=\"closed\">&nbsp;</div>', NULL, NULL, NULL, 198, 2),
(1109, 'نسما للتطريز توقع اتفاقية مع أرامكو', '<p>وقع كل من رئيس نسما القابضة صالح التركي، ونائب رئيس أرامكو السعودية ناصر النفيسي، اتفاقية إنشاء المركز الرابع لنسما للتطريز في المنطقة الشرقية للمملكة العربية السعودية.</p>\r\n<p>&nbsp;</p>\r\n<p>بعد تأسيس كل من فروع جدة وخليص وثول، يسعى هذا الفرع الجديد إلى دعم رؤية نسما للتطريز بإنشاء \"مصنع في كل قرية\"، لخدمة النساء من ذوات الاحتياجات الخاصة لجمعية الرحمة الطبية الخيرية في الدمام، المملكة العربية السعودية</p>\r\n<p>&nbsp;</p>', NULL, NULL, NULL, 59, 1),
(1110, 'Nesma Embroidery and Aramco Sign Agreement', '<p>Nesma President, Saleh Al-Turki, and Aramco Vice President, Naser Al-Nafisi, signed an agreement to establish Nesma&rsquo;s fourth sewing and embroidery center in the Eastern Region of Saudi Arabia.</p>\r\n<p>&nbsp;</p>\r\n<p>After Jeddah, Khulais, and Thuwal, this branch continues to support Nesma Embroidery&rsquo;s vision of having &ldquo;a factory in every village.&rdquo; and will serve female disabled employees from Al-rahma Medical and Charitable Society in Dammam, Saudi Arabia.</p>\r\n<p>&nbsp;</p>', NULL, NULL, NULL, 59, 2),
(1111, 'فندق مودة النسيم يحصل على جائزة تقييم الزوار من موقع بوكنج العالمي', '<div id=\"1459226768\" class=\"dmRespRow\">\r\n<div id=\"1411451511\" class=\"dmRespColsWrapper\">\r\n<div id=\"1278544088\" class=\"u_1278544088 dmRespCol small-12 large-8 medium-8\">\r\n<div id=\"1911418085\" class=\"u_1911418085 dmNewParagraph\" data-dmtmpl=\"true\" data-element-type=\"paragraph\" data-uialign=\"right\">\r\n<div>تلقى فندق مودة النسيم على جائزة تقييم الزوار لعام 2017 من موقع بوكنج العالمي، لحصوله على تقييم 8.7 من 10، من الآراء الإيجابية التي سُجلت على موقع الحجز والسفر. وتتقدم إدارة مجموعة مودة بالشكر إلى مدير فندق النسيم السيد ناصر الدين وجميع موظفي الفندق على عملهم الدؤوب وتفانيهم الذي ساهم في تحقيق هذا الإنجاز.</div>\r\n</div>\r\n</div>\r\n</div>\r\n</div>', NULL, NULL, NULL, 283, 1),
(1112, 'Al-Naseem Mawaddah Hotel Receives Booking Guest Review Award', '<div id=\"1182112445\" class=\"dmNewParagraph u_1182112445\" data-dmtmpl=\"true\" data-element-type=\"paragraph\" data-uialign=\"left\">\r\n<div>Al-Naseem Mawaddah Hotel received Booking&rsquo;s 2017 Guest Review Award for scoring 8.7 out of 10, based on positive guest reviews on the travel site. Mawaddah management wishes to thank Al-Naseem&rsquo;s Hotel Manager, Mr. Nasir Uddin, and the entire hotel staff for their hard work and dedication, which contributed to this achievement.</div>\r\n</div>\r\n<div id=\"1265221539\" class=\"u_1265221539 dmNewParagraph\" data-dmtmpl=\"true\" data-element-type=\"paragraph\" data-uialign=\"left\" data-editor-state=\"closed\">&nbsp;</div>', NULL, NULL, NULL, 283, 2),
(1113, 'معسكر الفضيلي للعزاب: أول مشروع شركة نسما وشركاهم في البناء والتشغيل والتشغيل ونقل الملكية', '<div id=\"1258254031\" class=\"u_1258254031 dmRespRow\">\r\n<div id=\"1826987312\" class=\"dmRespColsWrapper\">\r\n<div id=\"1662521092\" class=\"u_1662521092 dmRespCol small-12 large-7 medium-7\">\r\n<div id=\"1634767560\" class=\"u_1634767560 dmNewParagraph\" data-dmtmpl=\"true\" data-element-type=\"paragraph\" data-uialign=\"right\">\r\n<div>في عام 2015، تضامنت كل من نسما وشركاهم وشركة نسما التجارية وشركة ماسيك للاستثمار معاً لتطوير معسكر إقامة دائمة في مرفق محطة الفضيلي لمعالجة الغاز في الجبيل، بموجب اتفاقية مشروع بناء وتملك وتشغيل ونقل الملكية.</div>\r\n<div>&nbsp;</div>\r\n<div>وفي ديسمبر 2017، وقع الكونسورتيوم (الاتحاد) على عقد المشروع، وقد انتهت نسما وشركاهم من تصميم المشروع وبدأت في تمهيد الطريق لتطوير البنية التحتية.</div>\r\n<div>&nbsp;</div>\r\n<div>سيكون المعسكر بمثابة مدينة مستقلة شاملة ومتكاملة لخدمة وإقامة نحو 2,600 موظف. ويشمل نطاق العمل تطوير وبناء المباني السكنية، والمرافق الاجتماعية الداعمة للحياة والترفيه، وكامل محطات وشبكات المرافق المركزية، على مساحة تبلغ حوالي 800,000 متر مربع.</div>\r\n</div>\r\n</div>\r\n</div>\r\n</div>', NULL, NULL, NULL, 128, 1),
(1114, 'Fadhili Bachelor Camp: Nesma & Partners First Build, Own, Operate, Transfer Project', '<div id=\"1182112445\" class=\"dmNewParagraph u_1182112445\" data-dmtmpl=\"true\" data-element-type=\"paragraph\" data-uialign=\"left\">\r\n<div>In 2015, Nesma &amp; Partners, Nesma Trading and Masic Investment Company joined together to develop a permanent residence camp for the Fadhili Gas Plant Facility in Jubail, under a Build, Own, Operate and Transfer (BOOT) project arrangement.</div>\r\n<div>&nbsp;</div>\r\n<div>In December 2017, the consortium signed the project contract and Nesma &amp; Partners had completed the project design and begun breaking ground for infrastructure development.</div>\r\n<div>&nbsp;</div>\r\n<div>The camp will be a complete and comprehensive standalone town to serve and house about 2600 staff and includes the development and construction of residential buildings, life support and recreational facilities, full central utility plants and networks over an area of nearly 800,000 square meters.</div>\r\n</div>\r\n<div id=\"1265221539\" class=\"u_1265221539 dmNewParagraph\" data-dmtmpl=\"true\" data-element-type=\"paragraph\" data-uialign=\"left\" data-editor-state=\"closed\">&nbsp;</div>', NULL, NULL, NULL, 128, 2),
(1115, 'حصلت شركة نسما وشركاهم على عقد مقاولة شراء وبناء وتشييد بالمبلغ المقطوع (LSPB) من قبل شركة أرامكو السعودية، وذلك لبناء محة المواد السائبة في مدينة الج', '<p>حصلت شركة نسما وشركاهم على عقد مقاولة شراء وبناء وتشييد بالمبلغ المقطوع (LSPB) من قبل شركة أرامكو السعودية، وذلك لبناء محة المواد السائبة في مدينة الجبيل الصناعية.</p>\r\n<p>&nbsp;</p>\r\n<p>عند انتهاء المشروع، سوف يقوم بنقل حوالي 60.000 برميل يوميا من المنتجات المكررة، من خلال مرفق تحميل الشاحنات (محطة السائبة) في الجبيل، لتوزيع درجتين من البنزين (ممتاز 91 وممتاز 95) والديزل. بالإضافة إلى ذلك، من المتوقع أن يقوم المشروع بنقل نحو 15.600 برميل/يوم من الميثيل بوتيل الأثير العالي (MTBE) عبر خط أنابيب أرضي.</p>\r\n<p>&nbsp;</p>\r\n<p>ويشمل مشروع محطة المواد السائبة في الجبيل العديد من المشاريع، مثل: عشرة مبان مع هياكل صلب مسبقة الصب أو الصب في الموقع، ومباني سابقة الهندسة، ومرافق تحت الأرض وفوق الأرض، وأعمال تطوير الموقع، وعمليات صنع وتركيب الأنابيب، ومرفق تحميل الشاحنات، و26 كيلومترا من خطوط الأنابيب الخارجية</p>\r\n<p>&nbsp;</p>', NULL, NULL, NULL, 61, 1),
(1116, 'Nesma & Partners to Build Jubail Bulk Plant Project', '<p>Nesma &amp; Partners was awarded a Lump Sum Procure and Build (LSPB) construction contract by Saudi Aramco to build a Bulk Plant in Jubail Industrial City.</p>\r\n<p>&nbsp;</p>\r\n<p>When completed, the project will transport approximately 60,000 barrels per day of refined products through a truck loading facility (bulk plant) in Jubail to distribute two grades of gasoline (premium 91 and premium 95) and diesel. Additionally, it is projected to move an estimated 15,600 barrels per day methyl tertiary butyl ether (MTBE) through ground pipeline.</p>\r\n<p>&nbsp;</p>\r\n<p>The Jubail Bulk Plant project includes ?a myriad of projects such as: ten buildings with precast and cast-in-site, steel structures and pre-engineered buildings, underground and above ground utilities, site development works, process piping fabrication and erection, a truck loading facility, and 26 km of external pipelines.</p>\r\n<p>&nbsp;</p>', NULL, NULL, NULL, 61, 2),
(1117, 'نسما للطيران أحدث ناقل وطني في المملكة العربية السعودية', '<p><br />أعلنت نسما للطيران أنها ستصبح أحدث ناقل وطني في المملكة العربية السعودية بعد حصولها على موافقة الهيئة العامة للطيران المدني (GACA).</p>\r\n<p>وتخطط نسما للطيران أن تكون انطلاقتها كناقل وطني بحلول نهاية الربع الأول من العام المقبل، وسوف تقوم باستخدام مطار حائل كمركز ربط لرحلاتها وعملياتها، علاوة على الاستفادة من 12 مطارا آخر في الجزء الشمالي من المملكة باعتبارها وجهات رحلات، وقد قدّرت تسيير نحو 33 رحلة يوميا.</p>\r\n<p>وقد أوضح فيصل التركي، الرئيس التنفيذي لنسما للطيران أن \"الشركة ستبدأ فعليا مع أربع طائرات ATR72، والتي تسع لـ 64 راكبا، وستقوم بنقل الركاب بين الجزء الشمالي من المملكة ومطار حائل. علاوة على طائرة إيرباص A320 ستقوم بتسيير رحلات من مطار حائل إلى باقي الوجهات\".</p>\r\n<p>بدأت نسما للطيران عملياتها التجارية في يوليو عام 2010 في مصر، وهي تستخدم أسطولا من طائرات إيرباص A320، وتقوم في الوقت الحاضر بتسيير رحلات بين المملكة العربية السعودية ومصر</p>', NULL, NULL, NULL, 233, 1),
(1118, 'Nesma Airlines to be Newest National Carrier in KSA', '<p>With approval from The General Authority of Civil Aviation (GACA), Nesma Airlines announced it will become Saudi Arabia&rsquo;s newest national air carrier.</p>\r\n<p>&nbsp;</p>\r\n<p>Nesma Airlines will use Hail Airport as a connecting hub and utilize 12 other airports in the northern part of the Kingdom for destinations with an estimated number of 33 flights per day. The airline plans to launch by the end of first quarter of next year.</p>\r\n<p>&nbsp;</p>\r\n<p>&ldquo;The Company will actually start with four ATR72 aircrafts which accommodate 64 passengers each and will transport passengers between the northern part of the Kingdom to Hail. In addition, A320 Airbus aircraft will travel from Hail to the remaining destinations&rdquo; Faisal Al Turki, Nesma Airlines Chairman, said.</p>\r\n<p>&nbsp;</p>\r\n<p>Nesma Airlines began commercial operations in July 2010 in Egypt using a fleet of Airbus A320 aircraft. Nesma Airlines currently operates flights between Saudi Arabia and Egypt.</p>\r\n<p>&nbsp;</p>', NULL, NULL, NULL, 233, 2),
(1119, 'مركز نسما للتدريب يوقع إتفاقية مع هيئة الإغاثة الإسلامية العالمية لتدريب وتأهيل منسوبيها', '<p>وقع مركز نسما للتدريب بجدة إتفاقية مع هيئة الإغاثة الإسلامية العالمية. كما رحب الأستاذ إحسان طيب بهذا التعاون مع مركز نسما وعبر عن تقديره للشيخ صالح التركي واصفاً إياه بالريادي في العمل الخيري</p>\r\n<p>.</p>\r\n<p>&rdquo;، مؤكداً أن هذه الاتفاقية سيكون لها الأثر الكبير في تنفيذ العديد من الخطط والبرامج التي من شأنها تطوير العمل الانساني.</p>\r\n<p>&nbsp;</p>\r\n<p>من ناحية اخرى عبر صالح التركي بأن المركز هو عبارة عن مركز تدريب متاح لجميع اعضاء المجتمع يهدف لتطوير قدرات الباحثين عمل او العاملين الذين يبحثون عن تطوير ذاتهم. واضاف بأن المركز أجرى عدة اتفاقيات تعاون مع عدة جهات منها جمعية ماجد و وزارة التعليم بالإضافة للإتفاقية الحالية مع هيئة الاغاثة الاسلامية العالمية</p>', NULL, NULL, NULL, 234, 1),
(1120, 'Nesma Training Center Signs Agreement with International Islamic Relief Organization', '<p>Nesma Training Center in Jeddah has signed an agreement with The International Islamic Relief Organization to provide employees with relevant skills as well as arranging training courses specializing in charity. With this agreement Nesma Training Center continues to support their initiative for employability and skills development.</p>\r\n<p>&nbsp;</p>\r\n<p>The agreement was signed by the Secretary General Ihsan bin Saleh Tayyib representing the International Islamic Relief Organization, and Saleh Al-Turki, President and Chairman of Nesma Holding Company. Saleh Ali Al-Turki welcomed the partnership with the Relief Organization who seeks to offer employees better skills and resources for learning. Mr. Ihsan Tayyib also welcomed this cooperation and expressed his appreciation to Saleh Ali Al-Turki, describing him as a pioneer in charitable work in the region.</p>\r\n<p>&nbsp;</p>\r\n<p>He added: \"We are proud to cooperate with this specialized training center,\" emphasizing that this agreement will have a significant impact on the implementation of various plans and programs that would develop humanitarian work.</p>\r\n<p>&nbsp;</p>\r\n<p>On the other hand, Saleh Ali Al-Turki expressed that the Center is a Training Center open for all community members, for the development of the capabilities and qualifications of job seekers, or those seeking self-development. He added that the Centre has entered into cooperation agreements with several entities and authorities, such as, the Majid Society for Community Development, with the Ministry of Education, and now with the International Islamic Relief Organization.</p>\r\n<p>&nbsp;</p>', NULL, NULL, NULL, 234, 2),
(1121, 'جوليبي تفتتح أول مطعم لها في البحرين', '<p>الحورة، البحرين، 6 سبتمبر 2015 &ndash; احتفلت جوليبي بافتتاح أول مطعم لها في مملكة البحرين، الواقعة في الخليج العربي شرق المملكة العربية السعودية. ويمثل هذا المطعم الجديد، المطعم الثامن عشر في الشرق الأوسط لسلسلة الوجبات السريعة.</p>\r\n<p>&nbsp;</p>\r\n<p>يقع المطعم الجديد في G435 - طريق 1805 - مجمع 318، في حي الحورة، ويتميز بقاعة طعام تسع 189 مقعدا، يمكن فيه للعائلات والأصدقاء الاستمتاع بتناول وجبات جوليبي اللذيذة والمتميزة. ويفتح المطعم أبوابه من الأحد إلى الخميس من الساعة الثامنة صباحا حنى منتصف الليل، ويومي الجمعة والسبت من السابعة صباحا حتى منتصف الليل.</p>\r\n<p>&nbsp;</p>\r\n<p>يسكن البحرين حاليا نحو 160,000 فلبيني يعملون في مختلف الصناعات. ويتطلع مطعم جوليبي حورة البحرين إلى خدمة المجتمع من خلال تقديم نفس العروض اللذيذة، ذات التكلفة المعقولة، والخدمة عالية الجودة التي تشتهر بها هذه العلامة التجارية على الصعيد العالمي.</p>\r\n<p>&nbsp;</p>\r\n<p>وتعد جوليبي سلسة مطاعم الوجبات السريعة الأكثر شعبية في الفلبين، ولديها أكثر من 800 مطعم وأكثر من 150 منفذ بيع حول العالم. وتضم قائمة وجبات جوليبي تشكيلة واسعة من الوجبات، بما فيها أنواع الهمبرجر، والدجاج المقلي، والآيس كريم. ونظرا لشعبيتها، يُطلق عليها \"مطعم ماكدونالدز الفلبين\"</p>', NULL, NULL, NULL, 235, 1),
(1122, 'Jollibee Opens First Restaurant in Bahrain', '<p>Jollibee celebrates the opening of its first restaurant in the Kingdom of Bahrain, the island state situated in the Arabian Gulf, east of Saudi Arabia. The new establishment marks the 18th restaurant in the middle east for the fast food chain.</p>\r\n<p>&nbsp;</p>\r\n<p>Located at the G 435 - Road 1805 - Block 318, Hoora District, the new restaurant features a dining capacity of 189 seats where families and friends can bond over with delicious Jollibee treats. Hours of operation are from 7:00 a.m. to 12:00 a.m. daily.</p>\r\n<p>&nbsp;</p>\r\n<p>Bahrain is currently home to approximately 160,000 Filipinos employed in various types of industries. Jollibee Al Hoora Bahrain looks forward to serving the community with the same delicious and affordable offerings and top quality service that the brand is known for around the globe.</p>\r\n<p>&nbsp;</p>\r\n<p>Jollibee is the most popular fast food chain in the Philippines with over 600 stores. Jollibee&rsquo;s menu includes a wide selection of food including hamburgers, fried chicken and ice cream. It is endearingly known as the McDonald&rsquo;s of the Philippines.</p>\r\n<p>&nbsp;</p>', NULL, NULL, NULL, 235, 2),
(1123, 'جامعة الملك عبدالله توقع اتفاقية لإنشاء مركز للخياطة', '<p>وقعت شركة نسما القابضة اتفاقية مع جامعة الملك عبدالله للعلوم والتقنية لإنشاء مركز خياطة وتطريز فى منطقة ثول، وتأتى هذه المبادرة فى إطار تعزيزجهود جامعة الملك عبدالله للعلوم والتقنية وشركة نسما فى مجال المسؤولية الاجتماعية، ومساهمةً منهما في رفع المستوى المعيشي في المنطقة، ومساعدة السيدات العاملات فى الحصول على دخل ثابت وتغطية الاحتياج المحلي من منتجات التطريز والخياطة لا سيما في الزي الرسمي. واستمراراً فى تحقيق رؤية شركة نسما: \"مصنع في كل قرية\" والمشاركةً فى توفير الفرص الوظيفية للكوادر النسائية وذوي الإعاقة في ثول وفي القرى المحيطة.</p>\r\n<p>&nbsp;</p>\r\n<p>ويحتوي المركز على نفس الأقسام الموجودة في مركزي جدة وخليص التابعين لشركة نسما وهى قسم الخياطة، قسم التطريزالالكتروني، قسم التصميم، قسم الطباعة الحرارية، وسيتم تدريب السيدات على تشغيل تلك الأقسام، وستبلغ طاقة المركز مستوى يكفى لتدريب وتوظيف 60 سيدة عند الوصول بالمركز لطاقته الاستيعابية الكاملة.</p>\r\n<p>&nbsp;</p>\r\n<p>وعبر الشيخ صالح التركي رئيس شركة نسما عن فخره بهذا المشروع مؤكداً أن \"رسالة المشروع تكمن في خلق فرص وظيفية مجدية للسيدات ورفع المستوى المعيشي لأهالي ثول\".</p>\r\n<p>&nbsp;</p>\r\n<p>من جهته اعتبر نظمي النصر نائب رئيس جامعة الملك عبدالله للعلوم والتقنية، أن مساهمة الجامعة في هذا المشروع جزء من استراتيجية الجامعة لتطوير بلدة ثول وتوفير فرص عمل كريمة للاهالي.</p>\r\n<p>&nbsp;</p>\r\n<p>واشار النصر إلى حرص الجامعة واهتمامها منذ اللحظة التي وضع فيها حجر الأساس على تطوير وتنمية وتحديث بلدة ثول، واشرفت الجامعة على كل مشروعات التنمية الجديدة في ثول، وذلك انطلاقاً من المسؤولية الاجتماعية التي تضطلع بها الجامعة تجاه المكان وأهله وجميع سكانه كما هو شأن الجامعات العالمية والمؤسسات العلمية العريقة. وهذا الأمر أساس ثابت لدى القيادة الرشيدة حيث التنمية وإسعاد الناس هي محور اهتمام خادم الحرمين الشريفين الملك سلمان بن عبدالعزيز حفظه الله.</p>\r\n<p>&nbsp;</p>\r\n<p>وكانت جامعة الملك عبدالله للعلوم والتقنية قد تولت، إنشاء أو&zwj;لى مراحل التطوير ، التي شملت إنشاء مرفأ للصيادين على أحدث وأرقى المستويات ،وكورنيش ثول بجميع مرافقه وتجهيزاته. بالاضافة إلى مشاريع البنية التحتية القائم العمل فيها على قدم وساق.</p>', NULL, NULL, NULL, 236, 1),
(1124, 'Nesma & KAUST Sign Agreement to Establish Sewing Center', '<p><br />Nesma Holding signed an agreement with King Abdullah University of Science and Technology (KAUST) to establish a sewing and embroidery center in Thuwal. This initiative comes to enhance the social responsibility efforts practiced by both KAUST and Nesma, and in line with their quest to raise the standard of living in the region, as well as helping working females to obtain a steady income to cover their domestic requirement from their embroidery and sewing products, especially uniforms. And as a continuation of the achievement of Nesma\'s vision: \"a factory/workshop in every village\", and Nesma\'s participation in the provision of job opportunities for female cadres with disabilities in Thuwal and in the surrounding villages.</p>\r\n<p>&nbsp;</p>\r\n<p>The new center has the same departments as Nesma centers in Jeddah and Khulais; consisting of a Sewing department, E-Embroidery department, design department, and thermal printing department. The females will be trained on the operation of those departments, and it is expected that the center\'s capacity will be enough to both train and employ 60 ladies when the center reaches its full capacity.</p>\r\n<p>&nbsp;</p>\r\n<p>Sheikh Saleh Ali Al-Turki President of Nesma Holding Company expressed his pride in the project, stating that \"the project\'s message lies in creating feasible job opportunities for women, and raise the standard of living for the people of Thuwal.\"</p>\r\n<p>&nbsp;</p>\r\n<p>Nadhmi Al-Nasr vice president of KAUST said that University\'s contribution to this project is part of its strategy for the development of the town of Thuwal, and the provision of decent employment opportunities for its people.</p>\r\n<p>&nbsp;</p>\r\n<p>Mr. Al-Nasr referred to the university\'s keenness and interest, since the moment in which the foundation stone was laid, on the development and modernization of the town of Thuwal. KAUST has supervised all new development projects in Thuwal, out of its social responsibility towards the place and its inhabitants, and to keep up with the trends of international universities and scientific institutions. This is also consistent with kingdom\'s approaches of development, and the happiness of the people lies within the center of the focus and attention of the Custodian of the Two Holy Mosques King Salman bin Abdulaziz.</p>\r\n<p>&nbsp;</p>\r\n<p>KAUST has undertaken the first stages of development, which included the establishment of the state-of-the-art and prestigious fishermen port, and Thuwal Corniche with all its facilities, amenities and equipment, in addition to infrastructure projects under construction in full force.</p>\r\n<p>&nbsp;</p>', NULL, NULL, NULL, 236, 2),
(1125, 'نسما تدعم جمعية تراحم', '<p>تفتخر نسما القابضة بحضورها لفعاليات افتتاح المقر الجديد للجنة تراحم في مدينة جدة. إن \"لجنة تراحم\" هي اللجنة الوطنية لرعاية السجناء والمفرج عنهم وأسرهم، والشيخ صالح التركي، رئيس شركة نسما القابضة، هو رئيس لجنة تراحم في منطقة مكة المكرمة.</p>\r\n<p>&nbsp;</p>\r\n<p>وتتمثل الأهداف الجوهرية للجنة تراحم في مساعدة أسر السجناء للتغلب على التحديات والصعوبات التي يواجهونها أثناء تواجد أفراد أسرهم في السجن، ومساعدة السجناء المفرج عنهم لإعادة اندماجهم في المجتمع كأعضاء صالحين؛ وتقديم الاستشارات بشأن تأديب وإعادة التأهيل ومساعدة السجناء في المؤسسات الإصلاحية والسجون؛ وأخيرا تحسين بيئة المؤسسات الإصلاحية والسجون، واقتراح البدائل الملائمة.</p>\r\n<p>&nbsp;</p>\r\n<p>وقد قام الشيخ صالح التركي بدعوة أعضاء من القطاع الحكومي لحضور حفل الافتتاح، من بينهم معالي وزير الشؤون الاجتماعية، ومدير عام السجون في المملكة العربية السعودية، ومدير عام الشؤون الاجتماعية، علاوة على دعوة أعضاء اللجنة ومديري نسما. وخلال هذا الحدث، وقعت شركة نسما مذكرة تفاهم مع لجنة تراحم لمنح المنظمة الدعم المالي والإنشائي والتدريب.</p>\r\n<p>&nbsp;</p>\r\n<p>ومن الجدير بالذكر أن المقر الجديد للجنة تراحم كان في السابق مقر شركة نسما القابضة منذ الثمانينات وحتى عام 2001، حيث تم تأجير المبنى حتى عام 2013 لشركة نما للشحن</p>', NULL, NULL, NULL, 237, 1),
(1126, 'Nesma Supports Tarahom', '<p>Nesma Holding was proud to join the Tarahom Committee in the opening of its new headquarter offices in Jeddah. Tarahom, meaning &ldquo;Compassion,&rdquo; is a national organization for the care and welfare of prisoners and their families. Nesma Holding President Saleh Al-Turki is the Chairman of the Tarahom Committee in the Makkah Region.</p>\r\n<p>&nbsp;</p>\r\n<p>The objectives of Tarahom are to aid the families of inmates to overcome the challenges they face while their family members are in prison; to help released prisoners to re-integrate as good members of society; to advise on the disciplining, rehabilitation and assistance of inmates in correctional institutions and prisons; and finally to improve the environment in correctional institutions and prisons, and propose appropriate alternatives.</p>\r\n<p>&nbsp;</p>\r\n<p>Sh. Saleh Al-Turki invited distinguished government members to attend the opening ceremony, including His Excellency the Minister of Social Affairs, the General Manager of Prisons in Saudi Arabia, and the General Manager of Social Affairs. Committee members and Nesma managers were also invited to attend. During the event, Nesma signed a Memorandum of Understanding with Tarahom to provide the organization with financial, building, and training support.</p>\r\n<p>&nbsp;</p>\r\n<p>It is worth noting that the new Tarahom headquarters were first occupied by Nesma Holding from the 1980s until 2001, when they served as Nesma&rsquo;s headquarters. The building was then leased to Namma Cargo until 2013.</p>\r\n<p>&nbsp;</p>', NULL, NULL, NULL, 237, 2);
INSERT INTO `article_descriptions` (`id`, `title`, `description`, `slug`, `meta_description`, `keywords`, `article_id`, `language_id`) VALUES
(1129, 'نسما توقع اتفاقية تفاهم مع كيوليس', '<p>ستدخل الشركتان في المناقصات والعروض معا كمشروع مشترك، من أجل توفير حلول تنافسية لمشاريع النقل العام داخل المملكة العربية السعودية.</p>\r\n<p>&nbsp;</p>\r\n<p>وقعت شركة نسما وشركة كيوليس، الشركة الفرنسية المتخصصة في خدمات النقل العام، مذكرة تفاهم في جدة يوم الأحد الموافق 10 مايو 2015، بحيث يسمح للشركتين بتشكيل تحالف استراتيجي يلتزم بتطوير أنظمة النقل العام الجديدة في المملكة العربية السعودية.</p>\r\n<p>&nbsp;</p>\r\n<p>شركة كيوليس رائدة دولية في قطاع نقل الركاب، وتقوم بتشغيل جميع وسائط النقل عبر أربع قارات. والشركة مدعومة بعلاقة طويلة المدى مع مساهمين اثنين هما: الشركة الوطنية للسكك الحديدية الفرنسية (SNCF)، التي تمتلك حصة 70%، وصندوق كيوبيك الكندي للتنمية (CDPQ) التي تمتلك حصة 30%.</p>\r\n<p>&nbsp;</p>\r\n<p>وقد أعرب فيصل تركي، نائب رئيس شركة نسما القابضة، عن سعادته بهذه الاتفاقية قائلا: \"يسرني أن أعلن عن هذه الشراكة داخل المملكة العربية السعودية بين نسما وكيوليس. معا سنتمكن من تقديم أفضل الخبرات العالمية، جنبا إلى جنب مع الإلمام والمعرفة العميقة المحلية والدعم، عبر نطاق واسع من عمليات النقل العام. وأتطلع إلى فرصة العمل مع مختلف السلطات والجهات المختصة بقطاع النقل العام في جميع أنحاء المملكة، والمساهمة في برامجها الطموحة غير المسبوقة\".</p>\r\n<p>&nbsp;</p>\r\n<p>من جهته ذكر كريم شابلاين، الرئيس التنفيذي لشركة كيوليس في الشرق الأوسط: \"تلتزم كيوليس بتطوير نظم النقل العام في المملكة العربية السعودية، ويعتبر وجود شركة نسما إلى جانبنا إضافة قيمة لفرق الشرق الأوسط التي تتواجد الآن في كل من جدة والرياض. وسوف تعتمد كل من نسما وكيوليس على مواردهما وخبراتهما المشتركة، مع الالتزام بأعلى المعايير الدولية\".</p>\r\n<p>&nbsp;</p>\r\n<p>وأضاف قائلا: \"إننا نفتخر بالدخول في شراكة مع شركة رائدة مثل نسما، التي تشاركنا قيمنا التي تركز على السلامة والعملاء، ونعتزم تقديم خدمات ذات مستوى عالمي لسكان المملكة العربية السعودية. ونعتبر أن هذه هي الخطوة الأولى في علاقة طويلة وناجحة\"</p>', NULL, NULL, NULL, 238, 1),
(1130, 'Nesma and Keolis sign a Memorandum of Understanding', '<p><br />The two companies will jointly bid in order to provide competitive solutions to Public Transport Projects within the Kingdom of Saudi Arabia.</p>\r\n<p>&nbsp;</p>\r\n<p>Nesma and the French public transport operator Keolis signed a Memorandum of Understanding in Jeddah on Sunday, May 10th 2015, allowing the two companies to form a strategic alliance committed to developing new public transport systems within the Kingdom of Saudi Arabia.</p>\r\n<p>&nbsp;</p>\r\n<p>Keolis is an international leader in passenger transport, operating all modes of transport across four continents. The company is supported by two long-term shareholders; the French National Railways Corporation (SNCF), which holds a 70% share, and the Canadian institutional fund manager (CDPQ) which has a 30% share.</p>\r\n<p>&nbsp;</p>\r\n<p>Faisal Al Turki, Vice President of Nesma Holding stated: &ldquo;I am pleased to announce this in-kingdom partnership between Keolis and Nesma. Together, we bring best in-class global expertise, combined with strong local knowledge and support, across the spectrum of public transport operations. I look forward to the opportunity to work with the various public transport authorities around the Kingdom on their ambitious and unprecedented programs.&rdquo;</p>\r\n<p>&nbsp;</p>\r\n<p>Karim Chaiblaine, CEO of Keolis in Middle East, said: &ldquo;Keolis is committed to developing public transport systems within the Kingdom of Saudi Arabia, with Nesma complementing the Middle East Teams now located in Jeddah and Riyadh. Nesma and Keolis will leverage on their joint resources and expertise, abiding by the highest international standards.</p>\r\n<p>&nbsp;</p>\r\n<p>&ldquo;We are honoured to enter into a partnership with such a leading company as Nesma, who share our values to safety and customer focus, and we are determined to provide world-class services to the residents of the Kingdom of Saudi Arabia. This is the first step in a long-standing and successful relationship.</p>\r\n<p>&nbsp;</p>', NULL, NULL, NULL, 238, 2),
(1131, 'مطاعم تشاوكنج تفتتح فرعا جديدة في الرياض', '<div id=\"1663303509\" class=\"dmRespRow\">\r\n<div id=\"1523835299\" class=\"dmRespColsWrapper\">\r\n<div id=\"1361237472\" class=\"u_1361237472 dmRespCol small-12 large-8 medium-8\">\r\n<div id=\"1947367077\" class=\"u_1947367077 dmNewParagraph\" data-dmtmpl=\"true\" data-element-type=\"paragraph\" data-uialign=\"right\">\r\n<div>احتفلت سلسلة مطاعم تشاوكنج بافتتاح أحدث فرع لها في مدينة الرياض بالدور الثالث لفيلاجيو مول، لتفتتح بذلك ثاني فرع لها في المملكة العربية السعودية، بعد فرعها الأول الواقع في منطقة البطحاء، وسط العاصمة الرياض.</div>\r\n</div>\r\n</div>\r\n</div>\r\n</div>', NULL, NULL, NULL, 129, 1),
(1132, 'Chowking: New Branch in Riyadh', '<div id=\"1182112445\" class=\"dmNewParagraph u_1182112445\" data-dmtmpl=\"true\" data-element-type=\"paragraph\" data-uialign=\"left\">\r\n<div>Chowking celebrated the opening of its newest branch on the 3rd floor of Villagio Mall in Riyadh. Chowking Villagio Mall is the 2nd in Saudi Arabia and located in Al Batha district, downtown the Saudi capital.</div>\r\n</div>\r\n<div id=\"1265221539\" class=\"u_1265221539 dmNewParagraph\" data-dmtmpl=\"true\" data-element-type=\"paragraph\" data-uialign=\"left\" data-editor-state=\"closed\">&nbsp;</div>', NULL, NULL, NULL, 129, 2),
(1133, 'نسما القابضة تشارك في معرض ارتقاء', '<div id=\"1639172418\" class=\"dmRespRow\">\r\n<div id=\"1239097077\" class=\"dmRespColsWrapper\">\r\n<div id=\"1209496736\" class=\"u_1209496736 dmRespCol small-12 large-8 medium-8\">\r\n<div id=\"1323079357\" class=\"u_1323079357 dmNewParagraph\" data-dmtmpl=\"true\" data-element-type=\"paragraph\" data-uialign=\"right\">\r\n<div>شاركت نسما القابضة في حفل افتتاح معرض \"ارتقاء\" في مدينة الليث، بمنطقة تهاما، جنوب غرب مكة المكرمة.</div>\r\n<div>&nbsp;</div>\r\n<div>إن \"ارتقاء\" عبارة عن حملة برعاية وحدة الشراكة المجتمعية، التابعة لشركة نسما القابضة، بالتعاون مع إدارة تعليم البنات في مدينة الليث.</div>\r\n</div>\r\n</div>\r\n</div>\r\n</div>', NULL, NULL, NULL, 126, 1),
(1134, 'Nesma Holding Participates in Ertkaa Exhibition', '<div id=\"1182112445\" class=\"dmNewParagraph u_1182112445\" data-dmtmpl=\"true\" data-element-type=\"paragraph\" data-uialign=\"left\">\r\n<div>Nesma Holding participated in the opening ceremony of Ertkaa exhibition in Al Lith, a city in Tihamah region, south-west of Makkah.</div>\r\n<div>&nbsp;</div>\r\n<div>Ertkaa is a campaign sponsored by Nesma Holding and conducted by the Community Partnership Unit in the Department of Girls&rsquo; Education in Al Lith.</div>\r\n</div>\r\n<div id=\"1265221539\" class=\"u_1265221539 dmNewParagraph\" data-dmtmpl=\"true\" data-element-type=\"paragraph\" data-uialign=\"left\" data-editor-state=\"closed\">&nbsp;</div>', NULL, NULL, NULL, 126, 2),
(1135, 'ختام ناجح لماراثون جدة 12', '<p>أعلنت شركة نسما القابضة نجاح ماراثون جدة السنوي الثاني عشر والتي شاركت فيه بصفتها \"الراعي الماسي\"، وقد أقيم فعالياته اليوم 21 أبريل 2015 تحت رعاية صاحب السمو الملكي الأمير مشعل بن ماجد محافظ جدة.</p>\r\n<p>&nbsp;</p>\r\n<p>جمعية البر الخيرية بجدة هي الجهة المنظمة لسباق الماراثون، والذي يشهد كل عام مشاركة الآلاف من المتسابقين. ويهدف السباق إلى تعزيز والترويج لحياة صحية أفضل، علاوة على استخدام الجمعية لهذا السباق كأداة ترويجية وتمويلية لبرامج الجمعية المختلفة التي تصب في صالح المجتمع.</p>', NULL, NULL, NULL, 239, 1),
(1136, 'Successful Conclusion to 12th Annual Jeddah Marathon', '<p>Nesma Holding has announced the successful conclusion of the 12th annual Jeddah Marathon, in which it participated as a \"dimond sponsor\" of the event. The marathon was held earlier today, Apr. 21, 2015, under the patronage of His Royal Highness Prince Mishaal bin Majed, Governor of Jeddah.</p>\r\n<p>&nbsp;</p>\r\n<p>The marathon is organized by the Al Birr Charitable Society in Jeddah, with thousands of participants taking part every year. In addition to promoting a healthy lifestyle for all, the Society uses the proceeds from the event to fund its various community programs.</p>\r\n<p>&nbsp;</p>', NULL, NULL, NULL, 239, 2),
(1137, 'منتدى نسما للموارد البشرية والشؤون الإدارية 2018: نحو خطى واضحة', '<div id=\"1869594475\" class=\"dmRespRow\">\r\n<div id=\"1966406272\" class=\"dmRespColsWrapper\">\r\n<div id=\"1026746368\" class=\"u_1026746368 dmRespCol small-12 large-8 medium-8\">\r\n<div id=\"1549995825\" class=\"u_1549995825 dmNewParagraph\" data-dmtmpl=\"true\" data-element-type=\"paragraph\" data-uialign=\"right\">\r\n<div>شهد مركز نسما للتدريب بجدة، انعقاد منتدى نسما للموارد البشرية والشؤون الإدارية 2018: \"نحو خطى واضحة\". هذا المنتدى حدث سنوي يجمع زملاء الموارد البشرية والشؤون الإدارية من مختلف شركات مجموعة نسما، بهدف تبادل أحدث المعلومات والمعرفة في مجالي الموارد البشرية والشؤون الإدارية، كما يوفر مكانا للتواصل فيما بينهم.</div>\r\n</div>\r\n</div>\r\n</div>\r\n</div>', NULL, NULL, NULL, 134, 1),
(1138, '2018 Nesma HR and Administration Forum: Toward Clear Steps', '<div id=\"1182112445\" class=\"dmNewParagraph u_1182112445\" data-dmtmpl=\"true\" data-element-type=\"paragraph\" data-uialign=\"left\">\r\n<div>Nesma&rsquo;s 2018 HR and Administration Forum, &ldquo;Toward Clear Steps&rdquo;, took place at Nesma Training Center, Jeddah. Nesma&rsquo;s HR and Administration Forum is an annual event that brings together HR and Administration colleagues from various Nesma Group companies to share updated HR and Administration information and provides a place for networking.</div>\r\n</div>\r\n<div id=\"1265221539\" class=\"u_1265221539 dmNewParagraph\" data-dmtmpl=\"true\" data-element-type=\"paragraph\" data-uialign=\"left\" data-editor-state=\"closed\">&nbsp;</div>', NULL, NULL, NULL, 134, 2),
(1139, 'نسما وشركاهم تفوز بعقد قيمته ٦،٧ بليون ريال بمكة', '<p>بارك مستشار خادم الحرمين الشريفين، أمير منطقة مكة المكرمة صاحب السمو الملكي الأمير خالد الفيصل توقيع ترسية تنفيذ طريق الملك عبدالعزيز بالعاصمة المقدسة بقيمة بلغت 6.7 مليارات ريال على 5 مراحل تنفيذ للعناصر الرئيسية للمشروع، وتشمل بنود الاتفاقية التي وقعت في ديوان الإمارة بالعاصمة المقدسة أمس الأحد بقيمة بلغت 6.7 مليارات ريال، تنفيذ أعمال الطرق والجسور والبنية التحتية ومسارات ومحطات المترو التي تمر بمنطقة المشروع، كما يشتمل على تنفيذ مسارات المترو المرتبطة مع محطة قطار الحرمين السريع، ويضم أيضا 3 محطات مترو رئيسية تحت منسوب مشروع طريق الملك عبدالعزيز وترتبط مباشرة مع ممر المشاة لتوفر انسيابية وسهولة في التنقل والحركة، ونصت الاتفاقية على أن يشتمل التنفيذ الطرق الرئيسية التي تتقاطع مع المشروع وهي الدائري الأول والثاني، وشارعي المنصور وعبدالله عريف والدائري الثالث، وأقرت الاتفاقية التي وقعت تحت رعاية هيئة تطوير مكة والمشاعر المقدسة بين شركتي أم القرى للتنمية والإعمار ونسما وشركاهم 54 شهرا مدة لتنفيذ المشروع موزعة على خمسة مراحل مرتبطة بتنفيذ العناصر الرئيسية للمشروع، الأولى تنتهي بعد 15 شهرا والثانية بعد 30 شهرا فيما الثالثة تنتهي خلال 36 شهرا والرابعة بعد 42 شهرا، على أن تنتهي المرحلة الخامسة وجميع أعمال المشروع بعد 54 شهرا، إن شاء الله.</p>\r\n<p>&nbsp;</p>\r\n<p>شركة نسما وشركاهم هي شركة سعودية حائزة على عدد من الجوائز، وقد أصبحت شركة رائدة معترف لها بالموثوقية والابتكار للمشاريع الكبرى في كافة أنحاء المملكة، عبر مجالات الهندسة المدنية والإنشاءات، والنفط والغاز، والبتروكيماويات، والطاقة والمياه.</p>', NULL, NULL, NULL, 240, 1),
(1140, 'Nesma & Partners Awarded SR6.7 Billion Makkah Project', '<p>Nesma &amp; Partners has announced it has been awarded today a contract worth SR 6.7 Billion Saudi Riyals by Umm Al Qura for Development &amp; Construction Company for the construction of the infrastructure works related to King Abdul Aziz Road in Makkah.&nbsp;</p>\r\n<p>&nbsp;</p>\r\n<p>King Abdul Aziz Road project is one of several key strategic development projects being implemented in Makkah by the private sector, with stated objectives of achieving economic, social and urban development goals that contribute to better services for pilgrims and visitors to the Holy City.</p>\r\n<p>&nbsp;</p>\r\n<p>King Abdul Aziz Road project is located in the western part of the city of Makkah, extending for a length of 3,650 meters from the western entrance of Makkah (the intersection of Jeddah highway with the third ring road) up to Jabal Omar Project, and passes through some unplanned settlements. The total area of the project is around 1.2 million square meters.</p>\r\n<p>&nbsp;</p>\r\n<p>This project aims to fully support the government&rsquo;s strategic plans to redevelop some of the least developed districts, upgrade the existing infrastructure, and create a major movement axis in the city of Makkah comprised of a wide road that acts as a gateway to the city and incorporates future transportation technology.</p>\r\n<p>&nbsp;</p>\r\n<p>Nesma &amp; Partners is an award-winning Saudi company that has become a recognized leader in reliability and innovation for mega projects across the Kingdom in the fields of civil &amp; building, oil &amp; gas, petrochemicals, power and water.</p>\r\n<p>&nbsp;</p>', NULL, NULL, NULL, 240, 2),
(1141, 'نما ديجيتيك تصل إلى أرمينيا', '<p>أضافت نما ديجيتيك نطاقا جغرافيا جديدا لمجموعة نسما، من خلال تأسيس مكتب دعم في أرمينيا. المكتب الجديد، الذي يقع في وسط مدينة يريفان، يركز على توفير خدمات دعم التصميم والمبيعات لعمليات الشركة في كل من المملكة العربية السعودية ودبي. وحتى الآن يعمل في المكتب الجديد أربعة موظفين فقط..</p>\r\n<p>&nbsp;</p>\r\n<p>&nbsp;</p>\r\n<p>كما قامت نما ديجيتيك في الآونة الأخيرة بالترويج لعلامتها التجارية وخدماتها في المملكة العربية السعودية. في هذا الشهر شاركت في المعرض السعودي للطباعة والتغليف 2015، الذي أقيم في مركز جدة للمعارض. وقد هدفت الشركة من هذه المشاركة التواصل مع العملاء، والترويج لعدد من المنتجات والخدمات الرئيسية للشركة، وهي: (Dubaiprint.com)، وهي منصة إلكترونية تقدم حلول الطباعة من الإنترنت، وكذلك اللوحات الرقمية، وحلول المعارض صديقة للبيئة، والصور والرسومات المنتجة بواسطة الحاسوب (CGI)، وهو تطبيق للرسومات الحاسوبية الذي يساعد على إنشاء أو المساهمة في الصور المرئية.</p>\r\n<p>&nbsp;</p>\r\n<p>&nbsp;</p>\r\n<p>نما ديجيتيك العالمية (Digitec)، ومقرها دبي، إحدى الأسماء الرائدة في الشرق الأوسط في مجال خدمات الطباعة المتكاملة والنسخ التصويري. تقدم الشركة مجموعة واسعة من الخدمات الهادفة إلى خدمة صناعات الطباعة والتغليف ووسائل الإعلام. وتنتج ديجيتيك لوحات فليكس الرقمية عالية الجودة، وخدمات تجربة الألوان الرقمية، وتعديل الصور، والنسخ. كما لدى شركة قسم خاص بالصور والرسومات المنتجة بواسطة الحاسوب (CGI)، بقيادة فريق دولي من فناني إنتاج الصور والرسومات بواسطة الحاسوب، وفناني تعديل الصور والمصورين.</p>', NULL, NULL, NULL, 241, 1),
(1142, 'NDIGITEC Expands to Armenia', '<div>NDIGITEC has added a new geography to the Nesma Group through its establishment of a support office in Armenia. The new office, located in Central Yerevan, is focused on providing design and sales support to the Company&rsquo;s Saudi and Dubai-based operations. Four employees have been recruited so far.</div>\r\n<div>&nbsp;</div>\r\n<div>NDIGITEC has also been busy promoting its brand and services in Saudi Arabia; this month it participated in the Saudi Print &amp; Pack 2015 Exhibition, which took place at the Jeddah Exhibition Center. The objectives of participating were to network with clients and to promote some of the company&rsquo;s key products and services, namely: Dubaiprint.com, an online platform providing web-to-print solutions; D-Board, an eco-friendly exhibition solution; and CGI, which is the application of computer graphics to create or contribute to visual images</div>\r\n<div>&nbsp;</div>\r\n<div>Based in Dubai, Namma International Digitec (Digitec) is one of the Middle East&rsquo;s leading names in prepress and reprographics, with a range of services aimed at serving the print, packaging and media industries. Digitec produces top quality digital flexo plates, digital color proofs, image retouching and repro services. Digitec also has a Computer Generated Imagery (CGI) department, lead by an international team of CGI artists and retouch artists and photographers.</div>', NULL, NULL, NULL, 241, 2),
(1143, 'نما للملاحة تمتلك سفينة جديدة', '<p>أعلنت شركة نما للملاحة البحرية امتلاكها لسفينة جديدة خلال شهر يناير الجاري، وقد تسلمت الشركة السفينة في الوقت الملائم، حيث تزامن مع مراسم احتفال افتتاح محطة الركاب في ميناء ينبع في المملكة العربية السعودية. لقد أُطلق على السفينة اسم \"أمانة\"، وقد تشرفت بنقل أول مجموعة من حجاج بيت الله من مصر إلى ميناء ينبع. حضر الاحتفال الذي أقيم بتلك المناسبتين رئيس المؤسسة العامة للموانئ السعودية، الذي رفع العلم السعودي على السفينة. كما تخلل الاحتفال استقبال الحجاج لدى وصولهم وتوزيع الهدايا.</p>\r\n<p>&nbsp;</p>\r\n<p>\"أمانة\" هي السفينة السادسة التي تنضم إلى أسطول شركة نما للملاحة البحرية، أما سفن الركاب الأخرى التابعة للأسطول فهي \"مودة\"، و\"محبة\"، و\"مسرة\"، في حين أن سفن الشحن هي \"نما اكسبرس\" والنوى إكسبريس.</p>\r\n<p>&nbsp;</p>\r\n<p>تقدم شركة نما للملاحة البحرية، ومقرها مصر، خدمات نقل الركاب والشحن برحلات منتظمة على عباراتها من نوع الرورو وروباكس ما بين مصر/السودان والمملكة العربية السعودية عبر البحر الأحمر. ومن بين الموانئ التي تخدمها الشركة ميناء سفاجا والسويس في مصر، وميناء سواكن في السودان، وضبا وجدة وينبع في المملكة العربية السعودية. وتعد نما العالمية للخدمات البحرية اليوم الشركة الرائدة في هذه الصناعة على المستوى الإقليمي، من حيث السلامة، والاعتمادية، والراحة.</p>', NULL, NULL, NULL, 242, 1),
(1144, 'Namma Shipping Lines Acquires New Vessel', '<p>Namma Shipping Lines acquired a new ship this January, just in time to celebrate the opening of the passengers&rsquo; terminal at the Yanbu Port in Saudi Arabia. The new passenger ship, named &ldquo;Amanah&rdquo; had the honor of transporting the first group of pilgrims from Egypt to the Yanbu Port. A celebration was held on this occasion, attended by the President of the Saudi Ports General Organization, who lifted the Saudi flag on the ship. The ceremony included a reception for arriving pilgrims and distribution of gifts.</p>\r\n<p>&nbsp;</p>\r\n<p>&ldquo;Amanah&rdquo; is the sixth ship to be added to Namma Shipping Lines&rsquo; fleet; other passenger ships are Mawaddah, Mahabbah, and Masarrah, while the cargo ships are Namma Express and Al Nawa Express.</p>\r\n<p>&nbsp;</p>\r\n<p>Namma Shipping Lines offers regular passenger and cargo services on RORO and ROPAX-type vessels between Egypt/Sudan and Saudi Arabia across the Red Sea. Among the ports served are Safaja and Suez in Egypt, Sawakin in Sudan, and Dhiba, Jeddah and Yanbu in Saudi Arabia. Today, Namma International Marine Services is the region&rsquo;s industry leader in terms of safety, reliability and comfort.</p>\r\n<p>&nbsp;</p>', NULL, NULL, NULL, 242, 2),
(1145, 'نسما للطيران تضيف شخصية يوتيوب في فيديوهات متن الطائرة', '<div id=\"1106946463\" class=\"dmRespRow\">\r\n<div id=\"1347941675\" class=\"dmRespColsWrapper\">\r\n<div id=\"1171849956\" class=\"u_1171849956 dmRespCol small-12 large-8 medium-8\">\r\n<div id=\"1319709843\" class=\"u_1319709843 dmNewParagraph\" data-dmtmpl=\"true\" data-element-type=\"paragraph\" data-uialign=\"right\">\r\n<div>أضافت نسما للطيران مؤخرا قناة جديدة لبرامجها الترفيهية على متن طائراتها، يقدمها خبير السيارات السعودي الشهير حسن كتبي. ستتضمن القناة الجديدة أحدث تجارب قيادة السيارات، بالإضافة إلى نصائح مهمة للمسافرين الراغبين في القيادة في بلدان أخرى.</div>\r\n</div>\r\n</div>\r\n</div>\r\n</div>', NULL, NULL, NULL, 131, 1),
(1146, 'Nesma Airlines Adds Youtube Personality to On-Board Movies', '<div id=\"1182112445\" class=\"dmNewParagraph u_1182112445\" data-dmtmpl=\"true\" data-element-type=\"paragraph\" data-uialign=\"left\">\r\n<div>Nesma Airlines added a new channel to its entertainment content on board by the famous Saudi Car Expert, Hasan Kutbi. The new channel will include latest car driving experiences in addition to important tips for travelers wishing to drive in other countries.</div>\r\n</div>\r\n<div id=\"1265221539\" class=\"u_1265221539 dmNewParagraph\" data-dmtmpl=\"true\" data-element-type=\"paragraph\" data-uialign=\"left\" data-editor-state=\"closed\">&nbsp;</div>', NULL, NULL, NULL, 131, 2),
(1147, 'نسما وشركاهم تشارك في يوم المهنة لذوي الاحتياجات الخاصة', '<div id=\"1073029131\" class=\"dmRespRow\">\r\n<div id=\"1971104644\" class=\"dmRespColsWrapper\">\r\n<div id=\"1074117730\" class=\"u_1074117730 dmRespCol small-12 large-8 medium-8\">\r\n<div id=\"1601080881\" class=\"u_1601080881 dmNewParagraph\" data-dmtmpl=\"true\" data-element-type=\"paragraph\" data-uialign=\"right\">\r\n<div>شاركت نسما وشركاهم في معرض يوم المهنة لذوي الاحتياجات الخاصة في الرياض؛ والذي يعد جزءا من برنامج التوظيف الذي أطلقته مؤسسة الأمير محمد بن فهد للتنمية الإنسانية، بهدف إتاحة فرص العمل لذوي الاحتياجات الخاصة وذوي الإعاقات.</div>\r\n</div>\r\n</div>\r\n</div>\r\n</div>', NULL, NULL, NULL, 130, 1),
(1148, 'N&P Involved in Career Fair for People with Disabilities', '<div id=\"1182112445\" class=\"dmNewParagraph u_1182112445\" data-dmtmpl=\"true\" data-element-type=\"paragraph\" data-uialign=\"left\">\r\n<div>Nesma &amp; Partners participated in a career fair for people with disabilities in Riyadh. The event is part of an employment program initiated by Prince Mohammed bin Fahd&rsquo;s Foundation for Humanitarian Development and aims to provide people with disabilities with employment opportunities.</div>\r\n</div>\r\n<div id=\"1265221539\" class=\"u_1265221539 dmNewParagraph\" data-dmtmpl=\"true\" data-element-type=\"paragraph\" data-uialign=\"left\" data-editor-state=\"closed\">&nbsp;</div>', NULL, NULL, NULL, 130, 2),
(1149, 'مودة تلتقي المسؤولين لمناقشة \"العمرة بلس\"', '<div id=\"tw-target-text-container\" class=\"tw-ta-container hide-focus-ring tw-lfl\" tabindex=\"0\">\r\n<div>التقت شركة مودة صاحب السمو الملكي الأمير سلطان بن سلمان آل سعود، رئيس الهيئة السعودية للسياحة والآثار، وممثلين عن وزارة الحج والعمرة، وذلك لمناقشة برنامج \"العمرة بلس\" السياحي.</div>\r\n<div>&nbsp;</div>\r\n<div>ويهدف برنامج \"العمرة بلس\" السماح للمعتمرين بزيارة بعض المعالم الثقافية والدينية الأكثر جاذبية في المملكة، في خطوة لترويج السياحة في المدن وتنمية قطاع السياحة في جميع أرجاء المملكة العربية السعودية.</div>\r\n<div>&nbsp;</div>\r\n</div>\r\n<div id=\"tw-target-rmn-container\" class=\"tw-ta-container hide-focus-ring tw-nfl\">&nbsp;</div>', NULL, NULL, NULL, 147, 1),
(1150, 'Mawaddah Meets Officials to Discuss Umrah-Plus', '<div id=\"1182112445\" class=\"dmNewParagraph u_1182112445\" data-dmtmpl=\"true\" data-element-type=\"paragraph\" data-uialign=\"left\">\r\n<div>Mawaddah met with HRH Prince Sultan bin Salman Al Saud, President of the Saudi Commission for Tourism and Antiquities, and representatives from the Ministry of Hajj &amp; Umrah to discuss the &ldquo;Umrah-Plus&rdquo; tourism program.&nbsp;</div>\r\n<div>&nbsp;</div>\r\n<div>&ldquo;Umrah-Plus&rdquo; allows Umrah pilgrims to visit some of the Kingdom&rsquo;s most attractive cultural and religious landmarks, with the aim of promoting tourism in cities across the Kingdom. The plan is to help grow the tourism sector in Saudi Arabia.&nbsp;</div>\r\n</div>\r\n<div id=\"1265221539\" class=\"u_1265221539 dmNewParagraph\" data-dmtmpl=\"true\" data-element-type=\"paragraph\" data-uialign=\"left\" data-editor-state=\"closed\">&nbsp;</div>', NULL, NULL, NULL, 147, 2),
(1151, 'أخر أخبار نسما للطيران', '<div>حصلت نسما للطيران في مصر على شهادة اعتماد الآيزوISO 22000:2005 عن خدمات التموين التابعة لشركة الطيران. كما تم تجديد شهادة اعتماد الآيزو IOSA 2018- 2020 المقدمة من برنامج تدقيق السلامة التشغيلية التابع الاتحاد الدولي للنقل الجوي (الإياتا IATA).</div>\r\n<div>&nbsp;</div>\r\n<div>في المملكة العربية السعودية، وقعت نسما للطيران اتفاقية مع المؤسسة الخيرية الوطنية للرعاية الصحية المنزلية \"نرعاك\" كجزء من مسؤولية نسما الاجتماعية.</div>\r\n<div>&nbsp;</div>\r\n<div>بالإضافة إلى ذلك، افتتحت شركة نسما للطيران مسارا جديدًا يربط مدينة جدة بمدينتين مصريتين، سوهاج وأسيوط، بواقع ثلاث رحلات أسبوعية.</div>\r\n<div>&nbsp;</div>', NULL, NULL, NULL, 146, 1),
(1152, 'Nesma Airlines Updates and News', '<div id=\"1182112445\" class=\"dmNewParagraph u_1182112445\" data-dmtmpl=\"true\" data-element-type=\"paragraph\" data-uialign=\"left\">\r\n<div>The company in Egypt became ISO 22000:2005 certified for its Airlines catering and renewed its IOSA 2018- 2020 certification, presented by IATA Operational Safety Audit Program.</div>\r\n<div>&nbsp;</div>\r\n<div>&nbsp;</div>\r\n<div>In Saudi Arabia, the company signed an agreement with the National Home Health Organization &ldquo;Nar&rsquo;aak&rdquo; as a part of Nesma&rsquo;s social responsibility.</div>\r\n<div>&nbsp;</div>\r\n<div>&nbsp;</div>\r\n<div>Additionally, Nesma Airlines opened a new route linking two Egyptian cities, Sohag and Asyut, with Jeddah to transport passengers on three weekly flights.</div>\r\n</div>\r\n<div id=\"1265221539\" class=\"u_1265221539 dmNewParagraph\" data-dmtmpl=\"true\" data-element-type=\"paragraph\" data-uialign=\"left\" data-editor-state=\"closed\">&nbsp;</div>', NULL, NULL, NULL, 146, 2),
(1153, 'نسما القابضة ترعى فعاليات (بسمة خير) لرفع الوعي بمرض التصلب اللويحي المتعدد', '<div id=\"1516722844\" class=\"dmRespRow\">\r\n<div id=\"1618058231\" class=\"dmRespColsWrapper\">\r\n<div id=\"1133518322\" class=\"u_1133518322 dmRespCol small-12 large-8 medium-8\">\r\n<div id=\"1202858776\" class=\"u_1202858776 dmNewParagraph\" data-dmtmpl=\"true\" data-element-type=\"paragraph\" data-uialign=\"right\">\r\n<div>رعت نسما القابضة معرض \"بسمة خير\" الذي أقيم في فندق هيلتون جدة لدعم أطفال جنوب جدة من ذوي الدخل المنخفض. وقد تضمن المعرض العديد من أكشاك الطعام والتسوق، بالإضافة إلى السحب على سيارة.</div>\r\n<div>&nbsp;</div>\r\n<div>من جهة أخرى، شاركت نسما القابضة في حملة أُجريت على وسائل الإعلام الاجتماعية لرفع مستوى الوعي حول الأشخاص المصابين بمرض التصلب المتعدد، تزامنا مع اليوم العالمي للتصلب المتعدد.</div>\r\n</div>\r\n</div>\r\n</div>\r\n</div>', NULL, NULL, NULL, 145, 1),
(1154, 'Nesma Holding Sponsors “Basmat Khair” and Raises Awareness of MS Disease', '<div id=\"1182112445\" class=\"dmNewParagraph u_1182112445\" data-dmtmpl=\"true\" data-element-type=\"paragraph\" data-uialign=\"left\">\r\n<div>Nesma Holding sponsored the &ldquo;Basmat Khair&rdquo; exhibition at the Hilton hotel in Jeddah to support low income children from the south part of Jeddah. The exhibition included various food and shopping booths in addition to a raffle draw for a car.</div>\r\n<div>&nbsp;</div>\r\n<div>Additionally, Nesma participated in a social media campaign to raise awareness about persons with Multiple Sclerosis disease in alignment with the International Day of Multiple Sclerosis.</div>\r\n</div>\r\n<div id=\"1265221539\" class=\"u_1265221539 dmNewParagraph\" data-dmtmpl=\"true\" data-element-type=\"paragraph\" data-uialign=\"left\" data-editor-state=\"closed\">&nbsp;</div>', NULL, NULL, NULL, 145, 2),
(1155, 'نسما القابضة تطلق مبادرة تكافؤ', '<div id=\"1832386820\" class=\"dmRespRow\">\r\n<div id=\"1450177210\" class=\"dmRespColsWrapper\">\r\n<div id=\"1026193968\" class=\"u_1026193968 dmRespCol small-12 large-8 medium-8\">\r\n<div id=\"1433418969\" class=\"u_1433418969 dmNewParagraph\" data-dmtmpl=\"true\" data-element-type=\"paragraph\" data-uialign=\"right\">\r\n<div>أطلقت شركة نسما القابضة مبادرة \"تكافؤ\" بالتعاون مع جمعية النهضة ومؤسسة الملك خالد للأعمال الخيرية.&nbsp;</div>\r\n<div>&nbsp;</div>\r\n<div>تدرس المبادرة \"تكافؤ الفرص\" لدى القوى العاملة وتهدف إلى البحث في العوامل المؤثرة على مدى مشاركة الرجال والسيدات، نسبة تطورهم الوظيفي و إمكانية حصولهم على الفوائد في مكان العمل.&nbsp;</div>\r\n</div>\r\n</div>\r\n</div>\r\n</div>', NULL, NULL, NULL, 148, 1),
(1156, 'Nesma Holding Launches Takafu’u Initiative', '<div id=\"1182112445\" class=\"dmNewParagraph u_1182112445\" data-dmtmpl=\"true\" data-element-type=\"paragraph\" data-uialign=\"left\">\r\n<div>Nesma Holding launched Takafu&rsquo;u initiative in cooperation with Al-Nahda Society and King Khaled Foundation for charity work.&nbsp;</div>\r\n<div>&nbsp;</div>\r\n<div>Takafu&rsquo;u studies &ldquo;equality of opportunity&rdquo; in the workforce and aims to examine factors affecting men and women&rsquo;s participation, career development and benefits in the workplace.&nbsp;</div>\r\n</div>\r\n<div id=\"1265221539\" class=\"u_1265221539 dmNewParagraph\" data-dmtmpl=\"true\" data-element-type=\"paragraph\" data-uialign=\"left\" data-editor-state=\"closed\">&nbsp;</div>', NULL, NULL, NULL, 148, 2),
(1157, 'رعت شركة نسما القابضة حفل زواج جماعي بتنظيم من جمعية (زواج)', '<div id=\"1768564726\" class=\"dmRespRow\">\r\n<div id=\"1167821717\" class=\"dmRespColsWrapper\">\r\n<div id=\"1421430551\" class=\"u_1421430551 dmRespCol small-12 large-8 medium-8\">\r\n<div id=\"1042586231\" class=\"u_1042586231 dmNewParagraph\" data-dmtmpl=\"true\" data-element-type=\"paragraph\" data-uialign=\"right\">\r\n<div>رعت شركة نسما القابضة حفل زواج جماعي بتنظيم من جمعية \"زواج\" للزواج والإرشاد الأسري بجدة.</div>\r\n<div>&nbsp;</div>\r\n<div>وشارك في الحفل ١٤٠٠ عروس وعريس تحت رعاية صاحب السمو الملكي الأمير خالد بن فيصل آل سعود، أمير منطقة مكة المكرمة.</div>\r\n</div>\r\n</div>\r\n</div>\r\n</div>', NULL, NULL, NULL, 151, 1),
(1158, 'Nesma Sponsors Alzawaj Group Marriage', '<div id=\"1607975192\" class=\"u_1607975192 dmRespCol small-12 large-7 medium-7\">\r\n<div id=\"1182112445\" class=\"dmNewParagraph u_1182112445\" data-dmtmpl=\"true\" data-element-type=\"paragraph\" data-uialign=\"left\">\r\n<div>Nesma Holding sponsored a group marriage organized by the Society for Marriage and Family Guidance of Jeddah, &ldquo;Alzawaj&rsquo;.</div>\r\n<div>&nbsp;</div>\r\n<div>A total of 1400 brides and their grooms participated in the ceremony, held under the patronage of His Royal Highness, Prince Khalid bin Faisal Al Saud, Governor of Makkah Province.</div>\r\n</div>\r\n</div>', NULL, NULL, NULL, 151, 2),
(1159, 'منتدى نسما المالي ٢٠١٨: نحن معا', '<div id=\"1871794769\" class=\"dmRespRow\">\r\n<div id=\"1359623073\" class=\"dmRespColsWrapper\">\r\n<div id=\"1755879474\" class=\"u_1755879474 dmRespCol small-12 large-8 medium-8\">\r\n<div id=\"1646063027\" class=\"u_1646063027 dmNewParagraph\" data-dmtmpl=\"true\" data-element-type=\"paragraph\" data-uialign=\"right\">\r\n<div>تم عقد منتدى نسما المالي الثاني عشر تحت شعار \"نحن معاً\"، في مركز نسما للتدريب بجدة.&nbsp;</div>\r\n<div>&nbsp;</div>\r\n<div>خلال المنتدى تم تقديم العديد من العروض التقديمية حول تحديثات المعايير الدولية لإعداد التقارير المالية، استخدام أوراكل هايبريون في التخطيط والميزانية، آخر تحديثات ضريبة القيمة المضافة وضريبة الزكاة/الدخل، بالإضافة لتحديثات الضرائب المستقطعة.&nbsp;</div>\r\n</div>\r\n</div>\r\n</div>\r\n</div>', NULL, NULL, NULL, 152, 1),
(1160, 'Nesma’s Finance Forum 2018: “We 2gether”', '<div id=\"1182112445\" class=\"dmNewParagraph u_1182112445\" data-dmtmpl=\"true\" data-element-type=\"paragraph\" data-uialign=\"left\">\r\n<div>Nesma&rsquo;s 12th Finance Forum, \"We 2gether&rdquo;, took place at Nesma Training Center in Jeddah.</div>\r\n<div>&nbsp;</div>\r\n<div>During the event, several presentations were delivered on IFRS conversion updates, budget and planning using Oracle Hyperion Cloud, latest VAT updates and Zakat/Income tax and withholding tax updates.</div>\r\n</div>\r\n<div id=\"1265221539\" class=\"u_1265221539 dmNewParagraph\" data-dmtmpl=\"true\" data-element-type=\"paragraph\" data-uialign=\"left\" data-editor-state=\"closed\">&nbsp;</div>', NULL, NULL, NULL, 152, 2),
(1161, 'تعيين صالح التركي أمين لمحافظة جدة', '<div id=\"1034877881\" class=\"dmRespRow\">\r\n<div id=\"1590400283\" class=\"dmRespColsWrapper\">\r\n<div id=\"1767611172\" class=\"u_1767611172 dmRespCol small-12 large-8 medium-8\">\r\n<div id=\"1921456947\" class=\"u_1921456947 dmNewParagraph\" data-dmtmpl=\"true\" data-element-type=\"paragraph\" data-uialign=\"right\">\r\n<div>في مساء يوم الجمعة الموافق ٢٧ يوليو، تم تعيين الشيخ صالح التركي أميناً جديداً لمحافظة جدة، تحت قيادة الملك السعودي سلمان بن عبدالعزيز آل سعود.&nbsp;</div>\r\n<div>&nbsp;</div>\r\n<div>وبمناسبة منصبه الحكومي الجديد، أعرب الشيخ صالح عن ثقته بأن شركة نسما في أيد أمينة. وقال:\"العناصر الرئيسية الثلاثة للشركة الناجحة هي: وجود رؤية وتوجه واضحين، وجود أنظمة وإجراءات لائقة، بالاضافة لوجود الأشخاص المناسبين.\"&nbsp;</div>\r\n</div>\r\n</div>\r\n</div>\r\n</div>', NULL, NULL, NULL, 153, 1),
(1162, 'Saleh Al-Turki Appointed Mayor of Jeddah', '<div id=\"1607975192\" class=\"u_1607975192 dmRespCol small-12 large-7 medium-7\">\r\n<div id=\"1182112445\" class=\"dmNewParagraph u_1182112445\" data-dmtmpl=\"true\" data-element-type=\"paragraph\" data-uialign=\"left\">\r\n<div>On the evening of Friday July 27th, Sh. Saleh Al-Turki was appointed the new mayor of Jeddah, under the leadership of Saudi King Salman bin Abdulaziz Al Saud.</div>\r\n<div>&nbsp;</div>\r\n<div>On the occasion of his new government appointment, Sh. Saleh expressed confidence that Nesma is in good hands. He said, &ldquo;The 3 main elements of a successful company include: having a clear vision and direction; proper systems and processes; and the right people.</div>\r\n</div>\r\n</div>', NULL, NULL, NULL, 153, 2),
(1175, 'نسما وشركاهم تحوز على مشاريع المرجان والبري', '<div id=\"1367427171\" class=\"dmRespRow\">\r\n<div id=\"1964612741\" class=\"dmRespColsWrapper\">\r\n<div id=\"1251273067\" class=\"u_1251273067 dmRespCol small-12 large-7 medium-7\">\r\n<div id=\"1044633265\" class=\"u_1044633265 dmNewParagraph\" data-dmtmpl=\"true\" data-element-type=\"paragraph\" data-uialign=\"right\">\r\n<div>تم اختيار نسما وشركاهم ضمن 34 مقاولًا حصلوا على عقود التصميم والتوريد والإنشاءات، لبرامج أرامكو السعودية لرفع إنتاج حقلي \"المرجان\" و\"البري\".</div>\r\n<div>&nbsp;</div>\r\n<div>إن برنامج رفع إنتاج حقل \"المرجان\" عبارة عن مشروع تطوير للنفط والغاز في حقل مرجان المغمور. وستشمل عملية التطوير إنشاء محطة بحرية جديدة لفصل الغاز عن الزيت، و24 منصة بحرية للنفط والغاز وحقن المياه.</div>\r\n</div>\r\n</div>\r\n</div>\r\n</div>', NULL, NULL, NULL, 98, 1),
(1176, 'Nesma and Partners Awarded Marjan and Berri Projects', '<div id=\"1182112445\" class=\"u_1182112445 dmNewParagraph\" data-dmtmpl=\"true\" data-element-type=\"paragraph\" data-uialign=\"left\">\r\n<div>Nesma &amp; Partners was one of 34 contractors to be awarded the engineering, procurement and construction of Saudi Aramco&rsquo;s Marjan and Berri increment programs.</div>\r\n<div>&nbsp;</div>\r\n<div>The Marjan increment program is a development project for oil and gas of the Marjan offshore field. Its development process will include a new offshore gas oil separation plant and 24 offshore oil, gas and water injection platforms.</div>\r\n</div>\r\n<div id=\"1265221539\" class=\"u_1265221539 dmNewParagraph\" data-dmtmpl=\"true\" data-element-type=\"paragraph\" data-uialign=\"left\" data-editor-state=\"closed\">&nbsp;</div>', NULL, NULL, NULL, 98, 2),
(1197, 'نسما وشركاهم تحوز على مشروع مطار البحر الاحمر الدولي', '<div>حاز تحالف مؤلف من شركة نسما وشركاهم وشركة المباني العامة للمقاولات على عقد للعمل على تطوير البنية التحتية في المطار الدولي لمشروع البحر الأحمر، والذي يعد العقد الأضخم من بين العقود التي منحتها شركة البحر الأحمر خلال العمل على المشروع.&nbsp;&nbsp;</div>\r\n<div>&nbsp;</div>\r\n<div>وستعمل الشركتان على تطوير مدرج بطول ٣٧٠٠ متر بالإضافة إلى مدرج مخصص للطائرات المائية والممرات الرئيسية والرابطة لها. كما ستعمل على أعمال الرصف وتأمين المساعدة الملاحية اللازمة للطيران، بالإضافة إلى العمل على الإضاءة والأرضية لمدرج الطيران، والمرافق الجوية بالاضافة إلى الطرق والمباني التابعة لها.&nbsp;</div>\r\n<div>&nbsp;</div>\r\n<div>ومن المتوقع أن يخدم مطار البحر الأحمر الدولي مليون سائح سنوياً بما في ذلك الرحلات المحلية والدولية حيث ستوفر المرحلة الأولى من مشروع البحر الأحمر، ٣٠٠٠ غرفة فندقية فاخرة تقع ضمن خمس جزر سياحية ومنطقتين برية.&nbsp;</div>', NULL, NULL, NULL, 28, 1),
(1198, 'Nesma & Partners Awarded the Red Sea International Airport Project', '<p>A consortium made up of Nesma &amp; Partners and Almabani General Contractors was awarded the largest value contract to date by the Red Sea Development Company, to work on the infrastructure of the Red Sea Development Project&rsquo;s International Airport.</p>\r\n<p><br />Nesma &amp; Partners and Almabani General Contractors will work on the infrastructure of a 3,700 meter runway, a seaplane runway and parallel &amp; link taxiways. Additionally, the two companies will handle pavement works, the airport&rsquo;s aeronautical navigational aids, aerodrome ground lighting, airside utilities, in addition to all roads and associated buildings.</p>\r\n<p><br />The Red Sea Airport will serve an estimated one million tourists per year catering to both domestic and international flights, as the first phase of the Red Sea Project will provide 3,000 luxurious hotel rooms across five islands and two inland sites.</p>', NULL, NULL, NULL, 28, 2),
(1199, 'شركات نسما تقدم منتجات لمكافحة جائحة كوفيد-19', '<p><br />قدمت شركتا نسما للإعلام والترفيه و إن ديجيتك منتجات جديدة لمعالجة بعض التحديات التي أحدثتها جائحة كوفيد-19 الحالية.</p>\r\n<p>قدمت الشركتان أنظمة تصوير حراري، وخوذات ذكية، وبوابات تعقيم، وإشارات سلامة، ونماذج مبتكرة لدروع الوجه العالية الجودة والقابلة لإعادة الاستخدام.</p>', NULL, NULL, NULL, 29, 1),
(1200, 'Nesma Companies Offer Products for the Covid-19 Pandemic', '<p>Nesma Media &amp; Entertainment and NDigitec introduced new products to address some of the challenges brought about by the current Covid-19 pandemic.</p>\r\n<p>The two Nesma companies introduced thermal imaging systems, smart helmets, disinfection gates, safety signs and innovative models of quality reusable face shields.</p>', NULL, NULL, NULL, 29, 2),
(1201, 'شركة الحافلات الحديثة توقع مذكرة تفاهم مع صندوق تنمية الموارد البشرية', '<p>وقعت شركة الحافلات الحديثة مذكرة تفاهم مع صندوق تنمية الموارد البشرية لتوفير الوظائف لعدد من المرشحين من الجنسية السعودية.</p>\r\n<p>علاوة على ذلك، وقعت الشركة إتفاقية مع المؤسسة العامة للتدريب التقني والمهني. وفقًا للاتفاقية، ستقدم المؤسسة العامة للتدريب التقني والمهني برامج تدريب منتهي بالتوظيف وورش العمل لتمكين المتدربين الجدد في شركة الحافلات الحديثة.</p>', NULL, NULL, NULL, 30, 1),
(1202, 'Modern Bus Signs MoU with HRDF', '<p>The Modern Bus Company signed a Memorandum of Understanding with the Human Resources Development Fund (HRDF) to provide jobs to Saudi candidates.</p>\r\n<p>Moreover, Modern Bus signed an agreement with the Technical and Vocational Training Corporation. As per the agreement, the Technical and Vocational Training Corporation will provide training programs resulting in employment and workshops to empower Modern Bus trainees.</p>', NULL, NULL, NULL, 30, 2),
(1203, 'نسما تكمل مشروع مشتل البحر الأحمر', '<p>انتهى قسم المناظر الطبيعية في شركة نسما التجارية من العمل على تصميم وبناء مشتل زراعي لصالح شركة البحر الأحمر للتطور (RSDC).</p>\r\n<p>يقع المشتل على الجزر بين منطقتي أملج والوجه في المملكة العربية السعودية، ويمتد على مدى مساحة مليون متر مربع، كما يعتبر الأكبر من نوعه في منطقة الشرق الأوسط.</p>', NULL, NULL, NULL, 31, 1),
(1204, 'Nesma Completes Red Sea Nursery Project', '<p>Nesma Trading&rsquo;s Landscape Division has completed the design and building of a landscape nursery for the Red Sea Development Company (RSDC). The nursery, located on the islands between Umluj and Al-Wajh in Saudi Arabia, spans over one million square meters and is considered the largest of its kind in the Middle East.</p>', NULL, NULL, NULL, 31, 2),
(1205, 'نسما وشركاؤها ترعى منتدى إدارة المشاريع', '<div id=\"1182112445\" class=\"u_1182112445 dmNewParagraph\" data-dmtmpl=\"true\" data-element-type=\"paragraph\" data-uialign=\"left\">Nesma &amp; Partners was a gold sponsor of the Project Management Symposium (PMI-KSA) Forum in Jeddah.<br /><br />The event focused on presenting effective project management topics and techniques for professionals and included discussing emerging projects in the renewable energy field.</div>\r\n<div id=\"1265221539\" class=\"u_1265221539 dmNewParagraph\" data-dmtmpl=\"true\" data-element-type=\"paragraph\" data-uialign=\"left\" data-editor-state=\"closed\">&nbsp;</div>', NULL, NULL, NULL, 113, 1),
(1206, 'Nesma & Partners Sponsors Project Management Symposium Forum', '<div id=\"1182112445\" class=\"u_1182112445 dmNewParagraph\" data-dmtmpl=\"true\" data-element-type=\"paragraph\" data-uialign=\"left\">Nesma &amp; Partners was a gold sponsor of the Project Management Symposium (PMI-KSA) Forum in Jeddah.<br /><br />The event focused on presenting effective project management topics and techniques for professionals and included discussing emerging projects in the renewable energy field.</div>\r\n<div id=\"1265221539\" class=\"u_1265221539 dmNewParagraph\" data-dmtmpl=\"true\" data-element-type=\"paragraph\" data-uialign=\"left\" data-editor-state=\"closed\">&nbsp;</div>', NULL, NULL, NULL, 113, 2),
(1207, 'الأمير سعود بن نايف آل سعود يفتتح أكاديمية \"زادك\" السعودية لفنون الطهي', '<div id=\"1503144563\" class=\"dmRespRow\">\r\n<div id=\"1759260406\" class=\"dmRespColsWrapper\">\r\n<div id=\"1090693196\" class=\"u_1090693196 dmRespCol small-12 large-8 medium-8\">\r\n<div id=\"1929589104\" class=\"u_1929589104 dmNewParagraph\" data-dmtmpl=\"true\" data-element-type=\"paragraph\" data-uialign=\"right\">\r\n<div>دشن صاحب السمو الملكي الأمير سعود بن نايف آل سعود، أكاديمية \"زادك\" السعودية لفنون الطهي في الخبر. تتمثل رؤية الأكاديمية في إحداث تغيير إيجابي في مجتمع المملكة العربية السعودية، من خلال إنشاء أكاديمية رائدة لفنون الطهي، لتصبح منصة لقطاع الأغذية في المملكة. يُذكر أن نسما للتجارة هي المؤسس المشارك والراعي لأكاديمية \"زادك\".</div>\r\n<div>&nbsp;</div>\r\n<div>ترأس المجلس الاستشاري لأكاديمية \"زادك\"، نائب رئيس مجموعة نسما القابضة، نورة التركي، بينما مارك ألدرسون، المدير العام لشركة نسما للتموين عضو في اللجنة التنفيذية لـ \"زادك\".</div>\r\n</div>\r\n</div>\r\n</div>\r\n</div>', NULL, NULL, NULL, 112, 1),
(1208, 'Prince Saud Bin Naif Al Saud Inaugurates ZADK Saudi Culinary Academy', '<div id=\"1182112445\" class=\"u_1182112445 dmNewParagraph\" data-dmtmpl=\"true\" data-element-type=\"paragraph\" data-uialign=\"left\">His Royal Highness, Prince Saud Bin Naif Al Saud, inaugurated ZADK Saudi Culinary Academy in Khobar, which has a vision to create positive social change in Saudi Arabia by establishing a top-quality flagship Culinary Academy that becomes a platform for the Kingdom&rsquo;s food sector. Nesma Trading is a co-founder and sponsor of ZADK.<br /><br />Nesma Holding&rsquo;s vice president, Noura Alturki, sits on ZADK&rsquo;s advisory board, while Mark Alderson, Nesma Catering&rsquo;s general manager, is a member of ZADK\'s executive committee.</div>\r\n<div id=\"1265221539\" class=\"u_1265221539 dmNewParagraph\" data-dmtmpl=\"true\" data-element-type=\"paragraph\" data-uialign=\"left\" data-editor-state=\"closed\">&nbsp;</div>', NULL, NULL, NULL, 112, 2),
(1209, 'نسما القابضة توقع مذكرة تفاهم مع مؤسسة مسك', '<div id=\"1137549648\" class=\"dmRespRow\">\r\n<div id=\"1707402130\" class=\"dmRespColsWrapper\">\r\n<div id=\"1384069358\" class=\"u_1384069358 dmRespCol small-12 large-8 medium-8\">\r\n<div id=\"1785187047\" class=\"u_1785187047 dmNewParagraph\" data-dmtmpl=\"true\" data-element-type=\"paragraph\" data-uialign=\"right\">\r\n<div>كجزء من منتدى المسك العالمي لعام 2019 المنعقد في الرياض ، وقعت شركة نسما القابضة مذكرة تفاهم مع مؤسسة مسك.</div>\r\n<div>&nbsp;</div>\r\n<div>بموجب الاتفاقية ، سوف تستكشف نسما ومسك برامج مشتركة لتوفير تدريب يسهم في المساعدة في تجهيز وتدريب الشباب السعودي ليصبحوا الجيل القادم من القادة.</div>\r\n</div>\r\n</div>\r\n</div>\r\n</div>', NULL, NULL, NULL, 111, 1),
(1210, 'Nesma Holding Signs MOU with MiSK Foundation', '<div id=\"1182112445\" class=\"u_1182112445 dmNewParagraph\" data-dmtmpl=\"true\" data-element-type=\"paragraph\" data-uialign=\"left\">\r\n<div>As part of the 2019 MiSK Global Forum held in Riyadh, Nesma Holding signed a memorandum of understanding (MOU) with the MiSK Foundation.</div>\r\n<div>&nbsp;</div>\r\n<div>Per the agreement, Nesma and MiSK will explore joint programs to provide training to help equip and train young Saudis to become the next generation of leaders.</div>\r\n</div>\r\n<div id=\"1265221539\" class=\"u_1265221539 dmNewParagraph\" data-dmtmpl=\"true\" data-element-type=\"paragraph\" data-uialign=\"left\" data-editor-state=\"closed\">&nbsp;</div>', NULL, NULL, NULL, 111, 2),
(1211, 'جاليري نسما أرت تشارك في التجربة 0.3 وتستضيف معرض بانوراما', '<div id=\"1393221848\" class=\"dmRespRow\">\r\n<div id=\"1401160769\" class=\"dmRespColsWrapper\">\r\n<div id=\"1700023022\" class=\"u_1700023022 dmRespCol small-12 large-7 medium-7\">\r\n<div id=\"1567397858\" class=\"u_1567397858 dmNewParagraph\" data-dmtmpl=\"true\" data-element-type=\"paragraph\" data-uialign=\"right\">\r\n<div>شارك جاليري نسما أرت في أكبر معرض فني في المملكة العربية السعودية بعنوان \"التجربة 0.3\"، الذي عُقد في الرياض من قبل معهد مسك للفنون.</div>\r\n<div>&nbsp;</div>\r\n<div>إلى جانب المشاركة في حدث الرياض، استضافت جاليري نسما أرت معرض \"بانوراما\"، وهو معرض جماعي لأربعة فنانين يعرض مجموعة من الفنون التشكيلية بأنماط مختلفة.</div>\r\n</div>\r\n</div>\r\n</div>\r\n</div>', NULL, NULL, NULL, 287, 1),
(1212, 'Nesma Art Gallery Participates in “Experiment 0.3” and Hosts Panorama', '<div id=\"1182112445\" class=\"u_1182112445 dmNewParagraph\" data-dmtmpl=\"true\" data-element-type=\"paragraph\" data-uialign=\"left\">\r\n<div>Nesma Art Gallery participated in the largest art exhibition in Saudi Arabia, &ldquo;Experiment 0.3&rdquo;, organized by Misk Art Institute and held in Riyadh.</div>\r\n<div>&nbsp;</div>\r\n<div>Besides participating in the event in Riyadh, Nesma Art Gallery hosted &ldquo;Panorama,&rdquo; a group exhibition of four artists, presenting a fine art collection of different styles.</div>\r\n</div>\r\n<div id=\"1265221539\" class=\"u_1265221539 dmNewParagraph\" data-dmtmpl=\"true\" data-element-type=\"paragraph\" data-uialign=\"left\" data-editor-state=\"closed\">&nbsp;</div>', NULL, NULL, NULL, 287, 2),
(1213, 'تكريم نسما للطيران لدعمها للمؤسسة الخيرية الوطنية للرعاية الصحية المنزلية', '<div id=\"1110675814\" class=\"u_1110675814 dmNewParagraph\" data-dmtmpl=\"true\" data-element-type=\"paragraph\">\r\n<div>تم تكريم نسما للطيران لجهودها في دعم المؤسسة الخيرية الوطنية للرعاية الصحية المنزلية.</div>\r\n<div>استلم التكريم نيابة عن شركة نسما للطيران، الأستاذ يوسف السالمي، الرئيس التنفيذي للاستراتيجية بمجموعة نسما القابضة.</div>\r\n</div>\r\n<div id=\"1973718538\" class=\"dmRespRow\">\r\n<div id=\"1472398771\" class=\"dmRespColsWrapper\">&nbsp;</div>\r\n</div>', NULL, NULL, NULL, 110, 1),
(1214, 'Nesma Airlines Recognized for Supporting The National Home Health Care Foundation', '<div id=\"1182112445\" class=\"dmNewParagraph u_1182112445\" data-dmtmpl=\"true\" data-element-type=\"paragraph\" data-uialign=\"left\">\r\n<div>Nesma Airlines was recognized for its efforts in supporting the National Home Health Care Foundation.</div>\r\n<div>&nbsp;</div>\r\n<div>Yousef Alsalmi, Chief Strategy Officer, Nesma Holding, received the recognition on behalf of Nesma Airlines.</div>\r\n</div>\r\n<div id=\"1265221539\" class=\"u_1265221539 dmNewParagraph\" data-dmtmpl=\"true\" data-element-type=\"paragraph\" data-uialign=\"left\" data-editor-state=\"closed\">&nbsp;</div>', NULL, NULL, NULL, 110, 2),
(1215, 'مركز قيطان للخياطة والتطريز يتبع فلسفة كايزن', '<div id=\"1095269928\" class=\"dmRespRow\">\r\n<div id=\"1844814338\" class=\"dmRespColsWrapper\">\r\n<div id=\"1695779123\" class=\"u_1695779123 dmRespCol small-12 medium-12 large-12\">\r\n<div id=\"1862942096\" class=\"u_1862942096 dmNewParagraph\" data-dmtmpl=\"true\" data-element-type=\"paragraph\" data-uialign=\"right\">\r\n<div>مركز قيطان بالدمام في أن يصبح المصنع الثالث ضمن شبكة مصانع نسما غير الربحية لاعتماد فلسفة كايزن Kaizen.</div>\r\n<div>&nbsp;</div>\r\n<div>يركز نهج كايزن على نظام إدارة نقاط الضعف والتحسين المستمر للعمليات، من خلال التعامل مع إزالة مخلفات العمليات، والاتصالات، واللوجستيات، والشؤون المالية، والمشتريات، والزمن اللازم لتنفيذ المهام منذ البداية حتى النهاية.</div>\r\n</div>\r\n</div>\r\n</div>\r\n</div>', NULL, NULL, NULL, 97, 1),
(1216, 'Qetan Tailoring & Embroidery Center Follows Kaizen Philosophy', '<div id=\"1182112445\" class=\"u_1182112445 dmNewParagraph\" data-dmtmpl=\"true\" data-element-type=\"paragraph\" data-uialign=\"left\">\r\n<div>Qetan Center in Dammam has succeeded in being the third factory within Nesma&rsquo;s nonprofit network of factories to implement the Kaizen philosophy.</div>\r\n<div>&nbsp;</div>\r\n<div>The Kaizen method focuses on a lean management system and continuous improvement of operations by removing waste in processes, communication, logistics, finance, purchasing and time taken to process a task from start to finish.</div>\r\n</div>\r\n<div id=\"1265221539\" class=\"u_1265221539 dmNewParagraph\" data-dmtmpl=\"true\" data-element-type=\"paragraph\" data-uialign=\"left\" data-editor-state=\"closed\">&nbsp;</div>', NULL, NULL, NULL, 97, 2),
(1217, 'إن ديجيتيك تشترك في معرض التقنية وتتعاون مع تيسلا', '<div id=\"1076052006\" class=\"dmRespRow\">\r\n<div id=\"1994276323\" class=\"dmRespColsWrapper\">\r\n<div id=\"1862143724\" class=\"u_1862143724 dmRespCol small-12 large-7 medium-7\">\r\n<div id=\"1594470869\" class=\"u_1594470869 dmNewParagraph\" data-dmtmpl=\"true\" data-element-type=\"paragraph\" data-uialign=\"right\">\r\n<div>شاركت كل من إن ديجيتيك للطباعة (NDigitec Prepress) ودبي برينت.كوم (Dubaiprint.com) في معرض الخليج لمصادر تقنيات الطباعة والتغليف في دبي، والذي جمع ما يزيد على 8737 زائرًا من أكثر من 90 دولة. خلال هذا الحدث، سعدت إن ديجيتيك للطباعة بالإعلان عن بداية حقبة طباعة جديدة؛ تتمثل في الانتقال من طباعة الفليكس عالية الجودة إلى طباعة إكس.بي.إس كريستال (XPS Crystal) عبر منصة NDXC المتقدمة للإعداد والتجهيز المسبق.</div>\r\n<div>&nbsp;</div>\r\n<div>بالإضافة إلى ذلك، عملت إن ديجيتيك مع شركة تيسلا (Tesla)، شركة السيارات الرائدة، لتصميم حوامل/ ستاندات لفعاليتين، هما القمة العالمية لطاقة المستقبل (World Future Energy Summit) وقمة الذكاء الاصطناعي (AI Everything). من أجل تلك القمم، قامت إن ديجيتك بتطوير حوامل أنيقة مع عناصر ذات تقنيات عالية تتماشى مع رؤية شركة تيسلا Tesla نحو سيارات صديقة للبيئة.</div>\r\n</div>\r\n</div>\r\n</div>\r\n</div>', NULL, NULL, NULL, 100, 1);
INSERT INTO `article_descriptions` (`id`, `title`, `description`, `slug`, `meta_description`, `keywords`, `article_id`, `language_id`) VALUES
(1218, 'NDigitec Participates in Tech Show and Collaborates with Tesla', '<div id=\"1182112445\" class=\"u_1182112445 dmNewParagraph\" data-dmtmpl=\"true\" data-element-type=\"paragraph\" data-uialign=\"left\">\r\n<div>NDigitec Prepress and Dubaiprint.com participated in the Gulf Print &amp; Pack (GPP) technology sourcing show in Dubai, an exhibition that gathered over 8,737 visitors from 90+ countries.</div>\r\n<div>&nbsp;</div>\r\n<div>During the event, NDigitec Prepress was excited to announce the beginning of a new printing era represented by moving from HD quality flexo printing to XPS Crystal via NDXC, an advanced prepress and premedia platform.</div>\r\n<div>&nbsp;</div>\r\n<div>Additionally, NDigitec worked with Tesla, a leading automotive company, to design stands for two events, the World Future Energy Summit and AI Everything. For these occasions, NDigitec developed elegant stands with high-tech elements in line with Tesla\'s eco friendly vehicle vision.</div>\r\n</div>\r\n<div id=\"1265221539\" class=\"u_1265221539 dmNewParagraph\" data-dmtmpl=\"true\" data-element-type=\"paragraph\" data-uialign=\"left\" data-editor-state=\"closed\">&nbsp;</div>', NULL, NULL, NULL, 100, 2),
(1219, 'مركز نسما للتدريب يتعاون مع الهيئة السعودية للمقيّمين المعتمدين', '<div id=\"1435450016\" class=\"dmRespRow\">\r\n<div id=\"1449040380\" class=\"dmRespColsWrapper\">\r\n<div id=\"1084006720\" class=\"u_1084006720 dmRespCol small-12 large-7 medium-7\">\r\n<div id=\"1068104750\" class=\"u_1068104750 dmNewParagraph\" data-dmtmpl=\"true\" data-element-type=\"paragraph\" data-uialign=\"right\">\r\n<div>تعاونت مركز نسما للتدريب مع الهيئة السعودية للمقيّمين المعتمدين، وهي مؤسسة حكومية تهدف إلى تطوير مهنة التقييم وتدريب المقيّمين المؤهلين.</div>\r\n<div>&nbsp;</div>\r\n<div>سيتضمن البرنامج التدريبي، الذي يستضيفه مركز نسما للتدريب، دورات حول مبادئ التقييم العقاري الأساسية، وأنظمة العقارات، ومبادئ تخطيط المدن، وتحليل السوق، ومعايير التقييم العقاري الدولي.</div>\r\n</div>\r\n</div>\r\n</div>\r\n</div>', NULL, NULL, NULL, 101, 1),
(1220, 'NTC Collaborates with the Saudi Authority for Accredited Valuers', '<div>Nesma Training Center (NTC) collaborated with the Saudi Authority for Accredited Valuers, a government organization that aims to develop the valuation profession and train qualified valuers.</div>\r\n<div>&nbsp;</div>\r\n<div>The training program, hosted by NTC will include sessions on basic real estate valuation principles, real estate systems and city planning principles, market analysis and real estate international evaluation standards.</div>\r\n<div>&nbsp;</div>', NULL, NULL, NULL, 101, 2),
(1221, 'مركز نسما للتدريب يستضيف برنامج التاجر الصغير', '<div id=\"1483414795\" class=\"dmRespRow\">\r\n<div id=\"1498101303\" class=\"dmRespColsWrapper\">\r\n<div id=\"1109042179\" class=\"u_1109042179 dmRespCol small-12 large-8 medium-8\">\r\n<div id=\"1716962169\" class=\"u_1716962169 dmNewParagraph\" data-dmtmpl=\"true\" data-element-type=\"paragraph\" data-uialign=\"right\">\r\n<div>وقع مركز نسما للتدريب اتفاقية مع مؤسسة هنّ للمعارض والمؤتمرات بهدف إطلاق برنامج \"التاجر الصغير\" للوعي المالي، بالتعاون مع الهيئة العامة لتنمية المؤسسات الصغيرة والمتوسطة.&nbsp;</div>\r\n</div>\r\n</div>\r\n</div>\r\n</div>', NULL, NULL, NULL, 82, 1),
(1222, 'NESMA Training Center hosts the Young Trader program', '<p>Nesma Training Center signed an agreement with the Han Foundation for Exhibitions and Conferences, with the aim of launching the \"Small Trader\" program for financial awareness, in cooperation with the Public Authority for Small and Medium Enterprises Development.</p>', NULL, NULL, NULL, 82, 2),
(1223, 'نسما للاتصالات والتقنية تحوز على مشروع لصالح الهيئة الملكية للجبيل وينبع', '<div id=\"1248689655\" class=\"dmRespRow\">\r\n<div id=\"1752095779\" class=\"dmRespColsWrapper\">\r\n<div id=\"1121890660\" class=\"u_1121890660 dmRespCol small-12 large-8 medium-8\">\r\n<div id=\"1311711566\" class=\"u_1311711566 dmNewParagraph\" data-dmtmpl=\"true\" data-element-type=\"paragraph\" data-uialign=\"right\">\r\n<div>حازت شركة نسما للاتصالات والتقنية على مشروع لصالح الهيئة الملكية للجبيل وينبع، لاستخدام نظام التموضع العالمي من شركة Opticom في تنفيذ الاستباق المشروط لمركبات الطوارئ في ست تقاطعات طرق في مدينة الجبيل.</div>\r\n<div>&nbsp;</div>\r\n<div>يهدف المشروع إلى تسريع حركة مركبات الطوارئ دون التأثير على تدفق حركة المرور.</div>\r\n</div>\r\n</div>\r\n</div>\r\n</div>', NULL, NULL, NULL, 83, 1),
(1224, 'Nesma Telecom and Technology holds a project for the Royal Commission for Jubail and Yanbu', '<div id=\"1182112445\" class=\"dmNewParagraph u_1182112445\" data-dmtmpl=\"true\" data-element-type=\"paragraph\" data-uialign=\"left\">\r\n<div>Nesma Telecom and Technology Company has acquired a project for the Royal Commission for Jubail and Yanbu, to use the global positioning system from Opticom in implementing the conditional pre-emption of emergency vehicles in six road junctions in the city of Jubail.</div>\r\n<div>&nbsp;</div>\r\n<div>The project aims to accelerate the movement of emergency vehicles without affecting the flow of traffic.</div>\r\n</div>', NULL, NULL, NULL, 83, 2),
(1225, 'نسما القابضة تبلغ 40 عاما', '<div id=\"1281900743\" class=\"dmRespRow\">\r\n<div id=\"1641690179\" class=\"dmRespColsWrapper\">\r\n<div id=\"1153125343\" class=\"u_1153125343 dmRespCol small-12 large-8 medium-8\">\r\n<div id=\"1011890641\" class=\"u_1011890641 dmNewParagraph\" data-dmtmpl=\"true\" data-element-type=\"paragraph\" data-uialign=\"right\">\r\n<div>في 14 فبراير 2019، أكملت نسما القابضة 40 عامًا منذ تأسيسها؛ حيث تأسست على يد الشيخ صالح علي التركي في عام 1979 تحت مسمى الشركة الوطنية للخدمات الهندسية والتسويق (نسما NESMA).&nbsp;</div>\r\n<div>&nbsp;</div>\r\n<div>وقد نمت الشركة على مر العقود من شراكة واحدة إلى مجموعة تضم أكثر من 40 شركة، يعمل لديها أكثر من 30,000 موظف.</div>\r\n</div>\r\n</div>\r\n</div>\r\n</div>', NULL, NULL, NULL, 84, 1),
(1226, 'Nesma Holding Turns 40', '<p>On February 14, 2019, Nesma Holding turned 40 years old. Established in 1979 by His Excellency Sh. Saleh Ali Al-Turki as National Engineering Services and Marketing (NESMA), the company has grown over the decades from a single partnership to a group of over 40 companies with more than 30,000 employees.</p>', NULL, NULL, NULL, 84, 2),
(1227, 'نسما القابضة تطلق صندوق صالح التركي لتمكين الموظفين', '<div id=\"1459673568\" class=\"dmRespRow\">\r\n<div id=\"1183835769\" class=\"dmRespColsWrapper\">\r\n<div id=\"1881512958\" class=\"u_1881512958 dmRespCol small-12 large-7 medium-7\">\r\n<div id=\"1394816339\" class=\"u_1394816339 dmNewParagraph\" data-dmtmpl=\"true\" data-element-type=\"paragraph\" data-uialign=\"right\">\r\n<div>تزامناً مع الذكرى الأربعين لتأسيس نسما، أعلنت نسما القابضة عن إطلاق صندوق صالح التركي لتمكين الموظفين. صندوق صالح التركي لتمكين الموظفين هو امتداد لروح مؤسسنا السخية، ويهدف إلى تشجيع وتمكين موظفي نسما لمتابعة هواياتهم الشخصية ومواهبهم وجهودهم التطوعية.</div>\r\n</div>\r\n</div>\r\n</div>\r\n</div>', NULL, NULL, NULL, 85, 1),
(1228, 'Nesma Holding Launches Saleh Al-Turki Employee Empowerment Fund', '<div id=\"1182112445\" class=\"u_1182112445 dmNewParagraph\" data-dmtmpl=\"true\" data-element-type=\"paragraph\" data-uialign=\"left\">\r\n<div>To coincide with Nesma&rsquo;s 40th anniversary, Nesma Holding announced the launch of the Saleh Al-Turki Employee Empowerment Fund. The Saleh Al-Turki Employee Empowerment Fund is an extension Nesma&rsquo;s founder&rsquo;s generous spirit and it aims to encourage and empower Nesma employees to pursue their personal hobbies, talents, and volunteer efforts.</div>\r\n</div>\r\n<div id=\"1265221539\" class=\"u_1265221539 dmNewParagraph\" data-dmtmpl=\"true\" data-element-type=\"paragraph\" data-uialign=\"left\" data-editor-state=\"closed\">&nbsp;</div>', NULL, NULL, NULL, 85, 2),
(1229, 'نسما وشركاهم تحوز على مشروع حقن المياه براً لأرامكو', '<div id=\"1739167206\" class=\"dmRespRow\">\r\n<div id=\"1188536307\" class=\"dmRespColsWrapper\">\r\n<div id=\"1083597863\" class=\"u_1083597863 dmRespCol small-12 large-7 medium-7\">\r\n<div id=\"1367982241\" class=\"u_1367982241 dmNewParagraph\" data-dmtmpl=\"true\" data-element-type=\"paragraph\" data-uialign=\"right\">\r\n<div>حازت شركة نسما وشركاهم على مشروع حقن المياه براً، وهو جزء من برنامج أرامكو لتوسعة حقل المرجان. سيشمل نطاق العمل بناء خط نقل مياه بطول 73 كم وقطر 30 بوصة لنقل المياه من حقل جلعادي، وخزان واسية للمياه الجوفية قرب أبو حدرية، إلى مجمع تناجيب النفطي.</div>\r\n</div>\r\n</div>\r\n</div>\r\n</div>', NULL, NULL, NULL, 86, 1),
(1230, 'Nesma & Partners Awarded Aramco’s Onshore Water Injection Project', '<p>Nesma &amp; Partners was awarded an Onshore Water Injection project, part of Aramco&rsquo;s Marjan Increment Program. The work will include construction of a 73 km, 30-inch water transmission line to transport water from Jaladi Field, Wassia Aquifer near Abu Hadriyah to Tanajib Oil Plant.</p>', NULL, NULL, NULL, 86, 2),
(1231, 'معرض الموظفون 2019 بمعرض نسما للفنون', '<div id=\"1509573123\" class=\"dmRespRow\">\r\n<div id=\"1493187281\" class=\"dmRespColsWrapper\">\r\n<div id=\"1367028564\" class=\"u_1367028564 dmRespCol small-12 large-7 medium-7\">\r\n<div id=\"1744810454\" class=\"u_1744810454 dmNewParagraph\" data-dmtmpl=\"true\" data-element-type=\"paragraph\" data-uialign=\"right\">\r\n<div>تحت رعاية رئيس مجلس إدارة شركة نسما ، فيصل التركي ، عرض معرض نسما 2019 للموظفين أعمالًا فنية قام موظفو نسما بإبداعها عبر المجموعة.</div>\r\n<div>&nbsp;</div>\r\n<div>كشف الحدث ، الذي أقيم في معرض نسما للفنون في جدة ، عن المواهب الفنية لموظفي نسما بأشكال مختلفة مثل الفنون البصرية والأداء.</div>\r\n</div>\r\n</div>\r\n</div>\r\n</div>', NULL, NULL, NULL, 284, 1),
(1232, '2019 Employees Exhibition at Nesma Art Gallery', '<div id=\"1182112445\" class=\"u_1182112445 dmNewParagraph\" data-dmtmpl=\"true\" data-element-type=\"paragraph\" data-uialign=\"left\">\r\n<div>Under the patronage of Nesma President, Faisal Alturki, Nesma&rsquo;s 2019 Employees&rsquo; Exhibition showcased artwork created by Nesma employees across the Group.</div>\r\n<div>&nbsp;</div>\r\n<div>The event, held at Nesma Art Gallery in Jeddah, revealed the artistic talents of Nesma employees in different forms such as visual and performing arts.</div>\r\n</div>\r\n<div id=\"1265221539\" class=\"u_1265221539 dmNewParagraph\" data-dmtmpl=\"true\" data-element-type=\"paragraph\" data-uialign=\"left\" data-editor-state=\"closed\">&nbsp;</div>', NULL, NULL, NULL, 284, 2),
(1233, 'مركز نسما للتدريب يستضيف دورات تدريبية لمحاسبي نسما', '<div id=\"1359660063\" class=\"dmRespRow\">\r\n<div id=\"1690676454\" class=\"dmRespColsWrapper\">\r\n<div id=\"1125859710\" class=\"u_1125859710 dmRespCol small-12 large-8 medium-8\">\r\n<div id=\"1552242568\" class=\"u_1552242568 dmNewParagraph\" data-dmtmpl=\"true\" data-element-type=\"paragraph\" data-uialign=\"right\">\r\n<div>عقدت مجموعة الدورات التدريبية الأولى لمحاسبي نسما في جدة ، والتي صممها السيد/ نعيم شاه ، في مركز نسما للتدريب بهدف تعزيز فهمهم للغة الإنجليزية للأعمال والمحاسبة من خلال سلسلة من الدورات التي تصل إلى 16 شهرًا ، والتي ستستقطب الدارسين من ذوي المستوى المتوسط وحتى المستويات المتوسطة العليا.</div>\r\n<div>&nbsp;</div>\r\n<div>خضع المشاركون لاختبارات تقويم المستوى باللغة الإنجليزية وتم تقسيمهم إلى مجموعتين بناءً على النتائج. بدأت كل مجموعة في المستوى المناسب من تعلم اللغة.</div>\r\n<div>&nbsp;</div>\r\n<div>تم عقد اجتماع ترحيبي في قاعة مركز نسما للتدريب قبل بدء الدورات لتعريف الموظفين بالبرنامج</div>\r\n</div>\r\n</div>\r\n</div>\r\n</div>', NULL, NULL, NULL, 102, 1),
(1234, 'NTC Hosts Training Courses for Nesma Accountants', '<div id=\"1182112445\" class=\"dmNewParagraph u_1182112445\" data-dmtmpl=\"true\" data-element-type=\"paragraph\" data-uialign=\"left\">\r\n<div>The first training courses for Nesma&rsquo;s accountants in Jeddah, designed by Naim Shah, were held at Nesma Training Center with the aim of reinforcing their understanding of business English and accounting through a series of courses lasting up to 16 months, that will take students from pre-intermediate through upper intermediate levels.</div>\r\n<div>&nbsp;</div>\r\n<div>Participants have undergone screening tests in English and have been divided into two groups based on the results. Each group began at the appropriate level of language instruction.</div>\r\n<div>&nbsp;</div>\r\n<div>A welcome meeting was held at NTC auditorium before the start of the courses to introduce the employees to the program.</div>\r\n</div>\r\n<div id=\"1265221539\" class=\"u_1265221539 dmNewParagraph\" data-dmtmpl=\"true\" data-element-type=\"paragraph\" data-uialign=\"left\" data-editor-state=\"closed\">&nbsp;</div>', NULL, NULL, NULL, 102, 2),
(1235, 'نسما للكهرباء والاتصالات توقع عقدها الأول في البحرين', '<div id=\"1819099463\" class=\"dmRespRow\">\r\n<div id=\"1788879432\" class=\"dmRespColsWrapper\">\r\n<div id=\"1103078053\" class=\"u_1103078053 dmRespCol small-12 large-8 medium-8\">\r\n<div id=\"1599405509\" class=\"u_1599405509 dmNewParagraph\" data-dmtmpl=\"true\" data-element-type=\"paragraph\" data-uialign=\"right\">\r\n<div>وقعت شركة نسما للكهرباء والاتصالات عقدها الأول في مملكة البحرين، مع هيئة الكهرباء والماء البحرينية، لبناء أربع محطات تحويل/توزيع، بجهد 66 كيلوفولت في مدينة الشامية. تم التوقيع على اعتبار عقد تسليم المفتاح بتكلفة إجمالية، كجزء من المرحلة الثانية من مشروع تطوير شبكتي نقل الطاقة الكهربائية ذات الجهدين 220 و66 كيلوفولت، والذي يتم تمويله من قبل الصندوق السعودي للتنمية.</div>\r\n</div>\r\n</div>\r\n</div>\r\n</div>', NULL, NULL, NULL, 114, 1),
(1236, 'Nesma Electric & Communications Signs First Contract in Bahrain', '<div id=\"1182112445\" class=\"u_1182112445 dmNewParagraph\" data-dmtmpl=\"true\" data-element-type=\"paragraph\" data-uialign=\"left\">Nesma Electric &amp; Communications (NE&amp;C) signed its first contract in the Kingdom of Bahrain for the construction of four 66kV substations at Almadinah Alshameyah with Bahrain&rsquo;s Electricity &amp; Water Authority (EWA) on a lump sum turnkey basis and as part of the 220kV &amp; 66kV transmission development phase 2 which is being funded by the Saudi Fund for Development (SFD).</div>\r\n<div id=\"1265221539\" class=\"u_1265221539 dmNewParagraph\" data-dmtmpl=\"true\" data-element-type=\"paragraph\" data-uialign=\"left\" data-editor-state=\"closed\">&nbsp;</div>', NULL, NULL, NULL, 114, 2),
(1237, 'نسما وشركاهم تكمل مشروع THE303 في مركز الملك عبدالله المالي', '<div>قامت شركة نسما وشركاهم بستليم مشروع تم العمل عليه بأسلوب التنفيذ المتسارع لصالح مركز الملك عبدالله المالي في الرياض خلال هذا الشهر.</div>\r\n<div>&nbsp;</div>\r\n<div>المشروع يحمل إسم THE303 وهو عبارة عن مطعم منبثق في حديقة ويضم ثمانية مطابخ بتصميم حاويات شحن وتقدم وجبات مستوحاة من طعام الشوارع.</div>\r\n<div>&nbsp;</div>\r\n<div>&nbsp;نسما وشركاهم أكملت المشروع في الموعد المحدد بعد ستة أسابيع فقط من إستكمال التصاميم التفصيلية.</div>', NULL, NULL, NULL, 87, 1),
(1238, 'Nesma & Partners Completes THE303 at KAFD', '<div id=\"1182112445\" class=\"dmNewParagraph u_1182112445\" data-dmtmpl=\"true\" data-element-type=\"paragraph\" data-uialign=\"left\">\r\n<div>Nesma &amp; Partners delivered a fast track project in Riyadh for King Abdullah Financial District (KAFD) this month.</div>\r\n<div>&nbsp;</div>\r\n<div>The project called, THE303, is a pop-up restaurant park with eight gourmet street food &lsquo;containerized&rsquo; kitchens.</div>\r\n<div>&nbsp;</div>\r\n<div>Nesma &amp; Partners completed the project on the target date and only six weeks after completing the detailed designs.</div>\r\n</div>\r\n<div id=\"1265221539\" class=\"u_1265221539 dmNewParagraph\" data-dmtmpl=\"true\" data-element-type=\"paragraph\" data-uialign=\"left\" data-editor-state=\"closed\">&nbsp;</div>', NULL, NULL, NULL, 87, 2),
(1239, 'نسما للطاقة المتجددة وجينكو للطاقة الشمسية تستضيفان ورشة الطاقة الشمسية الكهروضوئية', '<p>استضافت مجموعة نسما للطاقة المتجددة، بالشراكة مع جينكو للطاقة الشمسية، ورشة الطاقة الشمسية الكهروضوئية في الرياض بتاريخ 11 مارس 2019. تعد جينكو للطاقة الشمسية حاليًا الشركة المصنعة الأولى للوحات الطاقة الشمسية في العالم، وهي مرتبة حصلت عليها الشركة على مدار الأعوام الثلاثة الماضية.</p>', NULL, NULL, NULL, 91, 1),
(1240, 'Nesma Renewables & Jinko Solar Hosted Solar PV Workshop', '<div id=\"1182112445\" class=\"u_1182112445 dmNewParagraph\" data-dmtmpl=\"true\" data-element-type=\"paragraph\" data-uialign=\"left\">\r\n<div>Nesma Renewables Group in partnership with Jinko Solar hosted a solar PV workshop in Riyadh on 11th March 2019. Jinko Solar is currently the number 1 Solar Panel manufacturer in the world, a position it has enjoyed for the past 3 years.</div>\r\n</div>\r\n<div id=\"1265221539\" class=\"u_1265221539 dmNewParagraph\" data-dmtmpl=\"true\" data-element-type=\"paragraph\" data-uialign=\"left\" data-editor-state=\"closed\">&nbsp;</div>', NULL, NULL, NULL, 91, 2),
(1241, 'منحت شركة شمول القابضة شركة نسما وشركاهم مشروع الرياض', '<div id=\"1943871891\" class=\"dmRespRow\">\r\n<div id=\"1383117320\" class=\"dmRespColsWrapper\">\r\n<div id=\"1865595298\" class=\"u_1865595298 dmRespCol small-12 large-8 medium-8\">\r\n<div id=\"1614455839\" class=\"u_1614455839 dmNewParagraph\" data-dmtmpl=\"true\" data-element-type=\"paragraph\" data-uialign=\"right\">\r\n<div>فازت شركة نسما وشركاهم بمشروع الأفنيوز بالرياض والذي يقدر قيمته بـ 6.15 مليار ريال سعودي من قبل مجمع شمول التجاري والذي هو أحد فروع شركة شمول القابضة.</div>\r\n<div>&nbsp;</div>\r\n<div>يشمل نطاق أعمال نسما وشركاهم تصميم وبناء مركز تجاري ضخم ، وأماكن وقوف السيارات ، وحدائق وطرق داخلية.</div>\r\n<div>&nbsp;</div>\r\n<div>سوف يضم مشروع الأفنيوز - الرياض أكثر من 1300 متجر ويتكون من خمسة أبراج متعددة الأغراض مع الفنادق وقاعات المؤتمرات والشقق السكنية والمكاتب والمرافق الطبية.</div>\r\n</div>\r\n</div>\r\n</div>\r\n</div>', NULL, NULL, NULL, 103, 1),
(1242, 'Shomoul Holding Awards Nesma & Partners Riyadh Project', '<div id=\"1182112445\" class=\"dmNewParagraph u_1182112445\" data-dmtmpl=\"true\" data-element-type=\"paragraph\" data-uialign=\"left\">\r\n<div>Nesma &amp; Partners was awarded The Avenues - Riyadh project, valued at SAR 6.15 billion, by Shomoul Trade Complex, one of Shomoul Holding&rsquo;s subsidiaries.</div>\r\n<div>&nbsp;</div>\r\n<div>Nesma &amp; Partners&rsquo; scope of work includes the design and construction of a mega mall, parking spaces, gardens and internal roads.</div>\r\n<div>&nbsp;</div>\r\n<div>The Avenues - Riyadh will house more than 1,300 stores and consist of five multi-purpose towers with hotels, conference halls, residential apartments, offices and medical facilities.</div>\r\n</div>\r\n<div id=\"1265221539\" class=\"u_1265221539 dmNewParagraph\" data-dmtmpl=\"true\" data-element-type=\"paragraph\" data-uialign=\"left\" data-editor-state=\"closed\">&nbsp;</div>', NULL, NULL, NULL, 103, 2),
(1243, 'نسما القابضة وإمارة مكة يتفقان لإنشاء مصانع خياطة وتطريز', '<div id=\"1813769772\" class=\"dmRespRow\">\r\n<div id=\"1682714568\" class=\"dmRespColsWrapper\">\r\n<div id=\"1043539074\" class=\"u_1043539074 dmRespCol small-12 large-8 medium-8\">\r\n<div id=\"1176144157\" class=\"u_1176144157 dmNewParagraph\" data-dmtmpl=\"true\" data-element-type=\"paragraph\" data-uialign=\"right\">\r\n<div>قعت شركة نسما القابضة مذكرة تعاون مع إمارة منطقة مكة المكرمة بحضور نائب أمير منطقة مكة المكرمة الأمير بدر بن سلطان آل سعود.</div>\r\n<div>&nbsp;</div>\r\n<div>وتهدف الإتفاقية إلى إتباع خطة عمل مشتركة بين الطرفين لإنشاء مصانع للخياطة والتطريز في منطقة مكة المكرمة</div>\r\n<div>&nbsp;</div>\r\n<div>ستعمل المراكز على تعزيز تشغيل العنصر النسائي من خلال توفير فرص للنساء اللائي كان لديهن فرص عمل محدودة للغاية، وتمشياً مع الرؤية الاجتماعية لشركة نسما للتطريز لإنشاء مصنع في كل قرية في المملكة العربية السعودية.</div>\r\n<div>&nbsp;</div>\r\n<div>تجدر الإشارة إلى أن الإتفاقية واكبت الذكرى السنوية العاشرة للمشروع: حيث بدأ مركز نسما للخياطة والتطريز عملياته في العام 2009م من خلال التركيز على توظيف الموظفات اللائي يعانين من إعاقات في النطق والسمع ، مع الحفاظ على توفير أماكن عمل تتناسب مع الإعاقة ، ثم تم توسيع النطاق ليشمل القرى.</div>\r\n</div>\r\n</div>\r\n</div>\r\n</div>', NULL, NULL, NULL, 105, 1),
(1244, 'Nesma Holding and the Emirate of Makkah Province to Establish Sewing and Embroidery Factories', '<div>Nesma Holding signed a memorandum of cooperation with the Emirate of Makkah Province, in the presence of the Deputy Governor of Makkah region, Prince Badr bin Sultan Al Saud.</div>\r\n<div>&nbsp;</div>\r\n<div>The agreement aims to follow a joint work plan between the two parties to establish sewing and embroidery factories in Makkah Province.</div>\r\n<div>&nbsp;</div>\r\n<div>The centers will promote female employment by offering opportunities to women who otherwise would have very limited employment chances, in keeping with Nesma Embroidery&rsquo;s social vision to have a factory in every village in Saudi Arabia.</div>\r\n<div>&nbsp;</div>\r\n<div>It is also noteworthy that the agreement marks the 10th anniversary of the project: Nesma Embroidery and Tailoring Center started operations in 2009 by focusing on hiring female employees with speech-and-hearing disabilities, and then expanded to villages while maintaining disability-friendly workspaces.</div>', NULL, NULL, NULL, 105, 2),
(1245, 'المنتدى الأول للتنوع والشمول في نسما', '<div id=\"1691599592\" class=\"dmRespRow\">\r\n<div id=\"1136215048\" class=\"dmRespColsWrapper\">\r\n<div id=\"1897257331\" class=\"u_1897257331 dmRespCol small-12 large-8 medium-8\">\r\n<div id=\"1147183040\" class=\"u_1147183040 dmNewParagraph\" data-dmtmpl=\"true\" data-element-type=\"paragraph\" data-uialign=\"right\">\r\n<div id=\"1691599592\" class=\"dmRespRow\">\r\n<div id=\"1136215048\" class=\"dmRespColsWrapper\">\r\n<div id=\"1897257331\" class=\"u_1897257331 dmRespCol small-12 large-8 medium-8\">\r\n<div id=\"1147183040\" class=\"u_1147183040 dmNewParagraph\" data-dmtmpl=\"true\" data-element-type=\"paragraph\" data-uialign=\"right\">\r\n<div>استضافت نسما القابضة أول منتدى للتنوع والشمول تحت شعار \"التنوع حقيقة ، الشمول هو فعل\". وبتبني التغييرات الإجتماعية الإيجابيه التي حققتها رؤية المملكة 2030 ، حل هذا المنتدى محل منتديات نسما للمرأة ، الذي إنعقد كل عام ابتداءً من 2012م</div>\r\n<div>&nbsp;</div>\r\n<div>وفي حديثها لجمهور من الرجال والنساء في مركز نسما للتدريب في جدة وقرية نسما في الدمام ، أعلنت نوره التركي ، نائبة الرئيس ، نسما القابضة عن رؤية جديده للتنوع والشمول في نسما ، وقالت: \"عندما أطلقنا منتدى نسما للمرأة ، كانت رسالة لموظفاتنا بأنهن موضع تقدير . وبالنظر إلى التركيبة الاجتماعية في ذلك الوقت ، فإن إستضاف حدث منفصل للنساء كان هو السبيل إلى إحتوائهن. اليوم ، لقد تغير المشهد. لقد قفزنا خلال 7 سنوات فقط من وجود 281 امرأة في مجموعة نسما إلى 1200 امرأة إندمجن في الإدارات والشركات. لم يتغير معنى التنوع ، ولكن إن كيفية إظهارنا لهذا التنوع من خلال الشمول ما يجب أن يجعلنا مواكبين للزمن\".</div>\r\n<div>&nbsp;</div>\r\n<div>ناقش المشاركون في هذا الحدث مفهوم التنوع وأبرزوا أن التنوع يشمل الجنسية والجنس والعمر والخبرة الشخصية والقدرات البدنية وغيرها من العوامل الأخرى التي تجعل القوة العاملة فريدة من نوعها.</div>\r\n<div>&nbsp;</div>\r\n<div>وقد أدار هذا المنتدى السيدة / رنا الزومعي ، المدير التنفيذي للاتصالات المؤسسية لشركة نسما القابضة ، حيث عُقدت حلقات نقاش شارك فيها المتحدثون بآرائهم عن كيفية إزدهار الشركات من خلال الشمول ، وكيفية دعم تمكين الأقليات ، وحقيقة أن الأعمال المتنوعة أقوى وأكثر قدرة على المنافسة وأكثر نجاحاً.</div>\r\n</div>\r\n</div>\r\n</div>\r\n</div>\r\n</div>\r\n</div>\r\n</div>\r\n</div>', NULL, NULL, NULL, 106, 1),
(1246, 'First Diversity & Inclusion Forum at Nesma', '<div id=\"1182112445\" class=\"dmNewParagraph u_1182112445\" data-dmtmpl=\"true\" data-element-type=\"paragraph\" data-uialign=\"left\">\r\n<div>Nesma Holding hosted its first Diversity &amp; Inclusion Forum under the theme, &ldquo;Diversity is a fact, inclusion is an act.\" Embracing the positive social changes brought forward by the Kingdom\'s Vision 2030, this forum replaced the Nesma Women\'s Forums, which took place every year starting in 2012.</div>\r\n<div>&nbsp;</div>\r\n<div>Speaking to an audience of men and women at Nesma Training Center in Jeddah and Nesma Village in Dammam, Noura Al Turki, Vice President, Nesma Holding announced a new vision for diversity and inclusion at Nesma. She said, \"When we launched the Nesma Women\'s Forum, it was a message to our female employees that they are valued and appreciated. Given the social environment of the time, hosting a separate event for women was the way to include them. Today, the landscape has changed. We have jumped in just 7 years from having 281 women in the Nesma Group to 1,200 women who are integrated across departments and companies. Our value of diversity has not changed, but how we manifest this diversity through inclusion must keep up with changing times.\"</div>\r\n<div>&nbsp;</div>\r\n<div>At the event, participants discussed the concept of diversity and highlighted that diversity includes nationality, gender, age, personal experience, physical abilities, and other factors that make the workforce unique.</div>\r\n<div>&nbsp;</div>\r\n<div>Moderated by Nesma Holding&rsquo;s Corporate Communications Executive Manager, Rana Zumai, panel discussions took place where speakers shared how companies can prosper from inclusion, how to support empowerment of minorities, and the fact that diverse businesses are stronger, more competitive, and more successful.</div>\r\n<div>&nbsp;</div>\r\n<div>Nesma Holding hosted its first Diversity &amp; Inclusion Forum under the theme, &ldquo;Diversity is a fact, inclusion is an act.\" Embracing the positive social changes brought forward by the Kingdom\'s Vision 2030, this forum replaced the Nesma Women\'s Forums, which took place every year starting in 2012.</div>\r\n<div>&nbsp;</div>\r\n<div>Speaking to an audience of men and women at Nesma Training Center in Jeddah and Nesma Village in Dammam, Noura Al Turki, Vice President, Nesma Holding announced a new vision for diversity and inclusion at Nesma. She said, \"When we launched the Nesma Women\'s Forum, it was a message to our female employees that they are valued and appreciated. Given the social environment of the time, hosting a separate event for women was the way to include them. Today, the landscape has changed. We have jumped in just 7 years from having 281 women in the Nesma Group to 1,200 women who are integrated across departments and companies. Our value of diversity has not changed, but how we manifest this diversity through inclusion must keep up with changing times.\"</div>\r\n<div>&nbsp;</div>\r\n<div>At the event, participants discussed the concept of diversity and highlighted that diversity includes nationality, gender, age, personal experience, physical abilities, and other factors that make the workforce unique.</div>\r\n<div>&nbsp;</div>\r\n<div>Moderated by Nesma Holding&rsquo;s Corporate Communications Executive Manager, Rana Zumai, panel discussions took place where speakers shared how companies can prosper from inclusion, how to support empowerment of minorities, and the fact that diverse businesses are stronger, more competitive, and more successful.</div>\r\n</div>\r\n<div id=\"1265221539\" class=\"u_1265221539 dmNewParagraph\" data-dmtmpl=\"true\" data-element-type=\"paragraph\" data-uialign=\"left\" data-editor-state=\"closed\">&nbsp;</div>', NULL, NULL, NULL, 106, 2),
(1247, 'نسما التجارية تحصل على مشروع الشقيق وفرسان من قبل للمؤسسة العامة لتحلية المياه المالحة', '<div id=\"1895268233\" class=\"dmRespRow\">\r\n<div id=\"1663512273\" class=\"dmRespColsWrapper\">\r\n<div id=\"1685695532\" class=\"u_1685695532 dmRespCol small-12 large-8 medium-8\">\r\n<div id=\"1180254564\" class=\"u_1180254564 dmNewParagraph\" data-dmtmpl=\"true\" data-element-type=\"paragraph\" data-uialign=\"right\">\r\n<div>حصلت نسما التجارية على مشروع الحاجز الأمني والبحري، من قبل المؤسسة العامة لتحلية المياه المالحة، يغطي محطتي تحلية المياه بالشقيق وفرسان.</div>\r\n<div>&nbsp;</div>\r\n<div>يتضمن المشروع إنشاء برنامج أمني، للتأكد توافق منطقة الواجهة البحرية مع التوجيهات الأمنية الصادرة عن الهيئة العليا للأمن الصناعي.</div>\r\n</div>\r\n</div>\r\n</div>\r\n</div>', NULL, NULL, NULL, 107, 1),
(1248, 'Nesma Trading Awarded SWCC Shuqaiq & Farasan Project', '<div id=\"1607975192\" class=\"u_1607975192 dmRespCol small-12 large-7 medium-7\">\r\n<div id=\"1182112445\" class=\"dmNewParagraph u_1182112445\" data-dmtmpl=\"true\" data-element-type=\"paragraph\" data-uialign=\"left\">\r\n<div>Nesma Trading was awarded the Security and Marine Barrier Project by the Saline Water Conversion Corporation (SWCC) covering the Shuqaiq and Farasan desalination plants.</div>\r\n<div>&nbsp;</div>\r\n<div>The project includes establishing a security program to ensure that the marine interface area is in compliance with security directives issued by the High Commission of Industrial Security (HCIS).</div>\r\n</div>\r\n</div>', NULL, NULL, NULL, 107, 2),
(1249, 'الإعلان عن شراكة جديدة خلال فعاليات أسبوع جيتكس للتقنية', '<div id=\"1887969369\" class=\"dmRespRow\">\r\n<div id=\"1511462117\" class=\"dmRespColsWrapper\">\r\n<div id=\"1512053003\" class=\"u_1512053003 dmRespCol small-12 medium-12 large-12\">\r\n<div id=\"1338316481\" class=\"u_1338316481 dmNewParagraph\" data-dmtmpl=\"true\" data-element-type=\"paragraph\" data-uialign=\"right\">\r\n<div>شاركت كل من شركة نسما للكهرباء وقسم الاتصالات التابع لشركة نسما للاتصالات والتكنولوجيا في فعاليات أسبوع جيتكس للتقنية، والذي استضافه مركز دبي التجاري العالمي، وجذب أكثر من 4500 عارض من جميع أنحاء العالم.</div>\r\n<div>&nbsp;</div>\r\n<div>خلال هذا الحدث، أعلنت نسما للاتصالات والتكنولوجيا عن شراكتها الجديدة مع هايتيرا، مصنع حلول وأجهزة الاتصال اللاسلكي المتنقلة، أحد أبرز مزودي حلول الاتصالات اللاسلكية المتنقلة في العالم.</div>\r\n<div>&nbsp;</div>\r\n<div>وتخطط كل من نسما للاتصالات والتكنولوجيا وهايتيرا لتقديم حلول الاتصالات المهمة الخاصة بمشاريع السلامة العامة والمدن الذكية في المنطقة.</div>\r\n</div>\r\n</div>\r\n</div>\r\n</div>', NULL, NULL, NULL, 108, 1),
(1250, 'New Partnership Announcement During GITEX Technology Week', '<div id=\"1182112445\" class=\"u_1182112445 dmNewParagraph\" data-dmtmpl=\"true\" data-element-type=\"paragraph\" data-uialign=\"left\">\r\n<div>Nesma Electric &amp; Communications division of Nesma Telecom &amp; Technology (NE&amp;C) was part of GITEX Technology week, hosted at Dubai World Trade Centre, and attracting over 4,500 exhibitors from around the world.&nbsp;</div>\r\n<div>&nbsp;</div>\r\n<div>During the event, NE&amp;C announced its new partnership with radio transceivers and radio systems manufacturer Hytera, one of the world&rsquo;s leading professional mobile radio communication solutions providers.</div>\r\n<div>&nbsp;</div>\r\n<div>NE&amp;C and Hytera plan to introduce mission critical communication solutions for public safety and smart city projects in the region.</div>\r\n</div>\r\n<div id=\"1265221539\" class=\"u_1265221539 dmNewParagraph\" data-dmtmpl=\"true\" data-element-type=\"paragraph\" data-uialign=\"left\" data-editor-state=\"closed\">&nbsp;</div>', NULL, NULL, NULL, 108, 2),
(1251, 'نسما القابضة تفوز بجائزة الاعتدال لعام 2019', '<div id=\"1573725449\" class=\"dmRespRow\">\r\n<div id=\"1389539523\" class=\"dmRespColsWrapper\">\r\n<div id=\"1093365650\" class=\"u_1093365650 dmRespCol small-12 large-8 medium-8\">\r\n<div id=\"1222384615\" class=\"u_1222384615 dmNewParagraph\" data-dmtmpl=\"true\" data-element-type=\"paragraph\" data-uialign=\"right\">\r\n<div>نسما القابضة أحد الفائزين بجائزة الاعتدال لعام 2019، وهي أول جائزة في مجال الاعتدال برعاية صاحب السمو الملكي الأمير خالد فيصل آل سعود.</div>\r\n<div>&nbsp;</div>\r\n<div>تهدف الجائزة إلى تعزيز قيم الاعتدال، ومكافحة التطرف في المنطقة، وقد أقيم الحفل في جامعة الملك عبدالعزيز بجدة.</div>\r\n</div>\r\n</div>\r\n</div>\r\n</div>', NULL, NULL, NULL, 109, 1),
(1252, 'Nesma Holding Wins 2019 Moderation Award', '<div id=\"1182112445\" class=\"dmNewParagraph u_1182112445\" data-dmtmpl=\"true\" data-element-type=\"paragraph\" data-uialign=\"left\">\r\n<div>Nesma Holding was one of the winners of the 2019 Moderation Award, the first award in the field of moderation, sponsored by His Royal Highness, Prince Khalid bin Faisal Al Saud.</div>\r\n<div>&nbsp;</div>\r\n<div>The ceremony was held at King Abdulaziz University in Jeddah and promotes the values of moderation and combating extremism in the region.</div>\r\n</div>\r\n<div id=\"1265221539\" class=\"u_1265221539 dmNewParagraph\" data-dmtmpl=\"true\" data-element-type=\"paragraph\" data-uialign=\"left\" data-editor-state=\"closed\">&nbsp;</div>', NULL, NULL, NULL, 109, 2),
(1253, 'نسما للتجارة تشارك في معرض بيج 5 السعودي', '<div id=\"1182112445\" class=\"u_1182112445 dmNewParagraph\" data-dmtmpl=\"true\" data-element-type=\"paragraph\" data-uialign=\"left\">\r\n<div>Nesma Trading Housing Division participated in the Big 5 Saudi Exhibition at the Jeddah Centre for Forums &amp; Events. The event featured 300 exhibiting construction companies showcasing the latest innovations for Saudi Arabia&rsquo;s building industry.&nbsp;</div>\r\n</div>\r\n<div id=\"1265221539\" class=\"u_1265221539 dmNewParagraph\" data-dmtmpl=\"true\" data-element-type=\"paragraph\" data-uialign=\"left\" data-editor-state=\"closed\">&nbsp;</div>', NULL, NULL, NULL, 88, 1),
(1254, 'Nesma Trading Participates in Big 5 Saudi Exhibition', '<p>Nesma Trading Housing Division participated in the Big 5 Saudi Exhibition at the Jeddah Centre for Forums &amp; Events. The event featured 300 exhibiting construction companies showcasing the latest innovations for Saudi Arabia&rsquo;s building industry.</p>', NULL, NULL, NULL, 88, 2),
(1255, 'نسما للإتصالات والتقنية تحوز على مشروع مع هيئة المدن الصناعية ومناطق التقنية والشركة الوطنية لخدمات كفاءة الطاقة', '<div id=\"1146214265\" class=\"dmRespRow\">\r\n<div id=\"1377992197\" class=\"dmRespColsWrapper\">\r\n<div id=\"1641517515\" class=\"u_1641517515 dmRespCol small-12 large-8 medium-8\">\r\n<div id=\"1646922805\" class=\"u_1646922805 dmNewParagraph\" data-dmtmpl=\"true\" data-element-type=\"paragraph\" data-uialign=\"right\">\r\n<div>حازت شركة نسما للإتصالات والتقنية على عقد مع هيئة المدن الصناعية ومناطق التقنية بقيمة ٥٠ مليون ريال سعودي لإنشاء محطة فرعية داخلية بإستخدام نظم المعلومات الجغرافية في صناعية عسفان بجدة.</div>\r\n<div>&nbsp;</div>\r\n<div>سيكون للمحطة الفرعية دور حاسم في تلبية الطلب المتزايد من قبل هيئة المدن الصناعية على المنطقة حديثة التطور.</div>\r\n</div>\r\n</div>\r\n</div>\r\n</div>', NULL, NULL, NULL, 89, 1),
(1256, 'NT&T Awarded Project with Modon & National Energy Services', '<div id=\"1182112445\" class=\"dmNewParagraph u_1182112445\" data-dmtmpl=\"true\" data-element-type=\"paragraph\" data-uialign=\"left\">\r\n<div>Nesma Telecom &amp; Technology (NT&amp;T) was awarded a contract with the Saudi Industrial Property Authority (MODON) valued at SAR 50 million to construct indoor GIS type substation in Asfan Industrial Area, Jeddah.</div>\r\n<div>&nbsp;</div>\r\n<div>This substation will have a critical role in fulfilling the increased demand by MODON for the newly developed area.</div>\r\n</div>\r\n<div id=\"1265221539\" class=\"u_1265221539 dmNewParagraph\" data-dmtmpl=\"true\" data-element-type=\"paragraph\" data-uialign=\"left\" data-editor-state=\"closed\">&nbsp;</div>', NULL, NULL, NULL, 89, 2),
(1257, 'شركة نسما للاتصالات والتقنية تحوز على مشروع للشركة الوطنية لخدمات الطاقة', '<div id=\"1615600440\" class=\"dmRespRow\">\r\n<div id=\"1763721612\" class=\"dmRespColsWrapper\">\r\n<div id=\"1287129404\" class=\"u_1287129404 dmRespCol small-12 large-8 medium-8\">\r\n<div id=\"1311185523\" class=\"u_1311185523 dmNewParagraph\" data-dmtmpl=\"true\" data-element-type=\"paragraph\" data-uialign=\"right\">\r\n<div>حصلت شركة نسما للاتصالات والتقنية على مشروع لصالح الشركة الوطنية لخدمات الطاقة (ترشيد)، وهي مؤسسة مملوكة للصندوق السعودي للاستثمار العام. يشمل نطاق العمل استبدال أكثر من 7000 وحدة من مصابيح إنارة الشوارع بمصابيح إنارة موفرة للطاقة في المنطقة الغربية للمملكة العربية السعودية.</div>\r\n</div>\r\n</div>\r\n</div>\r\n</div>', NULL, NULL, NULL, 90, 1),
(1258, 'NT&T Awarded NESCO Project', '<div>Nesma Telecom &amp; Technology was awarded a project by the National Energy Services Company (NESCO), Tarshid, an institution owned by the Saudi Public Investment Fund.</div>\r\n<div>&nbsp;</div>\r\n<div>The scope of work includes replacing more than 7000 street lighting luminaires with energy-efficient lighting fixtures in the western region of Saudi Arabia.</div>', NULL, NULL, NULL, 90, 2),
(1259, 'شركة نسما للإتصالات والتقنية تفوز بمشروع شركة الكهرباء السعودية', '<div id=\"1140639483\" class=\"dmRespRow\">\r\n<div id=\"1751789291\" class=\"dmRespColsWrapper\">\r\n<div id=\"1264071317\" class=\"u_1264071317 dmRespCol small-12 large-8 medium-8\">\r\n<div id=\"1190371096\" class=\"u_1190371096 dmNewParagraph\" data-dmtmpl=\"true\" data-element-type=\"paragraph\" data-uialign=\"right\">\r\n<div>فازت شركة نسما للإتصالات والتقنية بمشروع شركة الكهرباء السعودية لبناء محطة عرفات &ndash; 3 بقدرة 110 / 13.8 كيلو فولت.</div>\r\n<div>&nbsp;</div>\r\n<div>يهدف هذا المشروع إلى زيادة القدرة الكهربائية للمنطقة المقدسة في مدينة مكة المكرمة لتلبية الطلب المتزايد على الطاقة الكهربائية ودعم وزارة الحج في خدمة جميع الحجاج.</div>\r\n</div>\r\n</div>\r\n</div>\r\n</div>', NULL, NULL, NULL, 104, 1),
(1260, 'NT&T Awarded Saudi Electricity Company Project', '<div id=\"1182112445\" class=\"dmNewParagraph u_1182112445\" data-dmtmpl=\"true\" data-element-type=\"paragraph\" data-uialign=\"left\">\r\n<div>Nesma Telecom &amp; Technology (NT&amp;T) has been awarded the construction of the Arafat-3 110/13.8kV substation by the Saudi Electricity Company.</div>\r\n<div>&nbsp;</div>\r\n<div>The purpose of this project is to increase the electrical capacity of the holy area in the city of Makkah to satisfy the increasing demand for electric power and support the Ministry of Hajj in serving all pilgrims.</div>\r\n</div>\r\n<div id=\"1265221539\" class=\"u_1265221539 dmNewParagraph\" data-dmtmpl=\"true\" data-element-type=\"paragraph\" data-uialign=\"left\" data-editor-state=\"closed\">&nbsp;</div>', NULL, NULL, NULL, 104, 2),
(1261, 'نسما تتحدث في منتدى بي ايه سيستمز للتنوع والشمولية', '<div id=\"1061123929\" class=\"dmRespRow\">\r\n<div id=\"1493026954\" class=\"dmRespColsWrapper\">\r\n<div id=\"1582594665\" class=\"u_1582594665 dmRespCol small-12 large-8 medium-8\">\r\n<div id=\"1624681815\" class=\"u_1624681815 dmNewParagraph\" data-dmtmpl=\"true\" data-element-type=\"paragraph\" data-uialign=\"right\">\r\n<div>قامت شركة بي ايه سيستمز السعودية بدعوة مجموعة نسما للتحدث في منتدى \"التنوع والشمولية في المملكة العربية السعودية\".</div>\r\n<div>&nbsp;</div>\r\n<div>وقد تمت دعوة كلٍ من شركات نسما والمراعي وصافولا إلى المنتدى كمثال لشركات سعودية ناجحة تقدّر التنوع بين الناس، ولديها بيئات عمل داعمة، بهدف زيادة مشاركات ومساهمات جميع الموظفين.</div>\r\n</div>\r\n</div>\r\n</div>\r\n</div>', NULL, NULL, NULL, 288, 1),
(1262, 'Nesma speaks at the BA Systems Forum for Diversity and Inclusiveness', '<div id=\"1182112445\" class=\"dmNewParagraph u_1182112445\" data-dmtmpl=\"true\" data-element-type=\"paragraph\" data-uialign=\"left\">\r\n<div>Saudi BAS Systems has invited Nesma Group to speak at the \"Diversity and Inclusion in the Kingdom of Saudi Arabia\" forum.</div>\r\n<div>&nbsp;</div>\r\n<div>Both Nesma, Almarai and Savola companies were invited to the forum as an example of successful Saudi companies that value diversity among people and have supportive work environments, with the aim of increasing the contributions and contributions of all employees.</div>\r\n</div>\r\n<div id=\"1265221539\" class=\"u_1265221539 dmNewParagraph\" data-dmtmpl=\"true\" data-element-type=\"paragraph\" data-uialign=\"left\" data-editor-state=\"closed\">&nbsp;</div>', NULL, NULL, NULL, 288, 2),
(1263, 'المدراء التنفيذيين لنسما القابضة يحضرون دورة حوكمة الشركات', '<div id=\"1315060964\" class=\"dmRespRow\">\r\n<div id=\"1864888429\" class=\"dmRespColsWrapper\">\r\n<div id=\"1922575443\" class=\"u_1922575443 dmRespCol small-12 large-8 medium-8\">\r\n<div id=\"1123030035\" class=\"u_1123030035 dmNewParagraph\" data-dmtmpl=\"true\" data-element-type=\"paragraph\" data-uialign=\"right\">\r\n<div>نظم معهد حوكمة الشركات (الحوكمة)، ورشة عمل حول حوكمة الشركات للرؤساء والمدراء التنفيذيين لنسما القابضة. سلطت ورشة العمل الضوء على جوانب مختلفة من حوكمة الشركات، مثل دور المجالس الفرعية، ومهام ومسؤوليات أعضاء المجلس التنفيذي.</div>\r\n</div>\r\n</div>\r\n</div>\r\n</div>', NULL, NULL, NULL, 93, 1),
(1264, 'Nesma Executives Attend Governance Course', '<div id=\"1182112445\" class=\"u_1182112445 dmNewParagraph\" data-dmtmpl=\"true\" data-element-type=\"paragraph\" data-uialign=\"left\">\r\n<div>Presented by the Institute for Corporate Governance, Hawkamah, a corporate governance workshop was conducted for Nesma executives and CEOs.</div>\r\n<div>&nbsp;</div>\r\n<div>The workshop highlighted various aspects of corporate governance such as the role of subsidiary boards and the duties of executive board members .</div>\r\n</div>\r\n<div id=\"1265221539\" class=\"u_1265221539 dmNewParagraph\" data-dmtmpl=\"true\" data-element-type=\"paragraph\" data-uialign=\"left\" data-editor-state=\"closed\">&nbsp;</div>', NULL, NULL, NULL, 93, 2),
(1265, 'دورة توعية لكبار موظفي نسما حول إدارة المخاطر', '<div id=\"1020306161\" class=\"dmRespRow\">\r\n<div id=\"1588660686\" class=\"dmRespColsWrapper\">\r\n<div id=\"1108498259\" class=\"u_1108498259 dmRespCol small-12 large-8 medium-8\">\r\n<div id=\"1815717113\" class=\"u_1815717113 dmNewParagraph\" data-dmtmpl=\"true\" data-element-type=\"paragraph\" data-uialign=\"right\">\r\n<div>في مركز نسما للتدريب، عُقدت دورة للتوعية بالمخاطر على مدى يومين بعنوان \"إدارة المخاطر للمدراء العاملين في مجالات خالية من المخاطر\"، بحضور كبار الموظفين من مختلف شركات مجموعة نسما.</div>\r\n<div>&nbsp;</div>\r\n<div>الدورة نُظمت من قبل لجنة التدقيق والشؤون المالية لنسما القابضة، وقد ألقت الضوء على كيفية تطوير ثقافة إدارة المخاطر، بما في ذلك مؤشرات المخاطر، والإبلاغ عن المخاطر، والأدوات الأساسية لإدارة المخاطر.</div>\r\n</div>\r\n</div>\r\n</div>\r\n</div>', NULL, NULL, NULL, 92, 1),
(1266, 'Nesma Senior Employees Learn about Risk Management', '<div id=\"1182112445\" class=\"u_1182112445 dmNewParagraph\" data-dmtmpl=\"true\" data-element-type=\"paragraph\" data-uialign=\"left\">\r\n<div>A two-day risk awareness course titled &ldquo;Risk Management for Non-Risk Managers,&rdquo; was held at Nesma Training Center (NTC) and attended by senior employees from across the Nesma Group.</div>\r\n<div>&nbsp;</div>\r\n<div>Organized by Nesma Holding Audit and Finance Committee, the course shed light on how to develop a risk management culture, including risk indicators, risk reporting and basic risk management tools.</div>\r\n</div>\r\n<div id=\"1265221539\" class=\"u_1265221539 dmNewParagraph\" data-dmtmpl=\"true\" data-element-type=\"paragraph\" data-uialign=\"left\" data-editor-state=\"closed\">&nbsp;</div>', NULL, NULL, NULL, 92, 2),
(1267, 'نسما وشركاهم توقع عقد لتنفيذ مطار القنفذة', '<div id=\"1962917898\" class=\"dmRespRow\">\r\n<div id=\"1523156780\" class=\"dmRespColsWrapper\">\r\n<div id=\"1667843296\" class=\"u_1667843296 dmRespCol small-12 large-8 medium-8\">\r\n<div id=\"1717466804\" class=\"u_1717466804 dmNewParagraph\" data-dmtmpl=\"true\" data-element-type=\"paragraph\" data-uialign=\"right\">\r\n<div>نسما وشركاهم ستعمل على تنفيذ أعمال بناء المشروع البالغ مساحته ٢٠٠٠٠ متر مربع بقيمة تبلغ ٨٤٠ مليون ريال سعودي ويتوقع أن يتم الانتهاء منه خلال عامين.</div>\r\n<div>&nbsp;</div>\r\n<div>يشمل نطاق العمل خمس بوابات للسفر،٢ سير لنقل الأمتعة،٢٠ منصة لإنهاء إجراءات السفر، بالإضافة إلى صالات إستراحة للدرجة الأولى وكبار الشخصيات.</div>\r\n<div>&nbsp;</div>\r\n<div>قام رئيس شركة نسما القابضة، فيصل التركي، بتوقيع العقد مع الهيئة العامة للطيران المدني لتنفيذ مطار القتفذة.</div>\r\n</div>\r\n</div>\r\n</div>\r\n</div>', NULL, NULL, NULL, 94, 1),
(1268, 'Nesma & Partners Signs Contract for Al Qunfudah Airport', '<div id=\"1182112445\" class=\"dmNewParagraph u_1182112445\" data-dmtmpl=\"true\" data-element-type=\"paragraph\" data-uialign=\"left\">\r\n<div>Nesma &amp; Partners will construct the 20,000 square-meter construction project worth SR 840 million and is expected to be completed in two years. The scope includes five travel gates, two conveyor belts, 20 travel counters as well as first class and VIP lounges.</div>\r\n<div>&nbsp;</div>\r\n<div>Nesma Holding President Faisal Alturki, signed the agreement with the General Authority of Civil Aviation (GACA) for the implementation of &ldquo;Al Qunfudah Airport&rdquo;.</div>\r\n</div>\r\n<div id=\"1265221539\" class=\"u_1265221539 dmNewParagraph\" data-dmtmpl=\"true\" data-element-type=\"paragraph\" data-uialign=\"left\" data-editor-state=\"closed\">&nbsp;</div>', NULL, NULL, NULL, 94, 2),
(1269, 'ياسمين الميمني تدخل التاريخ بصفتها أول طيارة على خطوط طيران تجارية سعودية', '<div id=\"1361267905\" class=\"dmRespRow\">\r\n<div id=\"1127377857\" class=\"dmRespColsWrapper\">\r\n<div id=\"1091704303\" class=\"u_1091704303 dmRespCol small-12 large-7 medium-7\">\r\n<div id=\"1872333784\" class=\"u_1872333784 dmNewParagraph\" data-dmtmpl=\"true\" data-element-type=\"paragraph\" data-uialign=\"right\">\r\n<div>احتفلت كل من نسما للطيران، والهيئة العامة للطيران المدني، ومطار حائل الدولي، بأول رحلة رسمية لطيارة نسما للطيران، ياسمين الميمني، التي صنعت التاريخ كأول طيارة على خطوط طيران تجارية سعودية.</div>\r\n<div>&nbsp;</div>\r\n<div>لقد نال هذا الاحتفال اهتمام الصحافة السعودية على نطاق واسع، وقد صادف حدوثه ذكرى مرور عام واحد على قيادة النساء في المملكة (يونيو 2018).</div>\r\n</div>\r\n</div>\r\n</div>\r\n</div>', NULL, NULL, NULL, 95, 1),
(1270, 'Yasmeen Al-Maimani Makes History As First Female Pilot in Saudi Commercial Airlines', '<div>Nesma Airlines, the General Authority of Civil Aviation and Hail International Airport, celebrated the first official flight of Nesma Airlines pilot, Yasmeen Al-Maimani, who made history as the first female commercial airlines pilot in Saudi Arabia.</div>\r\n<div>&nbsp;</div>\r\n<div>This important milestone for the Kingdom of Saudi Arabia was widely celebrated in the news and also marks the the one-year anniversary of women driving (June 2018).</div>\r\n<div>&nbsp;</div>', NULL, NULL, NULL, 95, 2),
(1271, 'نسما ترعى حفل الزواج الجماعي زواج', '<div id=\"1477159572\" class=\"dmRespRow\">\r\n<div id=\"1631091730\" class=\"dmRespColsWrapper\">\r\n<div id=\"1778817904\" class=\"u_1778817904 dmRespCol small-12 large-7 medium-7\">\r\n<div id=\"1203226392\" class=\"u_1203226392 dmNewParagraph\" data-dmtmpl=\"true\" data-element-type=\"paragraph\" data-uialign=\"right\">\r\n<div>رعت شركة نسما القابضة حفل زواج جماعي بتنظيم من جمعية \"زواج\" للزواج والإرشاد الأسري بجدة.</div>\r\n<div>&nbsp;</div>\r\n<div>وقد شارك في هذا الحفل 1400 عروس وعريس، تحت رعاية صاحب السمو الملكي الأمير مشعل بن ماجد آل سعود، محافظ محافظة جدة.</div>\r\n</div>\r\n</div>\r\n</div>\r\n</div>', NULL, NULL, NULL, 99, 1),
(1272, 'Nesma Sponsors Zawaj Group Marriage', '<div id=\"1182112445\" class=\"u_1182112445 dmNewParagraph\" data-dmtmpl=\"true\" data-element-type=\"paragraph\" data-uialign=\"left\">\r\n<div>Nesma Holding sponsored a group marriage organized by the Society for Marriage and Family Guidance of Jeddah, &ldquo;Zawaj&rsquo;.</div>\r\n<div>&nbsp;</div>\r\n<div>A total of 1400 brides and their grooms participated in the ceremony, held in the presence of His Royal Highness, Prince Mishal bin Majid Al Saud, Jeddah&rsquo;s governor.</div>\r\n</div>\r\n<div id=\"1265221539\" class=\"u_1265221539 dmNewParagraph\" data-dmtmpl=\"true\" data-element-type=\"paragraph\" data-uialign=\"left\" data-editor-state=\"closed\">&nbsp;</div>', NULL, NULL, NULL, 99, 2),
(1273, 'نسما للتجارة تحوز على مشروع مركز الجوهرة التجاري', '<div id=\"1860717781\" class=\"dmRespRow\">\r\n<div id=\"1430496391\" class=\"dmRespColsWrapper\">\r\n<div id=\"1471690572\" class=\"u_1471690572 dmRespCol small-12 medium-12 large-12\">\r\n<div id=\"1348318360\" class=\"u_1348318360 dmNewParagraph\" data-dmtmpl=\"true\" data-element-type=\"paragraph\" data-uialign=\"right\">\r\n<div>تم ترسية مشروع مركز الجوهرة التجاري لنسما للتجارة من قبل شركة محمد الحبيب للتطوير العقاري والاستثمار. تتمثل مسؤولية نسما للتجارة في إنشاء وتنفيذ الأعمال الهيكلية لكامل المبنى، الواقع في مدينة جدة.</div>\r\n<div>&nbsp;</div>\r\n<div>يمتد المركز التجاري على مساحة 104,000 متر مربع، ويتكون من ثلاثة طوابق، ويتميز بجادة خارجية، تضم عددا من المطاعم والمقاهي ومنطقة ترفيهية عامة وسينما.</div>\r\n</div>\r\n</div>\r\n</div>\r\n</div>', NULL, NULL, NULL, 96, 1),
(1274, 'Nesma Trading Awarded Al-Jawharah Mall Project', '<div>Nesma Trading was awarded the Al-Jawharah Mall Project by Mohammad Al-Habib Real Estate and Investment Company. Nesma Trading will be responsible for constructing the skeletal works of the building located in Jeddah.</div>\r\n<div>&nbsp;</div>\r\n<div>The commercial center consists of three floors with an area of 104,000 square meters and features an outdoor boulevard with restaurants and cafes, a public entertainment area and cinema.</div>\r\n<div>&nbsp;</div>', NULL, NULL, NULL, 96, 2);

-- --------------------------------------------------------

--
-- Table structure for table `article_photos`
--

CREATE TABLE `article_photos` (
  `id` bigint(20) UNSIGNED NOT NULL,
  `image` varchar(250) DEFAULT NULL,
  `article_id` bigint(20) UNSIGNED DEFAULT NULL
) ENGINE=InnoDB DEFAULT CHARSET=utf8;

--
-- Dumping data for table `article_photos`
--

INSERT INTO `article_photos` (`id`, `image`, `article_id`) VALUES
(9, '/uploads/images/5f32f8bad5956.jpg', 24),
(14, '/uploads/images/5f32fbfc57c8c.jpg', 25),
(15, '/uploads/images/5f32fbfc57c8c.jpg', 26),
(23, '/uploads/images/5f32fbfc57c8c.jpg', 27),
(27, '/uploads/images/5f331a39089c4.jpg', 34),
(30, '/uploads/images/5f33e217de397.jpg', 37),
(36, '/uploads/images/5f331a39089c4.jpg', 40),
(37, '/uploads/images/5f32f033c9e82.jpg', 41),
(42, '/uploads/images/5f331a39089c4.jpg', 42),
(43, '/uploads/images/5f32e1a8bf6eb.jpg', 38),
(44, '/uploads/images/5f33e217de397.jpg', 38),
(45, '/uploads/images/5f33e217de397.jpg', 43),
(46, '/uploads/images/5f331a39089c4.jpg', 44),
(47, '/uploads/images/5f3302d8c1b20.jpg', 45),
(48, '/uploads/images/5f33ed533b4ca.jpg', 46),
(49, '/uploads/images/5f33e217de397.jpg', 47),
(50, '/uploads/images/5f331a39089c4.jpg', 48),
(51, '/uploads/images/5f33e217de397.jpg', 49),
(52, '/uploads/images/5f331a39089c4.jpg', 49),
(53, '/uploads/images/5f33ed533b4ca.jpg', 50),
(54, '/uploads/images/5f3302d8c1b20.jpg', 51),
(55, '/uploads/images/5f33e217de397.jpg', 52),
(56, '/uploads/images/5f3302d8c1b20.jpg', 53),
(57, '/uploads/images/5f32ef8e6e9f5.jpg', 54),
(58, '/uploads/images/5f3302d8c1b20.jpg', 55),
(59, '/uploads/images/5f33e217de397.jpg', 56),
(60, '/uploads/images/5f33e217de397.jpg', 57),
(63, '/uploads/images/5f33e217de397.jpg', 60),
(65, '/uploads/images/5f32ecfc81fef.jpg', 62),
(67, '/uploads/images/5f32f033c9e82.jpg', 64),
(70, '/uploads/images/5f32f033c9e82.jpg', 67),
(72, '/uploads/images/5f33e217de397.jpg', 69),
(118, '/uploads/images/5f33e217de397.jpg', 69),
(119, '/uploads/images/5f33e217de397.jpg', 69),
(120, '/uploads/images/5f33e217de397.jpg', 69),
(123, '/uploads/images/5e96fed30ece6.png', 81),
(124, '/uploads/images/5f2ee65e21dde.jpg', 81),
(125, '/uploads/images/5eafffbad512e.jpg', 81),
(126, '/uploads/images/5eafffc55831e.jpg', 81),
(170, '/uploads/images/5f3324ba2f5dd.jpg', 125),
(172, '/uploads/images/5f3314dacab3b.jpg', 127),
(177, '/uploads/images/5f33ed533b4ca.jpg', 132),
(178, '/uploads/images/5f32e04770e40.jpg', 133),
(186, '/uploads/images/5f33ed533b4ca.jpg', 141),
(194, '/uploads/images/5f32fbfc57c8c.jpg', 149),
(195, '/uploads/images/5f331e8ac35f2.jpg', 150),
(204, '/uploads/images/5f33ed533b4ca.jpg', 159),
(206, '/uploads/images/5f33ed533b4ca.jpg', 161),
(215, '/uploads/images/5f32dfdc7a32a.jpg', 170),
(220, '/uploads/images/5f32fbfc57c8c.jpg', 175),
(221, '/uploads/images/5f331e8ac35f2.jpg', 176),
(227, '/uploads/images/5f3317fac7c8b.jpg', 182),
(238, '/uploads/images/5f32dfdc7a32a.jpg', 193),
(240, '/uploads/images/5f32fbfc57c8c.jpg', 195),
(242, '/uploads/images/5f331e8ac35f2.jpg', 197),
(245, '/uploads/images/5f33ed533b4ca.jpg', 200),
(247, '/uploads/images/5f32fbfc57c8c.jpg', 202),
(252, '/uploads/images/5f33280fe678d.jpg', 207),
(253, '/uploads/images/5f331c0840238.jpg', 208),
(255, '/uploads/images/5f331c0840238.jpg', 210),
(258, '/uploads/images/5f331e8ac35f2.jpg', 213),
(261, '/uploads/images/5f3317fac7c8b.jpg', 216),
(263, '/uploads/images/5f3a12233978a.webp', 218),
(277, '/uploads/images/5f32ef8e6e9f5.jpg', 232),
(312, '/uploads/images/5f3ad991ecf62.jpg', 266),
(313, '/uploads/images/5f33ed533b4ca.jpg', 267),
(323, '/uploads/images/5f330d078ad57.jpg', 277),
(325, '/uploads/images/5f3ad6e54796f.jpg', 279),
(327, '/uploads/images/5f3aef9340779.png', 281),
(369, '/uploads/images/5f3bb524e6b0f.png', 32),
(374, '/uploads/images/5f3bb524e6b0f.png', 33),
(377, '/uploads/images/5f3bb524e6b0f.png', 35),
(378, '/uploads/images/5f330d078ad57.jpg', 115),
(379, '/uploads/images/5f3bb38b47ea9.png', 116),
(380, '/uploads/images/5f3bb64cd506b.png', 117),
(381, '/uploads/images/5f3bb524e6b0f.png', 118),
(382, '/uploads/images/5f3bb524e6b0f.png', 36),
(383, '/uploads/images/5f3bb25c5b4d4.png', 119),
(384, '/uploads/images/5f3bb49f93370.png', 120),
(385, '/uploads/images/5f3bb524e6b0f.png', 121),
(387, '/uploads/images/5f3bb69ee024a.png', 39),
(388, '/uploads/images/5f3bb6b0a6d55.png', 123),
(390, '/uploads/images/5f3bb6c87b109.png', 265),
(391, '/uploads/images/5f3bb21a105e8.png', 135),
(392, '/uploads/images/5f33ed533b4ca.jpg', 136),
(394, '/uploads/images/5f3bb69ee024a.png', 138),
(395, '/uploads/images/5f3bb731a881f.png', 139),
(396, '/uploads/images/5f33ed533b4ca.jpg', 140),
(397, '/uploads/images/5f3bb38b47ea9.png', 142),
(398, '/uploads/images/5f3bb524e6b0f.png', 269),
(399, '/uploads/images/5f3bb524e6b0f.png', 270),
(400, '/uploads/images/5f3bb76547807.png', 143),
(401, '/uploads/images/5f3bb524e6b0f.png', 144),
(404, '/uploads/images/5f3bb731a881f.png', 156),
(405, '/uploads/images/5f3bb21a105e8.png', 157),
(406, '/uploads/images/5f3bb524e6b0f.png', 272),
(407, '/uploads/images/5f3bb25c5b4d4.png', 273),
(408, '/uploads/images/5f331c0840238.jpg', 158),
(409, '/uploads/images/5f3bb69ee024a.png', 160),
(410, '/uploads/images/5f3bb69ee024a.png', 162),
(412, '/uploads/images/5f3bb524e6b0f.png', 274),
(413, '/uploads/images/5f3bb64cd506b.png', 122),
(415, '/uploads/images/5f3bb25c5b4d4.png', 275),
(416, '/uploads/images/5f3bb524e6b0f.png', 276),
(417, '/uploads/images/5f3bb69ee024a.png', 278),
(418, '/uploads/images/5f3bb69ee024a.png', 280),
(419, '/uploads/images/5f3bb524e6b0f.png', 282),
(420, '/uploads/images/5f3bb38b47ea9.png', 137),
(421, '/uploads/images/5f3bb38b47ea9.png', 154),
(422, '/uploads/images/5f3bb524e6b0f.png', 285),
(423, '/uploads/images/5f3bb38b47ea9.png', 155),
(424, '/uploads/images/5f3bb38b47ea9.png', 163),
(426, '/uploads/images/5f3bb69ee024a.png', 286),
(427, '/uploads/images/5f3bb25c5b4d4.png', 124),
(428, '/uploads/images/5f3bb69ee024a.png', 289),
(429, '/uploads/images/5f3bb69ee024a.png', 290),
(430, '/uploads/images/5f3bb69ee024a.png', 291),
(431, '/uploads/images/5f3bb731a881f.png', 164),
(432, '/uploads/images/5f3bb524e6b0f.png', 165),
(434, '/uploads/images/5f3bb524e6b0f.png', 292),
(436, '/uploads/images/5f3bb69ee024a.png', 168),
(437, '/uploads/images/5f3bb49f93370.png', 293),
(438, '/uploads/images/5f3bb524e6b0f.png', 294),
(439, '/uploads/images/5f3bb524e6b0f.png', 295),
(440, '/uploads/images/5f3ae896d0118.jpg', 296),
(441, '/uploads/images/5f33280fe678d.jpg', 169),
(443, '/uploads/images/5f3bb524e6b0f.png', 70),
(445, '/uploads/images/5f3bb524e6b0f.png', 71),
(446, '/uploads/images/5f3bb25c5b4d4.png', 172),
(447, '/uploads/images/5f3bb69ee024a.png', 72),
(448, '/uploads/images/5f3bb524e6b0f.png', 183),
(449, '/uploads/images/5f3bb69ee024a.png', 73),
(450, '/uploads/images/5f3bb524e6b0f.png', 184),
(451, '/uploads/images/5f3bb69ee024a.png', 185),
(452, '/uploads/images/5f3bb49f93370.png', 262),
(453, '/uploads/images/5f3bb524e6b0f.png', 263),
(454, '/uploads/images/5f3bbb21c961d.png', 186),
(455, '/uploads/images/5f3bb69ee024a.png', 264),
(456, '/uploads/images/5f3a12233978a.webp', 187),
(457, '/uploads/images/5f3bb49f93370.png', 188),
(458, '/uploads/images/5f3a95918846b.png', 74),
(459, '/uploads/images/5f3bb524e6b0f.png', 75),
(460, '/uploads/images/5f32dfdc7a32a.jpg', 189),
(461, '/uploads/images/5f3bb69ee024a.png', 76),
(462, '/uploads/images/5f3bb69ee024a.png', 77),
(464, '/uploads/images/5f3bb49f93370.png', 261),
(466, '/uploads/images/5f3bb524e6b0f.png', 192),
(467, '/uploads/images/5f3bb524e6b0f.png', 78),
(468, '/uploads/images/5f3bbc2500ef8.png', 79),
(470, '/uploads/images/5f3bb524e6b0f.png', 80),
(472, '/uploads/images/5f3bb25c5b4d4.png', 255),
(474, '/uploads/images/5f3bb69ee024a.png', 256),
(476, '/uploads/images/5f32f3599f3e6.jpg', 257),
(478, '/uploads/images/5f3aef3e53e44.png', 173),
(479, '/uploads/images/5f3bb524e6b0f.png', 258),
(480, '/uploads/images/5f3bb524e6b0f.png', 259),
(481, '/uploads/images/5f3bb524e6b0f.png', 260),
(482, '/uploads/images/5f3bbbbbc5eab.png', 190),
(483, '/uploads/images/5f3bb38b47ea9.png', 191),
(484, '/uploads/images/5f3bbc290d054.jpg', 268),
(485, '/uploads/images/5f3bbc453c6fb.jpg', 271),
(486, '/uploads/images/5f3bb25c5b4d4.png', 166),
(487, '/uploads/images/5f3bb38b47ea9.png', 167),
(489, '/uploads/images/5f3bbd1973829.png', 65),
(490, '/uploads/images/5f3bb25c5b4d4.png', 171),
(491, '/uploads/images/5f3bb524e6b0f.png', 66),
(492, '/uploads/images/5f3bb69ee024a.png', 68),
(493, '/uploads/images/5f3bb25c5b4d4.png', 203),
(494, '/uploads/images/5f3bb64cd506b.png', 204),
(495, '/uploads/images/5f3bb25c5b4d4.png', 205),
(496, '/uploads/images/5f3bb49f93370.png', 206),
(497, '/uploads/images/5f3bb524e6b0f.png', 209),
(498, '/uploads/images/5f3bb524e6b0f.png', 211),
(500, '/uploads/images/5f3bb69ee024a.png', 221),
(501, '/uploads/images/5f3bb21a105e8.png', 222),
(503, '/uploads/images/5f3bb731a881f.png', 224),
(504, '/uploads/images/5f3bb69ee024a.png', 225),
(505, '/uploads/images/5f3bb49f93370.png', 243),
(506, '/uploads/images/5f3bb49f93370.png', 226),
(507, '/uploads/images/5f3bb49f93370.png', 244),
(508, '/uploads/images/5f3bb49f93370.png', 227),
(509, '/uploads/images/5f3bb524e6b0f.png', 228),
(510, '/uploads/images/5f3bb6c87b109.png', 229),
(511, '/uploads/images/5f3bbc453c6fb.jpg', 245),
(512, '/uploads/images/5f3aef9340779.png', 230),
(513, '/uploads/images/5f3bb38b47ea9.png', 212),
(515, '/uploads/images/5f3bb69ee024a.png', 246),
(516, '/uploads/images/5f3bb6c87b109.png', 247),
(517, '/uploads/images/5f3bbd1973829.png', 223),
(518, '/uploads/images/5f3bb731a881f.png', 219),
(519, '/uploads/images/5f3bc04c31de3.png', 248),
(520, '/uploads/images/5f3bb524e6b0f.png', 249),
(521, '/uploads/images/5f3bb21a105e8.png', 220),
(522, '/uploads/images/5f3bbc453c6fb.jpg', 250),
(523, '/uploads/images/5f3bb524e6b0f.png', 251),
(524, '/uploads/images/5f3bb21a105e8.png', 231),
(525, '/uploads/images/5f3bb69ee024a.png', 252),
(526, '/uploads/images/5f3bb49f93370.png', 217),
(527, '/uploads/images/5f3bb731a881f.png', 214),
(528, '/uploads/images/5f3bb21a105e8.png', 174),
(529, '/uploads/images/5f3bb731a881f.png', 178),
(530, '/uploads/images/5f331030654c3.jpg', 253),
(531, '/uploads/images/5f3a95918846b.png', 254),
(532, '/uploads/images/5f3af29d84b70.png', 177),
(533, '/uploads/images/5f3bb69ee024a.png', 181),
(534, '/uploads/images/5f3bb524e6b0f.png', 180),
(536, '/uploads/images/5f3bb69ee024a.png', 179),
(537, '/uploads/images/5f3bb6c87b109.png', 194),
(538, '/uploads/images/5f3a95918846b.png', 21),
(539, '/uploads/images/5f3aef9340779.png', 196),
(540, '/uploads/images/5f3bb524e6b0f.png', 23),
(541, '/uploads/images/5f3bb69ee024a.png', 201),
(542, '/uploads/images/5f3bb524e6b0f.png', 58),
(543, '/uploads/images/5f3bb21a105e8.png', 199),
(544, '/uploads/images/5f3bb524e6b0f.png', 198),
(545, '/uploads/images/5f331030654c3.jpg', 59),
(546, '/uploads/images/5f3bb731a881f.png', 283),
(547, '/uploads/images/5f3bb69ee024a.png', 128),
(548, '/uploads/images/5f3bb69ee024a.png', 61),
(549, '/uploads/images/5f3bb49f93370.png', 233),
(550, '/uploads/images/5f33ed533b4ca.jpg', 234),
(551, '/uploads/images/5f3bb6c87b109.png', 235),
(552, '/uploads/images/5f3bb524e6b0f.png', 236),
(553, '/uploads/images/5f3bb524e6b0f.png', 237),
(554, '/uploads/images/5f3bb524e6b0f.png', 238),
(555, '/uploads/images/5f3bb21a105e8.png', 129),
(556, '/uploads/images/5f3bb21a105e8.png', 126),
(557, '/uploads/images/5f3bb49f93370.png', 239),
(558, '/uploads/images/5f3bb524e6b0f.png', 134),
(559, '/uploads/images/5f3bb69ee024a.png', 240),
(560, '/uploads/images/5f3bc799a3ad6.png', 241),
(561, '/uploads/images/5f32ecfc81fef.jpg', 242),
(562, '/uploads/images/5f3bb49f93370.png', 131),
(563, '/uploads/images/5f3bb69ee024a.png', 130),
(564, '/uploads/images/5f3bb731a881f.png', 147),
(565, '/uploads/images/5f3bb49f93370.png', 146),
(566, '/uploads/images/5f3bb524e6b0f.png', 145),
(567, '/uploads/images/5f3bb21a105e8.png', 148),
(568, '/uploads/images/5f3aef9340779.png', 151),
(569, '/uploads/images/5f3bb21a105e8.png', 152),
(570, '/uploads/images/5f3bb21a105e8.png', 153),
(577, '/uploads/images/5f3bb69ee024a.png', 98),
(588, '/uploads/images/News/2020/5f55ee7c72b4e.jpg', 28),
(589, '/uploads/images/News/2020/5f55ef6415bf7.jpg', 29),
(590, '/uploads/images/News/2020/5f55f0f905cb2.jpeg', 30),
(591, '/uploads/images/News/2020/5f55f17af29ca.jpeg', 31),
(592, '/uploads/images/News/2019/5f55f3646390f.jpg', 113),
(593, '/uploads/images/News/2019/5f55f3bb7e223.jpg', 112),
(594, '/uploads/images/News/2019/5f55f54cbaf59.png', 111),
(595, '/uploads/images/News/2019/5f55f54d07512.png', 287),
(596, '/uploads/images/News/2019/5f55f5f009221.png', 110),
(597, '/uploads/images/logos/5f50d0377bb4a.jpg', 97),
(598, '/uploads/images/News/2019/5f58dacb72c68.jpg', 100),
(599, '/uploads/images/News/2019/5f58db6d2f767.JPG', 101),
(600, '/uploads/images/News/2019/5f58ddad0c508.png', 82),
(601, '/uploads/images/News/2019/5f58dd9a8169e.jpg', 83),
(602, '/uploads/images/News/2019/5f58de9f5afa7.JPG', 84),
(603, '/uploads/images/News/2019/5f58deec1107c.JPG', 85),
(604, '/uploads/images/logos/5f50cd3179ec1.jpg', 86),
(605, '/uploads/images/News/2019/5f58e5eac0016.png', 284),
(606, '/uploads/images/News/2019/5f58e62c002cd.png', 102),
(607, '/uploads/images/logos/5f50cd2e013db.jpg', 114),
(608, '/uploads/images/News/2019/5f59c78bbe2ea.jpg', 87),
(609, '/uploads/images/logos/5f55eb7b3479d.jpg', 91),
(610, '/uploads/images/News/2019/5f59c81fdebbc.png', 103),
(611, '/uploads/images/News/2019/5f59c8696f935.JPG', 105),
(612, '/uploads/images/News/2019/5f59c8ac46211.png', 106),
(613, '/uploads/images/logos/5f50d0377bb4a.jpg', 107),
(614, '/uploads/images/logos/5f50cd2e013db.jpg', 108),
(615, '/uploads/images/News/2019/5f59c947832fe.jpg', 109),
(616, '/uploads/images/logos/5f50d0377bb4a.jpg', 88),
(617, '/uploads/images/News/2019/5f59c9f31ecbf.jpg', 89),
(618, '/uploads/images/logos/5f50cd2e013db.jpg', 90),
(619, '/uploads/images/News/2019/5f59e12b69d76.png', 104),
(620, '/uploads/images/News/2019/5f59e1985aa6f.JPG', 288),
(621, '/uploads/images/logos/5f55eb7b3479d.jpg', 93),
(622, '/uploads/images/logos/5f55eb7b3479d.jpg', 92),
(623, '/uploads/images/logos/5f50cd3179ec1.jpg', 94),
(624, '/uploads/images/News/2019/5f59e2ca02616.jpg', 95),
(625, '/uploads/images/News/2019/5f59e312259aa.JPG', 99),
(626, '/uploads/images/logos/5f50d0377bb4a.jpg', 96);

-- --------------------------------------------------------

--
-- Table structure for table `chairman`
--

CREATE TABLE `chairman` (
  `id` bigint(20) UNSIGNED NOT NULL,
  `photo` varchar(200) NOT NULL,
  `deleted_at` timestamp NULL DEFAULT NULL,
  `created_at` timestamp NULL DEFAULT NULL,
  `updated_at` timestamp NULL DEFAULT NULL
) ENGINE=InnoDB DEFAULT CHARSET=utf8;

--
-- Dumping data for table `chairman`
--

INSERT INTO `chairman` (`id`, `photo`, `deleted_at`, `created_at`, `updated_at`) VALUES
(1, '/uploads/images/5f319a66c878c.png', NULL, '2020-08-10 16:12:26', '2020-08-10 16:12:26');

-- --------------------------------------------------------

--
-- Table structure for table `chairman_descriptions`
--

CREATE TABLE `chairman_descriptions` (
  `id` bigint(20) UNSIGNED NOT NULL,
  `name` varchar(100) NOT NULL,
  `job_title` varchar(200) NOT NULL,
  `details` text NOT NULL,
  `details_plus` longtext NOT NULL,
  `company_announce` text NOT NULL,
  `chairman_id` bigint(20) UNSIGNED NOT NULL,
  `language_id` bigint(20) UNSIGNED NOT NULL
) ENGINE=InnoDB DEFAULT CHARSET=utf8;

--
-- Dumping data for table `chairman_descriptions`
--

INSERT INTO `chairman_descriptions` (`id`, `name`, `job_title`, `details`, `details_plus`, `company_announce`, `chairman_id`, `language_id`) VALUES
(55, 'الشيخ صالح التركي', 'مؤسس الشركة', 'شغل صالح علي التركي منصب رئيس شركة نسما القابضة التي أسسها عام ١٩٧٩، إلى أن تم تعيينه أمين لمحافظة جدة في يوليو ٢٠١٨، تحت قيادة الملك سلمان بن عبد العزيز آل سعود.\r\n\r\nإضافة إلى عمله على تنمية الشركة منذ أول مشروع لها في مجال التشغيل والصيانة حتى أصبحت اليوم شركة قابضة متعددة المجالات، قام كذلك بالعمل على خدمة مجتمع الأعمال السعودي خلال العقود الماضية، كما تبوأ مناصب مرموقة في مجاليّ الرعاية الإجتماعية والتعليم.\r\n\r\nو من الجدير بالذكر، أن التركي شغل منصب رئيس الغرفة التجارية الصناعية بجدة ومنصب رئيس مجلس الغرف التجارية الصناعية السعودية ومنصب رئيس جمعية البر لرعاية الأيتام ومنصب رئيس لجنة تراحم لرعاية السجناء.\r\n\r\nكما كان للتركي دور كرئيس شركة جدة القابضة وشركة فرص السعودية للإستثمار ومجلس إدارة الشركة العربية لأمات الدواجن (أمات) وشركة رعاية الطبية القابضة. كما كان عضو في المجلس الاستشاري لبنك \"كوتس لندن\" في الشرق الأوسط .', 'وفي مجال التعليم، كان التركي عضو في كلٍ من مجلس أمناء جامعة الأمير مقرن بالمدينة المنورة، ومجلس أمناء جامعة دار الحكمة بجدة، وعضو بالمجلس الإستشاري لجامعة عفت بجدة. وسبق أن كان عضوا في كل من مجلس أمناء جامعة الأعمال والتكنولوجيا (UBT) و عضواً بالمجلس الإستشاري للمعهد السعودي للعلوم البحثية (SRSI) في جامعة الملك عبدالله للعلوم والتكنولوجيا.\r\n@@\r\nوفي عام ٢٠١٠ تم اختياره من قبل حكومة جمهورية النمسا قنصلاً فخرياً لها في جدة، وفي عام ٢٠١١ كرمته وزارة الشؤون الاجتماعية السعودية كواحد من أهم الداعمين للعمل الاجتماعي، وقد حصل على \"جائزة الملك سلمان بن عبد العزيز لدعم شباب الأعمال\" و \"جائزة الأمير محمد بن فهد لخدمة أعمال البر\".\r\n@@\r\nيحمل التركي شهادة البكالوريوس في الإدارة العامة من الجامعة الأميركية في بيروت وشهادة الماجستير في الإدارة العامة من جامعة ولاية كاليفورنيا بالولايات المتحدة، وهو مقيم في مدينة جدة بالمملكة العربية السعودية.\r\n@@\r\nيحمل التركي شهادة البكالوريوس في الإدارة العامة من الجامعة الأميركية في بيروت وشهادة الماجستير في الإدارة العامة من جامعة ولاية كاليفورنيا بالولايات المتحدة، وهو مقيم في مدينة جدة بالمملكة العربية السعودية.', 'اعتبارًا من أغسطس 2018 ، يسر شركة نسما القابضة أن تعلن عن هيكلها القيادي الجديد ، مع الرئيس المعين حديثًا ، ونواب الرئيس ، ومجلس الإدارة الجديد. يحدد مجلس إدارة نسما القابضة الاستراتيجية والتوجهات لمجموعة شركات نسما.\r\n@@\r\nينقل رؤية ورسالة الشركة ، ويعزز أخلاقيات العمل وثقافة الشركة ، وهو مسؤول أمام المساهمين عن أداء الأعمال.تقدم تقارير إلى مجلس الإدارة هي لجنة المالية والتدقيق في نسما القابضة ، ولجنة الإدارة ، ولجنة الموارد البشرية ، ولجنة المسؤولية الاجتماعية للشركات.', 1, 1),
(56, 'SALEH AL-TURKI', 'Founder & Honorary Chairman', 'Saleh Ali Al-Turki served as President and Chairman of Nesma Holding, a company he founded in 1979, until his appointment as Mayor of Jeddah in July 2018, under the leadership of King Salman bin Abdulaziz Al Saud. In addition to growing the company from its first project in the field of operation & maintenance to the diversified holding company it is today, he has also over the decades served the Saudi business community and held trusted positions in social welfare and education. Notably, he served as the Chairman of the Jeddah Chamber of Commerce and the Council of Saudi Chambers of Commerce, the Chairman of Al-Birr Society for Orphans, and the Chairman of Tarahom Society for prisoners\' welfare.', 'In other business roles, Al-Turki was Chairman of Jeddah Holding Company and Saudi Foras Investment Company, as well as a Director of the Board for Arab Poultry Breeders Company (Ommat) and ReAya Holding, He also sat on the Coutts Middle East Advisory Board\r\nIn the education field, he was a member of the Board of Trustees of the University of Prince Muqrin in Medina and Dar Al-Hekma University in Jeddah, He was also a member of the Advisory Board of Effat University.\r\n@@\r\nAdditionally, he was a member of the Board of Trustees of the University of Business and Technology (UBT) and the Advisory Board of the Saudi Research Science Institute (SRSI) at King Abdullah University for Science and Technology (KAUST).\r\n@@\r\nIn 2010, he was appointed Honorary Consul of the Republic of Austria, In 2011, the Saudi Ministry of Social Affairs honored him as one of the most important supporters of social work, He is also a recipient of the King Salman Award for the Support of Young Entrepreneurs and the Prince Mohammad Bin Fahd Award for Service of Charitable Activities.\r\n@@\r\nMr. Al-Turki has a BA in Public Administration from the American University of Beirut and an MA in Public Administration from California State University. He lives in Jeddah, Saudi Arabia.', 'Effective August 2018, Nesma Holding is pleased to announce its new leadership structure, with a newly appointed President, Vice Presidents, and a renewed board The Nesma Holding board sets the strategy and direction for the Nesma Group of companies.\r\n@@\r\nIt communicates the vision and mission of the company, promotes business ethics and corporate culture, and is accountable to shareholders for business performance  Reporting to the board are the Nesma Holding Audit and Finance Committee, the Management Committee, the HR Committee, and the CSR Committee.', 1, 2);

-- --------------------------------------------------------

--
-- Table structure for table `companies`
--

CREATE TABLE `companies` (
  `id` bigint(20) UNSIGNED NOT NULL,
  `logo` varchar(200) DEFAULT NULL,
  `url` varchar(200) DEFAULT NULL,
  `country_id` bigint(20) UNSIGNED NOT NULL,
  `industry_id` bigint(20) UNSIGNED NOT NULL,
  `deleted_at` timestamp NULL DEFAULT NULL,
  `created_at` timestamp NULL DEFAULT NULL,
  `updated_at` timestamp NULL DEFAULT NULL
) ENGINE=InnoDB DEFAULT CHARSET=utf8;

--
-- Dumping data for table `companies`
--

INSERT INTO `companies` (`id`, `logo`, `url`, `country_id`, `industry_id`, `deleted_at`, `created_at`, `updated_at`) VALUES
(1, '/uploads/images/5f2f211314490.png', 'http://fritsch.org/autem-optio-pariatur-asperiores.html', 2, 2, '2020-08-11 14:52:06', '2020-08-11 08:41:23', '2020-08-11 14:52:06'),
(2, '/uploads/images/5f2f211314490.png', 'http://www.pouros.com/autem-voluptatem-doloribus-dolor-iusto-autem-et-nulla-voluptates', 1, 1, '2020-08-11 14:52:06', '2020-08-11 08:41:23', '2020-08-11 14:52:06'),
(3, '/uploads/images/5f2f211314490.png', 'https://dare.biz/repellendus-quam-illum-molestias-nemo-quia.html', 1, 1, '2020-08-11 14:52:06', '2020-08-11 08:41:23', '2020-08-11 14:52:06'),
(4, '/uploads/images/5f2f211314490.png', 'http://spinka.net/veritatis-minima-debitis-ipsam-distinctio-et', 2, 1, '2020-08-11 14:52:06', '2020-08-11 08:41:23', '2020-08-11 14:52:06'),
(5, '/uploads/images/5f2f211314490.png', 'http://jacobi.com/', 1, 2, '2020-08-11 14:52:06', '2020-08-11 08:41:23', '2020-08-11 14:52:06'),
(6, '/uploads/images/5f2f211314490.png', 'http://www.leffler.net/delectus-et-nihil-exercitationem-ducimus-qui-vero', 1, 1, '2020-08-11 14:52:06', '2020-08-11 08:41:23', '2020-08-11 14:52:06'),
(7, '/uploads/images/5f2f211314490.png', 'http://gottlieb.com/autem-eos-maxime-saepe-ratione-ut-nesciunt-blanditiis', 2, 2, '2020-08-11 14:52:06', '2020-08-11 08:41:23', '2020-08-11 14:52:06'),
(8, '/uploads/images/5f2f211314490.png', 'http://jenkins.com/', 1, 1, '2020-08-11 14:52:06', '2020-08-11 08:41:23', '2020-08-11 14:52:06'),
(9, '/uploads/images/5f2f211314490.png', 'http://hessel.com/harum-quia-sint-veniam', 1, 2, '2020-08-11 14:52:06', '2020-08-11 08:41:23', '2020-08-11 14:52:06'),
(10, '/uploads/images/5f2f211314490.png', 'http://brekke.org/', 1, 1, '2020-08-11 14:52:06', '2020-08-11 08:41:23', '2020-08-11 14:52:06'),
(11, '/uploads/images/logos/5f50cd2c15a30.jpg', 'https://www.spacemakerksa.com/', 3, 3, NULL, '2020-08-11 14:51:18', '2020-09-03 08:05:38'),
(12, '/uploads/images/logos/5f50cba4edd63.jpg', 'http://www.reayaholding.com/', 3, 5, NULL, '2020-08-11 15:09:45', '2020-09-03 07:56:00'),
(13, '/uploads/images/logos/5f50cba5b59ea.jpg', 'https://www.defaflogistics.com/', 4, 9, NULL, '2020-08-11 15:16:54', '2020-09-03 07:56:38'),
(14, '/uploads/images/logos/5f50cd30a568b.jpg', 'https://www.ndigitec.com/', 4, 13, NULL, '2020-08-11 15:21:41', '2020-09-03 08:13:48'),
(15, '/uploads/images/logos/5f50cd310d8a7.jpg', 'https://nesmal.com/egypt/page/Namma_Maritime_Agencies', 7, 9, NULL, '2020-08-11 15:32:04', '2020-09-03 08:14:06'),
(16, '/uploads/images/logos/5f50cd2a2791e.jpg', 'http://www.detours.com/', 7, 8, NULL, '2020-08-11 15:37:48', '2020-09-03 08:02:32'),
(17, '/uploads/images/logos/5f50cba932922.jpg', 'https://www.mawqifak.com/ar/home', 3, 9, NULL, '2020-08-11 15:40:28', '2020-09-03 07:59:21'),
(18, '/uploads/images/Resize Logo/5f4faa9c2c6e0.jpg', 'https://nad.com.sa/', 3, 3, NULL, '2020-08-11 15:47:31', '2020-09-02 11:22:29'),
(19, '/uploads/images/logos/5f50cd2e5dd14.jpg', 'http://www.nesmacatering.com/', 3, 4, NULL, '2020-08-11 15:53:55', '2020-09-03 08:11:09'),
(20, '/uploads/images/logos/5f50cba991af9.jpg', 'http://www.watertaxi.com/', 7, 8, NULL, '2020-08-11 15:58:42', '2020-09-03 07:59:45'),
(21, '/uploads/images/Resize Logo/5f4f8cf684f34.jpg', 'http://www.shea`r.com/', 3, 5, NULL, '2020-08-11 16:01:04', '2020-09-02 09:17:34'),
(22, '/uploads/images/logos/5f50d0389eea7.jpg', 'https://www.mpcpro.com/', 3, 10, NULL, '2020-08-11 16:06:15', '2020-09-03 08:18:52'),
(23, '/uploads/images/logos/5f50cba48b939.jpg', 'http://www.namaa.com/', 7, 9, NULL, '2020-08-11 16:10:16', '2020-09-03 07:55:45'),
(24, '/uploads/images/logos/5f50cd2f85348.jpg', 'http://www.m3.com/', 3, 9, NULL, '2020-08-11 16:14:05', '2020-09-03 08:12:22'),
(25, '/uploads/images/logos/5f50cd2d3bbb6.jpg', 'https://mawaddah.com.sa/', 3, 8, NULL, '2020-08-11 16:17:07', '2020-09-03 08:06:55'),
(26, '/uploads/images/logos/5f50cd2bae049.jpg', 'http://www.koncareu.hr/index.php?lang=en', 9, 7, NULL, '2020-08-11 16:21:42', '2020-09-03 08:05:13'),
(27, '/uploads/images/logos/5f50d0371f3a3.jpg', 'https://www.kaefer.com/KAEFER-When-it-counts-count-on-us.html', 3, 5, NULL, '2020-08-11 16:25:49', '2020-09-03 08:17:38'),
(28, '/uploads/images/logos/5f50cd2a871c0.jpg', 'https://www.istanbullines.com/', 8, 9, NULL, '2020-08-11 16:38:57', '2020-09-03 08:02:50'),
(29, '/uploads/images/logos/5f50cd2d982fe.jpg', 'https://www.chowking.com/', 3, 4, NULL, '2020-08-11 18:08:40', '2020-09-03 08:08:16'),
(30, '/uploads/images/logos/5f50cd2b505a2.jpg', 'http://www.anadoluanka.com/', 8, 8, NULL, '2020-08-11 18:19:15', '2020-09-03 08:04:50'),
(31, '/uploads/images/logos/5f50cd2fe1261.jpg', 'https://www.nammacargo.com/', 3, 9, NULL, '2020-08-11 18:22:23', '2020-09-03 08:13:01'),
(32, '/uploads/images/logos/5f50cd2ae4980.jpg', 'https://www.basistek.com/', 8, 7, NULL, '2020-08-11 18:26:43', '2020-09-03 08:04:05'),
(33, '/uploads/images/logos/5f50cba80deb7.jpg', 'http://www.alfarisfoods.com/AlFaris-AlArabi-Trading-Co/', 3, 5, NULL, '2020-08-11 18:30:13', '2020-09-03 07:58:42'),
(34, '/uploads/images/logos/5f50d035ee055.jpg', 'http://www.elmalkygroup.com/', 3, 4, NULL, '2020-08-11 18:34:17', '2020-09-03 08:16:45'),
(35, '/uploads/images/logos/5f50cba8c954d.jpg', 'https://www.nesma-emb.com/', 3, 11, NULL, '2020-08-11 18:40:21', '2020-09-03 07:59:00'),
(36, '/uploads/images/logos/5f50cba7a51d3.jpg', 'http://www.albishara.com/', 3, 3, NULL, '2020-08-11 18:43:40', '2020-09-03 07:58:12'),
(37, '/uploads/images/logos/5f50d0365b90d.jpg', 'https://www.jollibee.com.ph/', 3, 4, NULL, '2020-08-11 18:46:42', '2020-09-03 08:17:04'),
(38, '/uploads/images/logos/5f50d038426e7.jpg', 'http://www.nct.com/', 3, 9, NULL, '2020-08-11 18:54:18', '2020-09-03 08:18:33'),
(39, '/uploads/images/logos/5f50cba9ee1e3.jpg', 'https://www.nesmal.com/', 7, 8, NULL, '2020-08-11 19:00:10', '2020-09-03 08:00:09'),
(40, '/uploads/images/5f3a93ed8e7bf.png', 'https://www.nesmaairlines.com/', 3, 9, '2020-08-17 14:31:37', '2020-08-11 19:05:15', '2020-08-17 14:31:37'),
(41, '/uploads/images/logos/5f50cba748d1b.jpg', 'http://www.nesmacontractingco.com/', 3, 3, NULL, '2020-08-11 19:09:06', '2020-09-03 07:57:50'),
(42, '/uploads/images/logos/5f50cba6de03c.jpg', 'https://www.nesma-havatek.com/', 3, 5, NULL, '2020-08-11 19:15:33', '2020-09-03 07:57:32'),
(43, '/uploads/images/logos/5f50cd2f24e1a.jpg', 'http://ommat.com/', 7, 4, NULL, '2020-08-11 19:18:27', '2020-09-03 08:11:58'),
(44, '/uploads/images/5f3a9a87aa20c.png', 'http://www.nesmaonur.com/', 3, 3, '2020-08-17 17:06:08', '2020-08-11 19:21:34', '2020-08-17 17:06:08'),
(45, '/uploads/images/logos/5f50cd3179ec1.jpg', 'https://www.nesma-partners.com/', 3, 3, NULL, '2020-08-11 19:24:42', '2020-09-03 08:14:22'),
(46, '/uploads/images/logos/5f50d034be245.jpg', 'https://www.nesmarealestate.com/', 3, 6, NULL, '2020-08-11 19:28:23', '2020-09-03 08:15:30'),
(47, '/uploads/images/logos/5f50cba67b124.jpg', 'https://www.nesmasecurity.com/', 3, 10, NULL, '2020-08-11 19:31:29', '2020-09-03 07:57:18'),
(48, '/uploads/images/logos/5f50cba61ef65.jpg', 'https://www.nesmashaheen.com', 3, 4, NULL, '2020-08-11 19:35:11', '2020-09-03 07:56:57'),
(49, '/uploads/images/logos/5f50cd2cd1917.jpg', 'https://www.nesmatata.com/', 3, 7, NULL, '2020-08-11 19:39:36', '2020-09-03 08:06:39'),
(50, '/uploads/images/logos/5f50d0377bb4a.jpg', 'https://www.nesma-trading.com/', 3, 6, NULL, '2020-08-11 19:43:10', '2020-09-03 08:17:57'),
(51, '/uploads/images/logos/5f50d037d827b.jpg', 'https://www.nesmatravel.com/', 3, 8, NULL, '2020-08-11 19:45:53', '2020-09-03 08:18:14'),
(52, '/uploads/images/logos/5f50d0345c7f5.jpg', 'https://www.orbitksa.com/', 3, 3, NULL, '2020-08-11 19:54:56', '2020-09-03 08:15:14'),
(53, '/uploads/images/logos/5f50cd2ebd433.jpg', 'http://www.nationalportservices.org/', 3, 6, NULL, '2020-08-11 20:04:36', '2020-09-03 08:11:43'),
(54, '/uploads/images/logos/5f50cd2e013db.jpg', 'https://www.nesma-ntt.com/', 3, 7, NULL, '2020-08-11 20:08:56', '2020-09-03 08:08:37'),
(55, '/uploads/images/logos/5f50d036b7bba.jpg', 'http://nesmaunitrade.com/index.php', 3, 4, NULL, '2020-08-11 20:18:14', '2020-09-03 08:17:21'),
(56, '/uploads/images/logos/5f50cba55907b.jpg', 'https://www.nesmawae.com/', 3, 3, NULL, '2020-08-11 20:23:58', '2020-09-03 07:56:19'),
(57, '/uploads/images/logos/5f55eb7b3479d.jpg', 'https://www.nesma.com/', 3, 11, NULL, '2020-08-12 09:29:56', '2020-09-07 05:12:49'),
(58, '/uploads/images/Resize Logo/5f4faa9d2824c.jpg', 'https://ntcjeddah.com/', 3, 11, NULL, '2020-08-12 10:23:41', '2020-09-02 11:22:59'),
(59, '/uploads/images/logos/5f50cd2c74ad1.jpg', 'https://www.nesmaairlines.com/', 7, 9, NULL, '2020-08-17 07:16:28', '2020-09-03 08:06:22'),
(60, '/uploads/images/Resize Logo/5f4faa9cbdcf3.jpg', 'https://www.nesmaart.com/', 3, 11, NULL, '2020-08-17 16:13:53', '2020-09-02 11:23:38'),
(61, '/uploads/images/logos/5f50d035271a6.jpg', 'https://www.nesmaconcrete.com/', 3, 5, NULL, '2020-08-17 16:25:16', '2020-09-03 08:16:10'),
(62, '/uploads/images/Resize Logo/5f4faa9dddc49.jpg', 'https://www.nesma.com/', 3, 6, NULL, '2020-08-17 16:33:14', '2020-09-02 11:23:20'),
(63, '/uploads/images/logos/5f50d0358af79.jpg', 'http://www.trappestcontrol.com/', 3, 10, NULL, '2020-08-17 16:37:33', '2020-09-03 08:16:26'),
(64, '/uploads/images/logos/5f50cd304993c.jpg', 'https://www.nesma.com/', 3, 3, NULL, '2020-08-17 17:05:31', '2020-09-03 08:13:30'),
(65, '/uploads/images/logos/5f50cba48b939.jpg', 'https://www.nammashippinglines.com/', 3, 9, NULL, '2020-08-17 17:29:17', '2020-09-03 08:15:52');

-- --------------------------------------------------------

--
-- Table structure for table `company_descriptions`
--

CREATE TABLE `company_descriptions` (
  `id` bigint(20) UNSIGNED NOT NULL,
  `name` varchar(100) NOT NULL,
  `description` text NOT NULL,
  `company_id` bigint(20) UNSIGNED DEFAULT NULL,
  `language_id` bigint(20) UNSIGNED DEFAULT NULL
) ENGINE=InnoDB DEFAULT CHARSET=utf8;

--
-- Dumping data for table `company_descriptions`
--

INSERT INTO `company_descriptions` (`id`, `name`, `description`, `company_id`, `language_id`) VALUES
(1, 'Mr. Ned Hand IV', 'Sed dolorem dignissimos aut totam necessitatibus sit. Hic id molestias laboriosam eos itaque. Assumenda enim enim sequi sed.', 1, 1),
(2, 'Dr. Axel Flatley II', 'Sunt vitae non laudantium tenetur. Et voluptatem nihil sunt enim neque deleniti labore.', 1, 2),
(3, 'Mr. Jimmy Bradtke II', 'Quis reiciendis iusto eum pariatur. Occaecati fugiat temporibus quis ducimus aut quos. Nobis ut doloribus iure et.', 2, 1),
(4, 'Jeffry Leannon', 'Amet eaque sit labore. Sunt sunt libero qui facilis nostrum totam autem. Odit neque est voluptatum culpa. Mollitia maxime aut ullam aperiam impedit qui vero.', 2, 2),
(5, 'Jaleel Okuneva DDS', 'Id et aut ut qui consequatur cupiditate perferendis porro. Sed corporis similique maiores. Voluptatem animi provident laborum quo quia.', 3, 1),
(6, 'Amely Ryan', 'Omnis hic eligendi quia reiciendis. Illo unde et qui possimus. Placeat tempora dolorem qui iusto aut. Iusto odit non consequatur quis non voluptatem molestiae.', 3, 2),
(7, 'Brisa Quigley Sr.', 'Non voluptatem non aut assumenda ullam omnis. Fugiat ratione nam reprehenderit aliquid quibusdam dolores totam temporibus. Et numquam repudiandae velit earum eum est.', 4, 1),
(8, 'Jettie Fritsch', 'Quo dignissimos sint deserunt dolor aut odit praesentium. Quis quos dignissimos saepe. Provident ipsa optio aut voluptatem est consequatur. Velit est amet sint numquam molestiae laboriosam. Porro reiciendis quibusdam et autem minus qui.', 4, 2),
(9, 'Tia Stiedemann', 'Et cum fugit ea autem. Molestiae vero libero eum. Temporibus mollitia aut quis cumque. Vel accusantium tempore dolorem.', 5, 1),
(10, 'Lonnie Senger', 'Soluta recusandae nihil quia aut corporis. Aspernatur nihil qui sint dolorum voluptates nam. Alias tenetur quas nulla aut in cum maiores.', 5, 2),
(11, 'Helena Gleason', 'Ipsum ipsam qui ab rerum ipsa quis. Nobis sequi eius voluptates asperiores dicta eos ipsum. Et sit dolorum vitae minus magni maxime dolore. Perferendis laborum numquam sunt qui.', 6, 1),
(12, 'Anika Torphy', 'Sint fugit illo laboriosam temporibus quo officiis repudiandae autem. Numquam et magni amet delectus qui qui dolores. Suscipit nulla placeat optio repudiandae nisi quia praesentium.', 6, 2),
(13, 'Cordie Pollich', 'Autem unde repellat consequatur eum unde asperiores maxime. Nihil aut et quasi repellendus incidunt. Modi culpa ut distinctio praesentium unde tenetur.', 7, 1),
(14, 'Kristy Bode I', 'Veniam aperiam enim culpa est. Ut dignissimos ut nulla dignissimos iure ipsam nulla sit. Reiciendis unde blanditiis illo recusandae voluptas voluptatem quas. Qui laboriosam aut quo non magni animi.', 7, 2),
(15, 'Aletha Dietrich', 'Omnis et voluptatem dolor. Voluptatibus molestias qui et vero harum molestiae. Veniam maxime dolore nemo laborum odit in corrupti. Veritatis nihil non non sunt.', 8, 1),
(16, 'Toney Cremin', 'Distinctio ad maiores aut delectus recusandae nihil corporis. In dolorum quod maiores sint. Voluptas magni eum voluptatum enim.', 8, 2),
(17, 'Araceli Ortiz', 'Labore eligendi incidunt cum adipisci ut odio molestias. Enim aspernatur odio exercitationem commodi dolor repellendus nemo. Vel voluptas optio officia et id corporis rerum qui.', 9, 1),
(18, 'Bo Leannon Jr.', 'Et sit quae illum soluta est debitis asperiores. Aut facere numquam officiis quaerat. Beatae id natus dolorem et.', 9, 2),
(19, 'Leopold Hudson', 'Consequatur molestias eius sint odit saepe rerum laudantium. Nesciunt quam error qui aliquam et. Qui in occaecati odit quasi enim et consequatur eaque. Unde aut molestias nam saepe. Eligendi blanditiis amet nihil ducimus.', 10, 1),
(20, 'Kailey Stark', 'Eum qui ducimus velit eveniet molestiae. Ratione debitis qui et culpa. Sed in beatae sit nobis facere minima.', 10, 2),
(185, 'نسما اونور', 'تقدم الشركة خدمات الإنشاءات المدنية والبنية التحتية الثقيلة مثل أعمال البنية التحتية ، وطمر النفايات وحماية الشواطئ ، والطرق والطرق السريعة ، والجسور ، والسدود ، وأنظمة قنوات الري ، وأنظمة المياه والصرف الصحي ، ومحطات معالجة مياه الصرف الصحي ، وما إلى ذلك في جميع أنحاء المملكة العربية السعودية.', 44, 1),
(186, 'Nesma Onur', 'The company provides heavy civil and infrastructure construction services such as infrastructure works, landfill and shore protection, roads and highways, bridges, dams, irrigation canals systems, water & sewage systems, sewage treatment plants, etc. across the Kingdom of Saudi Arabia.', 44, 2),
(189, 'نسما للطيران', 'نسما للطيران ، عضو في مجموعة نسما السعودية ، هي الناقل الرسمي لبلدين: المملكة العربية السعودية وجمهورية مصر العربية. تقوم نسما للطيران بتشغيل رحلات داخلية مجدولة داخل المملكة العربية السعودية بالإضافة إلى رحلات إقليمية دولية. نسما للطيران هي شركة طيران تقدم خدمات كاملة ، وتوفر خيار السفر بين درجة رجال الأعمال والدرجة السياحية. انطلقت نسما للطيران رسميًا في السماء في يونيو 2010.', 40, 1),
(190, 'Nesma Airlines', 'Nesma Airlines, a member of Saudi Arabia’s Nesma Group, is a flag carrier of two countries: the Kingdom of Saudi Arabia and the Arabic Republic of Egypt. Nesma Airlines operates scheduled domestic flights within Saudi Arabia as well as international regional flights. Nesma Airlines is a full-service carrier, offering a choice of travel between Business Class and Economy Class. Nesma Airlines officially took to the skies in June 2010.', 40, 2),
(427, 'شعار العالمية المحدودة', 'بدأت شركة شعار العالمية المحدودة كمشروع مسبك بالشراكة مع شركات المسابك الإيطالية Fonderia Carlo Gelli و F. S.r.l و NIK Company Ltd في المدينة الصناعية الثالثة في جدة، المملكة العربية السعودية. تستخدم شعار أحدث الأجهزة والمعدات في إنتاج مسبوكات عالية الجودة من الفولاذ المقاوم للتلف بهدف تلبية إحتياجات الصناعات المختلفة بما في ذلك صناعات النفط والغاز وصناعات التعدين وصناعات الإسمنت والطاقة والمياه بالإضافة إلى صناعات البناء والبنية التحتية.', 21, 1),
(428, 'Shea’r International Co. Ltd.', 'Shea’r International Co. Ltd, started as a foundry project, in partnership with Italian foundries, fonderia Carlo Gelli and F. S.r.l and NIK Company Ltd. located in the Third Industrial City in Jeddah, Saudi Arabia. With state-of-the-art machineries and equipment, Shea’r produces high quality castings made from Wear Steels with the aim to cater to the needs of various industries including Oil and Gas Industries, Mining Industries, Cement Industries, Power and Water Industries, Construction and Infrastructure.', 21, 2),
(429, 'شركة تطوير المطارات الوطنية', 'شركة ناد هي شركة استثمارية رئيسية في المملكة العربية السعودية ، تركز على تطوير أصول البنية التحتية في قطاعات الطاقة والمياه والطيران والصحة ، كما تقدم خدمات تسليم المشاريع من خلال مجموعة من العلامات التجارية المتميزة في التشغيل والإدارة.', 18, 1),
(430, 'National Airport Development Co.', 'NAD company is a Principal investment firm in the Kingdom of Saudi Arabia, focused towards developing infrastructure Assets in Power, Water, Aviation, and Health sectors, It also offers projects delivery services through a range of brands of excellence in operation and management.', 18, 2),
(431, 'مركز نسما للتدريب', 'مركز نسما للتدريب في جدة يهتم بتحسين فرص التوظيف للباحثين عن عمل والمهنيين الشباب بهدف الحصول على وظائف وإحراز التقدم الوظيفي وتنمية الذات. كما يوفر المركز فرصًا مجانية للتعلم مدى الحياة والتي تتيح للأفراد تولي مسؤولية حياتهم المهنية من خلال رؤية مجتمع يضم أشخاصًا ومنظمات مؤهلة. كذلك يسمح المركز للمنظمات المجتمعية باستخدام منشآتها لاستضافة ورش عمل، فعاليات وأنشطة مختلفة.', 58, 1),
(432, 'Nesma Training Center', 'Nesma Training Center in Jeddah (NTC) has a mission to enhance the employability of job seekers and young professionals to achieve employment, job advancement, and personal development. The center offers free lifelong learning opportunities that enable individuals to take charge of their own careers with a vision of a community of inspired, empowered people and organizations. NTC also allows community organizations to utilize its facility to host various workshops, events, and activities.', 58, 2),
(433, 'واحة نسما', 'واحة نسما إحدى شركات نسما المتخصصة في مجال العقارات وإدارة الممتلكات، وقد قامت بتطوير وتشغيل مجمع سكني فاخر في مدينة الرياض، المملكة العربية السعودية، يضم 168 فيلا سكنية، ومسبحين، ومرافق رياضية.', 62, 1),
(434, 'Wahat Nesma', 'Wahat Nesma, a Nesma Real Estate managed company, has developed and operates a large, full-fledged luxury compound with 168 villas and two swimming pools, and sports facilities in Riyadh Saudi Arabia.', 62, 2),
(435, 'معرض نسما للفنون', 'تم افتتاح معرض نسما للفنون في شهر فبراير عام ٢٠١٤ ، وهو عبارة عن مبادرة مجتمعية أنشأتها شركة نسما القابضة لدعم وتشجيع الفنانين المحليين.', 60, 1),
(436, 'Nesma Art Gallery', 'Opened in February 2014, Nesma Art Gallery is a community initiative established by Nesma Holding to support and promote local artists.', 60, 2),
(437, 'شركة نما للخدمات البحرية', 'تقدم شركة نما للملاحة البحرية، ومقرها مصر، خدمات نقل الركاب والشحن برحلات منتظمة على عباراتها من نوع الرورو وروباكس ما بين مصر/السودان والمملكة العربية السعودية عبر البحر الأحمر. ومن بين الموانئ التي تخدمها الشركة ميناء سفاجا والسويس في مصر، وميناء سواكن في السودان، وضبا وجدة وينبع في المملكة العربية السعودية. وتعد نما العالمية للخدمات البحرية اليوم الشركة الرائدة في هذه الصناعة على المستوى الإقليمي، من حيث السلامة، والاعتمادية، والراحة.', 23, 1),
(438, 'Nama Shipping line', 'Nama Shipping Company, based in Egypt, provides passenger and freight services with regular voyages on its RoRo and Robax ferries between Egypt / Sudan and the Kingdom of Saudi Arabia across the Red Sea. Among the ports served by the company are the ports of Safaga and Suez in Egypt, the port of Suakin in Sudan, and Daba, Jeddah and Yanbu in the Kingdom of Saudi Arabia. Nama International Marine Services is today the regional leader in the industry in terms of safety, reliability and comfort.', 23, 2),
(439, 'رعاية القابضة', 'تأسست شركة رعاية في عام 2012 من قبل بعض المستثمرين الموهوبين في جميع أنحاء منطقة الشرق الأوسط وشمال إفريقيا ، بما في ذلك السيد خالد الجفالي والسيد صالح التركي والدكتور أحمد عمارة. شركة رعاية القابضة هي أول شركة دائمة لرأس المال في منطقة الشرق الأوسط وشمال إفريقيا متخصصة في استثمارات الملكية الخاصة في مجال الرعاية الصحية وعلوم الحياة.', 12, 1),
(440, 'ReAya  Holding', 'ReAya was founded in 2012 by some of the most talented investors across MENA including Mr. Khaled Juffali, Mr. Saleh Al-Turki and Dr. Ahmed Emara. ReAya Holding is the first Permanent Capital Vehicle across MENA region that is specialized in Healthcare and Life Science Private Equity Investments.', 12, 2),
(441, 'نسما للمياه والطاقة', 'نسما للمياه والطاقة هي مقاول هندسة ومشتريات وإنشاءات (EPC)، ومزود خدمة التشغيل والصيانة، في قطاعي المياه والطاقة، وتمتد خبراتنا وخدماتنا عبر المجالات التالية: محطات تحلية المياه محطات معالجة المياه والصرف الصحي نظم تصريف مياه الأمطار والسيول حفظ الخرسانة والصلب محطات الكهرباء والطاقة نظم نقل الطاقة التشغيل والصيانة إعادة استخدام الحمأة والنفايات الصلبة الموقع الإلكتروني', 56, 1),
(442, 'Nesma Water & Energy', 'Nesma Water & Energy (NW&E) is an Engineering, Procurement and Construction (EPC) contractor, and an operation & maintenance service provider, in the water and energy sectors. NW&E offers its services in the following areas of expertise: • Desalination Plants • Water & Wastewater Treatment Plants • Storm-water Drainage Systems • Concrete Steel Reservoirs • Power Plants • Transmission Systems • Operation & Maintenance • Sludge and Solid Waste Re-use', 56, 2),
(443, 'ضفاف المتحدة للخدمات اللوجيستية', 'ضفاف المتحدة للخدمات اللوجستية هي مزود حلول لوجستية تقع في ميناء الملك عبد الله ، ميناء مدينة الملك عبد الله الاقتصادية. تقدم الشركة خدمات تشمل نقل وإصلاح حاويات الشحن وكذلك التخزين الجاف والبارد والمجمد. تقدم شركة ضفاف المتحدة للخدمات اللوجستية أيضًا خدمات تأجير الآلات وتصدير البتروكيماويات.', 13, 1),
(444, 'Defaf United for Logistics Company', 'Defaf United for Logistics  is a logistic solutions provider located in King Abdullah Port, King Abdullah Economic City port . The company provides services which include transportation and repair of shipping containers as well as dry, cold and frozen storage. Defaf Logistic also offers machine rentals and export of petrochemicals.', 13, 2),
(445, 'نسما شاهين', 'تقوم نسما شاهين بتصنيع وتسويق غطاء الرأس العربي في دول مجلس التعاون الخليجي تحت العديد من الأسماء التجارية ، بما في ذلك الماركات العالمية الفاخرة.', 48, 1),
(446, 'Nesma Shaheen', 'Nesma Shaheen manufactures and markets the Arab headdress in the countries of the GCC under several brand names, including international luxury labels.', 48, 2),
(447, 'نسما للخدمات الأمنية', 'نسما للخدمات الأمنية هي شركة أمنية رائدة في المملكة العربية السعودية تقدم حلول أمنية كاملة عبر مجموعة متنوعة من القطاعات ، بما في ذلك: شركات النفط والغاز والمصانع الصناعية والبتروكيماوية والمجمعات السكنية والمؤسسات المالية ومراكز التسوق ومرافق الرعاية الصحية والمرافق التعليمية. تشمل خدمات نسما للأمن فريق K9 متخصصًا قادرًا على إجراء عمليات البحث عن المتفجرات والأسلحة والمواد الخطرة والمخدرات غير المشروعة.', 47, 1),
(448, 'Nesma Security', 'Nesma Security Services is a leading security company in Saudi Arabia that offers full security solutions across a variety of sectors, including: oil & gas companies, industrial and petrochemical plants, residential compounds, financial institutions, shopping centers, healthcare facilities and educational facilities. Nesma Security’s services include a specialized K9 team capable of conducting searches for explosives, weapons, dangerous materials and illicit drugs.', 47, 2),
(449, 'نسما هافتك', 'نسما هافتك هي شركة شراكة توفر التصميم والهندسة والتصنيع وبناء صهاريج التخزين وأوعية الضغط والمبادلات الحرارية وأنظمة الأنابيب وأنظمة مكافحة الحرائق وأعمال الفولاذ الإنشائية.', 42, 1),
(450, 'Nesma Havatek', 'Nesma Havatek is a partnership company that provides design, engineering, fabrication and building of storage tanks, pressure vessels, heat exchangers, piping systems, firefighting systems, and structural steel works.', 42, 2),
(451, 'شركة نسما للمقاولات المحدودة', 'شركة نسما للمقاولات المحدودة. هي شركة لإدارة المشاريع مقرها في جدة ، المملكة العربية السعودية ، والتي تدير وتشرف على مشاريع البناء من البداية إلى النهاية لضمان الجداول الزمنية في الوقت المحدد والوفاء بمعايير الجودة.', 41, 1),
(452, 'Nesma Contracting Co. Ltd.', 'Nesma Contracting Co. Ltd. is a project management company based in Jeddah, Saudi Arabia, which manages and oversees construction projects from start to finish to ensure the schedules are on-time and quality standards are met.', 41, 2),
(453, 'شركة البشارة للتنمية العقارية', 'شركة البشارة للتنمية العقارية هي شركة متخصصة في تطوير المشاريع الفندقية التي تلبي المتطلبات الفريدة، من كفاءة الأسعار وغيرها، للحجاج والمعتمرين زوار المدينتين المقدستين مكة المكرمة والمدينة المنورة. وتقوم شركة البشارة بتطوير فنادقها، التي عادة ما تكون مباني شاهقة ذات الأدوار المتعددة، والتي تتميز بسمات فريدة تلبي احتياجات ومتطلبات إقامة الحجاج والمعتمرين، أبرزها القرب من الحرمين الشريفين، وكفاءة الأسعار، والإشغال المتعدد، وبساطة التصميم والتجهيز.', 36, 1),
(454, 'Al Bishara', 'Al Bishara National Urban Development Co. Ltd. (Al Bishara) is a company that specializes in the development of hotel projects that meet the specific demands of price-conscience pilgrims visiting the holy cities of Makkah and Madinah. Al Bishara develops its hotels with the unique attributes of the pilgrim occupant in mind, including proximity to the holy mosques, affordability, multiple occupancy and simple room design and fit-out.', 36, 2),
(455, 'شركة الفارس العربي للتجارة', 'شركة الفارس العربي للتجارة شركة متخصصة في توزيع المواد الغذائية. وتعمل الشركة بصفتها ذراع التوزيع لشركة الفارس للصناعات الغذائية المحدودة، ومقرها الرياض، والتي تقوم بتصنيع التوابل والصلصات ذات الجودة العالية. وينتج المصنع الصلصة الحارة، وصلصة الطماطم', 33, 1),
(456, 'Al Faris Trading / Al Faris Food Industry', 'Al-Faris Al-Arabi Trading Co. is a food distribution company. It operates as the distribution arm of Al Faris Food Industries Ltd., a Riyadh-based manufacturer of premium quality condiments and sauces. The factory produces hot sauce, ketchup, mayonnaise, natural vinegar and pizza sauce. Export markets include the Levant, North Africa, Arabian Gulf countries, Asia and some European countries.', 33, 2),
(457, 'مركز نسما للتطريز والخياطة', 'مركز نسما للتطريز والخياطة هو مركز غير هادف للربح يوظف النساء المحليات ، وكثير منهن يعانين من ضعف في النطق والسمع أو من ذوي الاحتياجات الخاصة الأخرى. يقدم المركز حلول التطريز والخياطة والطباعة للعملاء الأفراد والمصممين وعملاء الشركات. رسالة نسما للتطريز هي إنشاء صناعة محلية توظف النساء في الخياطة والتطريز ، وتمكينهن من تأمين فرص عمل منتجة ومستدامة وتقديم منتجات عالية الجودة تلبي الطلب المحلي.', 35, 1),
(458, 'Nesma Embroidery', 'Nesma Embroidery & Tailoring Center is a non-profit center that employs local women, many of whom are speech and hearing impaired or have other special needs. The center offers embroidery, tailoring and printing solutions for individual customers, designers and corporate clients. Nesma Embroidery has a mission to create a local industry that employs women in sewing and embroidery, enabling them to secure productive, sustainable employment and deliver quality products that satisfy local demand.', 35, 2),
(459, 'موقفك', 'موقفك شركة رائدة في حلول أتمتة مواقف السيارات بالكامل. وتقوم الشركة في الوقت الحالي بإنشاء مرفقي مواقف سيارات، تعمل أوتوماتيكيا بأحدث تقنيات الأتمتة، في كل من مكة المكرمة والرياض، بسعة إجمالية للموقفين معا تبلغ 900 سيارة.', 17, 1),
(460, 'MAWQIFAK CO. LTD.', 'Mawqifak is a leading provider of fully automated parking solutions. The company is currently constructing two car parking facilities, operating automatically with the latest automation technology, in both Makkah and Riyadh, with a total capacity of the two parking spaces together of 900 cars.', 17, 2),
(461, 'واتر تاكسي', 'شركة متخصصة في مجال الترفيه البحري', 20, 1),
(462, 'Water Taxi', 'Company specializing in marine entertainment', 20, 2),
(463, 'نما تورز', 'نما تورز هي شركة سفر مقرها القاهرة تقدم باقات سفر ذات قيمة مقابل المال للحجاج المصريين الذين يسافرون إلى مدينتي مكة المكرمة والمدينة المنورة في المملكة العربية السعودية.', 39, 1),
(464, 'Namma Tours', 'Namma Tours is a Cairo-based travel company that offers value-for-money travel packages to Egyptian pilgrims travelling to the holy cities of Makkah and Madinah in Saudi Arabia. Working in close partnership with sister companies Mawaddah Int’l Group for Hotel & Umrah Services, Nesma Airlines and Namma Shipping Lines, Namma Tours offers their customers a unique one-stop-solution.', 39, 2),
(465, 'ديتورز', 'احدي الشركات الرائدة في مجال السياحة', 16, 1),
(466, 'Detours', 'One of the leading companies in the field of tourism', 16, 2),
(467, 'اسطنبول لاينز', 'اسطنبول لاينز عبارة عن علامة تجارية أنشأتها شركة نسمال وشريكها التركي الذي يقوم بتشغيل عمليات نقل في بحر مرمرة الذي يفصل بين الجانبين الآسيوي والأوروبي لتركيا.', 28, 1),
(468, 'Istanbul Lines', 'Istanbul Lines is a brand created by Nismal and its Turkish partner, which operates transportation operations in the Marmara Sea that separates the Asian and European sides of Turkey.', 28, 2),
(469, 'باسيستك', 'باسيستك هي شركة تركية تقدم مجموعة واسعة من خدمات استشارات تكنولوجيا المعلومات ذات القيمة المضافة لشريحة واسعة من العملاء ، مع مهندسي برمجيات من ذوي الخبرة في تركيب البنية التحتية ساب و اتش بي وبرامج الإدارة.', 32, 1),
(470, 'Basistek', 'Basistek is a Turkish company that offers a wide range of value-added IT consultancy services to a wide customer segment, with software engineers experienced in the installation of SAP and HP infrastructure and management software.', 32, 2),
(471, 'أنادولو أنكا', 'هي شركة السياحة والتدريب والاستشارات هي وكالة سفر مقرها اسطنبول. يتمثل نشاط الشركة الأساسي في توفير خدمات السفر والإقامة للحجاج الأتراك الذين يزورون مكة المكرمة والمدينة المنورة لأداء العمرة أو الحج. تعمل الشركة بالشراكة مع مجموعة مودة العالمية لخدمات الفنادق والعمرة ، وهي شركة تابعة لنسما القابضة ومشغل للعديد من الفنادق في كل من مكة المكرمة والمدينة المنورة.', 30, 1),
(472, 'Anadolu Anka', 'Anadolu Anka Tourism, Training and Consulting Inc. is an Istanbul-based travel agency. The company’s core business is the provision of travel and accommodation services to Turkish pilgrims visiting Makkah and Madinah to perform Umrah or Hajj. The company works in partnership with Mawaddah Int’l Group for Hotel & Umrah Services, a subsidiary of Nesma Holding and an operator of several hotels in both Makkah and Madinah.', 30, 2),
(473, 'كونشار', 'كونشار للمعدات الكهربائية هي شركة مقرها كرواتيا متخصصة في تطوير وتصميم وتصنيع وتجميع وخدمة ما بعد البيع للمعدات الكهربائية (مثل المفاتيح الكهربائية ذات الجهد المنخفض والمفاتيح الكهربائية ذات الجهد المتوسط ​​والمرحلات ولوحات التحكم) للمرافق وصناعات بناء السفن والعملاء الصناعيين في أوروبا والخارج.', 26, 1),
(474, 'Koncar Elektricni Uredaji', 'Končar Electrical Equipment is a Croatian-based company specialized in the development, design, manufacture, assembly and after sales service of electrical equipment (such as low voltage switchgears, medium voltage switchgears, relays and control panels) for utilities, shipbuilding industries and industrial clients in Europe and abroad.', 26, 2),
(475, 'سبايس مايكر', 'شركة سبايس مايكر من أبرز الشركات المصنعة لوحدات هياكل الصلب المؤطرة في دول مجلس التعاون. وتوفر شركة سبايس مايكر برنامج المسار السريع، من حيث الفكرة والتصميم والتصنيع والتركيب في الموقع، للعملاء الذين يحتاجون إلى حلول اقتصادية وصديقة للبيئة في الموقع.', 11, 1),
(476, 'SPACEMAKER', 'Spacemaker is one of the leading manufacturers of steel-framed modular structures in the GCC. From concept and design, to manufacturing and site erection, Spacemaker provides a fast track program for clients who require an economical and environmentally friendly solution.', 11, 2),
(477, 'نسما للطيران', 'نسما للطيران ، عضو في مجموعة نسما السعودية ، هي الناقل الرسمي لبلدين: المملكة العربية السعودية وجمهورية مصر العربية. تقوم نسما للطيران بتشغيل رحلات داخلية مجدولة داخل المملكة العربية السعودية بالإضافة إلى رحلات إقليمية دولية. نسما للطيران هي شركة طيران تقدم خدمات كاملة ، وتوفر خيار السفر بين درجة رجال الأعمال والدرجة السياحية. انطلقت نسما للطيران رسميًا في السماء في يونيو 2010.', 59, 1),
(478, 'Nesma Airlines', 'Nesma Airlines, a member of Saudi Arabia’s Nesma Group, is a flag carrier of two countries: the Kingdom of Saudi Arabia and the Arabic Republic of Egypt. Nesma Airlines operates scheduled domestic flights within Saudi Arabia as well as international regional flights. Nesma Airlines is a full-service carrier, offering a choice of travel between Business Class and Economy Class. Nesma Airlines officially took to the skies in June 2010.', 59, 2),
(479, 'نسما تاتا', 'مشاريع نسما تاتا هي شركة مشتركة بين شركة نسما للاتصالات والتكنولوجيا في المملكة العربية السعودية وشركة تاتا بروجكتس الهندية ، تم تأسيسها من أجل تنفيذ عقود مشاريع البنية التحتية في قطاعات الطاقة والمياه وصناعة البتروكيماويات. يقع مكتب الشركة المسجل في جدة. الشركة مقاول معتمد من الشركة السعودية للكهرباء ومورد مسجل لشركة أرامكو السعودية.', 49, 1),
(480, 'Nesma Tata', 'Nesma Tata Projects is a Joint Venture Company between Nesma Telecom & Technology of Saudi Arabia and Tata Projects of India established for the business of undertaking EPC Contracts of Infrastructure Projects in Power, Water and Petrochemical industry sectors. The Company has its registered office in Jeddah. The company is an approved EPC Contractor of Saudi Electricity Company (SEC) and registered vendor of Saudi ARAMCO.', 49, 2),
(481, 'شركة الحافلات الحديثة المحدودة', 'في عام ٢٠١٧ حاز التحالف السعودي الإسباني الذي يضم شركة نسما القابضة، شركة الشعلة، مجموعة مغربي، وشركة Imathia، وشركتي Consultrans و TCC الأسبانية، على عقد لتصميم وتشغيل حافلات برنامج مكة للنقل العام. و في عام ٢٠١٨ أنشأ التحالف شركة الحافلات الحديثة كشركة محدودة لأغراض خاصة، للعمل على تنفيذ مشروع مكة للحافلات.', 25, 1),
(482, 'Mawaddah Int’l Group', 'Mawaddah Int’l Group for Hotel & Umrah Services (Mawaddah) is a hotel operator that specializes in the provision of Hajj and Umrah services. The company has several hotels under management in both Makkah and Madinah, and works through an extensive network of travel agents and tour operators across the world. Among the services offered are issuing of Umrah travel visas, arranging air and sea travel to/from Saudi Arabia and providing in-Kingdom ground transportation.', 25, 2),
(483, 'تشوكينغ', 'تشوكينغ هي سلسلة مطاعم صينية نشأت في الفلبين. إنها سلسلة مطاعم على الطراز الغربي ، خاصة في كيفية تقديم العملاء ، لكن القائمة تتكون فقط من المأكولات الصينية.', 29, 1),
(484, 'Chowking', 'Chowking is a Chinese-cuisine food chain originated in the Philippines. They are a western-style food chain, mainly in how customers are served, but the menu consisting solely of Chinese-cuisine food.', 29, 2),
(485, 'نسما للإتصالات والتقنية', 'تقدم نسما للإتصالات والتقنية حلولاً مبتكرة لصناعة تكنولوجيا المعلومات والاتصالات ، أو المعلومات والاتصالات. وتسعى  جاهدة لتقديم حلول تكنولوجيا المعلومات والاتصالات عالية الجودة وفعالة من حيث التكلفة والتي تعزز معرفة الشركة الواسعة بالأسواق العالمية والمحلية.', 54, 1),
(486, 'Nesma Telecom & Technology', 'Nesma Telecom & Technology (NT&T) provides innovative solutions for the information and communications technology (ICT) industry, or infocommunications. NT&T strives to offer high quality yet cost effective ICT solutions that leverage the company’s extensive knowledge of global and local markets.', 54, 2),
(489, 'نسمه كاترينج', 'احد الشركات التابعة لشركة نسمه ومتخصصه في مجال الاغذية', 19, 1),
(490, 'Nesma Catering', 'A subsidiary of Nesma Company, specializing in food', 19, 2),
(491, 'الوطنية لخدمات الموانئ المحدودة', 'تقدم الوطنية لخدمات الموانئ المحدودة الخدمات البحرية المتخصصة وإدارة محطات الحاويات وصيانة خدمات مرافق الموانئ في المملكة العربية السعودية. تتمثل رؤية الشركة في العمل بكفاءة وفعالية من حيث التكلفة ، وتحسين الموارد المتاحة مثل الأرض والمعدات والعمالة والطاقة من خلال استخدام التكنولوجيا والموارد البشرية المؤهلة من الشباب. تلتزم نفسها بتدريب وتوظيف الموارد البشرية السعودية ، ونقل التكنولوجيا والمعرفة من شركائها الدوليين التابعين لها.', 53, 1),
(492, 'National Port Services Limited', 'National Port Services Limited (NPS) provides expert marine services, container terminal management, and maintenance of port facility services in the Kingdom of Saudi Arabia. The company’s vision is to operate efficiently and cost effectively, and to optimize available resources such as land, equipment, labour and energy through the use of technology and young qualified human resources. NPS is self committed to train and employ Saudi human resources, transfering technology and know-how from its affiliated international partners.', 53, 2),
(493, 'نسما وأمات', 'نسما وأمات هي شركة إقليمية رائدة في تربية الدواجن متخصصة في تربية الكتاكيت والدجاج. تمتلك الشركة مزارع لتربية الدواجن في السعودية ومصر والسودان ، ومن أسواقها التصديرية دول الخليج العربي واليمن وإريتريا.', 43, 1),
(494, 'Nesma Ommat', 'Nesma Ommat is a leading regional poultry breeding company that specializes in the breeding of chicks and chickens. The company has poultry breeding farms in Saudi Arabia, Egypt and Sudan, and among its export markets are the countries of the Arabian Gulf, Yemen and Eritrea.', 43, 2),
(495, 'شركة الحافلات الحديثة المحدودة', 'احد الشركات المتخصصة في توفير حافلات النقل', 24, 1),
(496, 'Modern Bus Company Ltd.', 'One of the companies specialized in providing transport buses', 24, 2),
(497, 'ناما للشحن', 'ناما للشحن هي المزود الرائد للخدمات اللوجستية الشاملة في المملكة العربية السعودية ، مع بنية تحتية على مستوى المملكة وإمكانيات نقل متعددة الوسائط مدعومة بأنظمة تقنية معلومات داخلية فائقة.', 31, 1),
(498, 'Namma Cargo', 'Namma Cargo is the leading total logistics services provider in Saudi Arabia, with Kingdom-wide infrastructure and multi-modal transportation capabilities that are supported by superior in-house information technology systems.', 31, 2),
(499, 'نسما أونور للمقاولات', 'توفر الشركة خدمات الإنشاءات المدنية والبنى التحتية الثقيلة، مثل أعمال البنى التحتية، وطمر النفايات، وحماية الشواطئ، وإنشاء الطرق والطرق السريعة، والجسور، والسدود، ونظم قنوات الري، وشبكات المياه والصرف الصحي، ومحطات معالجة مياه الصرف الصحي...إلخ في جميع أنحاء المملكة العربية السعودية.', 64, 1),
(500, 'Nesma Onur', 'The company provides heavy civil and infrastructure construction services such as infrastructure works, landfill and shore protection, roads and highways, bridges, dams, irrigation canals systems, water & sewage systems, sewage treatment plants, etc. across the Kingdom of Saudi Arabia.', 64, 2),
(501, 'اندجيتيك', 'اندجيتيك هي شركة إنتاج وسائط في دبي تقدم سلسلة قيمة من الخدمات الرقمية في الطباعة الرقمية', 14, 1),
(502, 'NDigitec', 'NDigitec  is a media production company in Dubai which offers a value chain of digital services in Prepress, Digital Printing Solutions', 14, 2),
(503, 'نما العالمية للخدمات البحرية', 'تقدم شركة نما للتوكيلات الملاحية التي تتخذ من مصر مقراً لها خدمات نقل الركاب والبضائع بشكل منتظم على سفن من نوع روباكس من مصر والسودان إلى المملكة العربية السعودية عبر البحر الأحمر. ومن الموانئ المخدومة سفاجا والسويس في مصر ، وسواكن في السودان ، والضباء وجدة في المملكة العربية السعودية.', 15, 1),
(504, 'Namma Shipping Lines - Maritime', 'The Egyptian-based Namma Shipping Lines offers regular passenger and cargo services on ROPAX type vessels from Egypt and Sudan to Saudi Arabia across the Red Sea. Among the ports served are Safaga and Suez in Egypt, Sawakin in Sudan, and Dhiba and Jeddah in Saudi Arabia.', 15, 2),
(505, 'نسما وشركاه', 'نسما وشركاه هي شركة سعودية حائزة على جوائز ، أصبحت رائدة في الموثوقية والابتكار للمشاريع الضخمة في جميع أنحاء المملكة في مجالات الأعمال المدنية والبناء والنفط والغاز والبتروكيماويات والطاقة والمياه.', 45, 1),
(506, 'Nesma & Partners', 'Nesma & Partners is an award-winning Saudi company that has become a recognized leader in reliability and innovation for mega projects across the Kingdom in the fields of civil & building, oil & gas, petrochemicals, power and water.', 45, 2),
(507, 'نسما أوربت', 'من خلال صالات العرض الخاصة بها ، تقدم نسما أوربت للمشاريع الصناعية والتجارية مجموعة واسعة من الفسيفساء وغيرها من مواد الديكور الراقية للمنزل والمكتب ومساحات البيع بالتجزئة. بالإضافة إلى ذلك ، لدى نسما أوربت فريق متخصص من مصممي الديكور الداخلي والحرفيين المهرة لتصميم وتنفيذ مشاريع التصميم الداخلي والتجهيز.', 52, 1),
(508, 'Nesma Orbit', 'Through its own showrooms, Nesma Orbit for Industrial Projects & Commerce offers a wide range of mosaics and other high-end decorative materials for the home, office and retail space. Additionally, Nesma Orbit has a specialized team of interior designers and skilled craftsmen to design and implement interior design and outfitting projects.', 52, 2),
(509, 'شركة نسما العقارية', 'شركة نسما العقارية تدير مجموعة من المجمعات السكنية في جميع أنحاء المملكة العربية السعودية. تشمل محفظتنا مجمعات سكنية مثالية للعائلات من الطبقة المتوسطة ، مع وسائل الراحة والمراكز الترفيهية في الموقع ، مثل المتاجر الصغيرة وصالونات تصفيف الشعر وحمامات السباحة وصالات الألعاب الرياضية وملاعب التنس وحلفاء البولينج. كما تتوفر أيضًا مجمعات مبنية لهذا الغرض تتيح للشركات الصناعية الكبيرة ، المحلية والأجنبية ، العاملة في المملكة تلبية احتياجاتها السكنية والتموينية على جميع مستويات مؤسساتها: العمال والمهندسين والإدارة العليا.', 46, 1),
(510, 'Nesma Real Estate', 'Nesma Real Estate manages a range of residential compounds across Saudi Arabia. Our portfolio includes residential compounds that are ideal for middle-class families, with onsite amenities and recreational centers, such as convenience stores, hair salons, swimming pools, gymnasiums, tennis courts and bowling allies. Also available are purpose-built compounds that allow large industrial corporations, both local and foreign, operating in the Kingdom to meet their housing and catering needs at all levels of their organizations: laborers, engineers and top management.', 46, 2),
(511, 'نما العالمية للخدمات البحرية', 'تقدم نما العالمية للخدمات البحرية (نما للملاحة البحرية)، ومقرها مصر، خدمات نقل الركاب والشحن برحلات منتظمة على عباراتها من نوع الرورو وروباكس ما بين مصر/السودان والمملكة العربية السعودية عبر البحر الأحمر. ومن بين الموانئ التي تخدمها الشركة ميناء سفاجا والسويس في مصر، وميناء سواكن في السودان، وضباء وجدة وينبع في المملكة العربية السعودية. وتعد نما العالمية للخدمات البحرية اليوم الشركة الرائدة في هذه الصناعة على المستوى الإقليمي، من حيث السلامة، والاعتمادية، والراحة.', 65, 1),
(512, 'Namma Shipping Line', 'Egyptian-based Namma International Marine Services (Namma Shipping Lines) offers regular passenger and cargo services on RORO and ROPAX-type vessels between Egypt/Sudan and Saudi Arabia across the Red Sea. Among the ports served are Safaja and Suez in Egypt, Sawakin in Sudan, and Dhiba, Jeddah and Yanbu in Saudi Arabia. Today, Namma International Marine Services is the region’s industry leader in terms of safety, reliability and comfort.', 65, 2),
(513, 'نسما للحلول الخرسانية', 'شركة نسما للحلول الخرسانية هي شركة مشتركة بين شركة نسما القابضة و (كندوسي) القابضة من النمسا. الشركة متخصصة في تصنيع مجموعة متنوعة من الكتل الخرسانية من مصنعها الواقع في قرية خليص، شمال محافظة جدة، في المملكة العربية السعودية.', 61, 1),
(514, 'Nesma Concrete Solutions', 'Nesma Concrete Solutions is a joint venture company formed between Nesma Holding and Kandussi Holding of Austria. The joint venture specializes in the manufacturing of a variety of concrete blocks out of its factory in the town of Khulais, north of Jeddah, Saudi Arabia.', 61, 2),
(515, 'شركة تراب لمكافحة الحشرات', 'شركة تراب تقدم خدمات مكافحة الحشرات لعملائها من القطاعات السكنية والتجارية والصناعية في جميع أنحاء المملكة. لعملائها من الوحدات والمنشآت السكنية، تقدم شركة تراب حلولا أكثر شمولية، بحيث تتعدى مكافحة الحشرات إلى إنشاء وصيانة الحدائق، وإنشاء وصيانة المسابح.', 63, 1),
(516, 'TRAP', 'Trap offers pest control services to residential, commercial and industrial customers across the Kingdom. For residential customers looking for a more comprehensive solution, Trap also offers landscaping and garden maintenance, as well as swimming pool construction and maintenance.', 63, 2),
(517, 'ألبان المالكي', 'ألبان المالكي ، مطعم يقدم حلويات ألبان لذيذة ، لديه خبرة واسعة كشركة رائدة في صناعة الألبان في مصر يعود تاريخها إلى عام 1917. وقد أدت سمعة المالكي لمنتجات عالية الجودة وذات مذاق ممتاز إلى نمو الشركة المطرد في مصر ، الكويت والآن المملكة العربية السعودية.', 34, 1),
(518, 'Al Ban Al Malky', 'Alban El-Malky, a restaurant featuring delicious dairy confections, has extensive experience as a leader in the dairy industry in Egypt dating back to 1917. El-Malky’s reputation for high quality, excellent tasting products has led to the company’s steady growth in Egypt, Kuwait and now Saudi Arabia.', 34, 2),
(519, 'جوليبي', 'جوليبي هي سلسلة فلبينية متعددة الجنسيات من مطاعم الوجبات السريعة يقع مقرها الرئيسي في باسيج ، مترو مانيلا ، الفلبين. جوليبي هي رد الدولة على ماكدونالدز في مجال مطاعم برجر الوجبات السريعة. تحمل نسما الامتياز الرئيسي لجوليبي في المملكة العربية السعودية والبحرين.', 37, 1),
(520, 'Jollibee', 'Jollibee is a Filipino multinational chain of fast food restaurants headquartered in Pasig, Metro Manila, Philippines. Jollibee is the country\'s answer to McDonald\'s in the fast food burger business. Nesma holds the master franchise to Jollibee in Saudi Arabia and Bahrain.', 37, 2),
(521, 'نسما يونيتريد', 'تزود نسما يونيتريد المملكة العربية السعودية بأجود منتجات تشطيب الخشب من جميع أنحاء العالم ، بما في ذلك المواد الخام لصناعة الأثاث والبناء والأرضيات الخشبية. تمثل نسما كبرى الشركات الرائدة في مجالات تخصصها في صناعة الأخشاب الأوسع نطاقًا.', 55, 1),
(522, 'Nesma UniTrade', 'Nesma UniTrade supplies Saudi Arabia with the finest in wood finishing products from across the globe, including raw materials for the furniture and construction industries, and wood flooring. Nesma UniTrade represents major companies that are leaders in their respective fields within the broader wood manufacturing industry.', 55, 2),
(523, 'كايفر', 'قبل 100 عام ، في عام 1918 ، استخدم كارل كايفر الخث لعزل جدران أماكن التخزين الباردة. عملت فكرته بشكل جيد لدرجة أنها أدت إلى تأسيس شركتنا ، التي تطورت منذ ذلك الحين لتصبح الشركة الرائدة في السوق للمزود الأكثر موثوقية وكفاءة للخدمات الصناعية التقنية في الصناعة والبحرية والبحرية والبناء. مع أكثر من 30000 موظف وحضور دولي كبير ، نحن لاعب عالمي حقيقي - هناك من أجلك في جميع أنحاء العالم.', 27, 1),
(524, 'Kaefer', '100 years ago, in 1918 Carl Kaefer used peat to insulate the walls of cold storage spaces. His idea worked so well that it led to the foundation of our company, which has since developed into market leader for the most reliable and efficient provider of technical industrial services in Industry, Marine & Offshore and Construction. With over 30,000 employees and a large international presence, we are a true global player – there for you all over the world.', 27, 2),
(525, 'نسما التجارية المحدودة', 'نسما التجارية شركة تجارة وخدمات دعم، مقرها الخبر، تتألف من ثمانية أقسام رئيسية، هي: 1. الإنشاءات 2. إدارة المرافق 3. النظم التقنية والفنية 4. المشاريع التجارية 5. تنظيم المناسبات والفعاليات 6. الخدمات الأمنية 7. تصنيع وتركيب الصلب 8. السفر والسياحة', 50, 1),
(526, 'Nesma Trading', 'Construction\r\nFacility Management\r\nTechnical Systems\r\nCatering\r\nBanqueting\r\nEvent Management\r\nBusiness Ventures\r\nIndustrial Security\r\nCommercial and Trading\r\nIndustrial Contracting\r\nSteel Fabrication & Erection\r\nLandscaping & Irrigation\r\nTravel & Tourism', 50, 2),
(527, 'نسما ترافيل', 'تقدم نسما ترافيل مجموعة واسعة من الخدمات المتعلقة بالسفر ، بما في ذلك الإجازات المنظمة وحلول السفر لعملاء الشركات.', 51, 1),
(528, 'Nesma Travel', 'Nesma Travel provides a wide range of travel-related services, including organized holidays and travel solutions to corporate clients.', 51, 2),
(529, 'محطات الحاويات الوطنية', 'محطات الحاويات الوطنية هي المشغل لميناء الملك عبد الله الواقع في مدينة الملك عبد الله الاقتصادية.', 38, 1),
(530, 'National Container Terminals', 'National Container Terminals is the operator of King Abdullah Port located in King Abdullah Economic City .', 38, 2),
(531, 'مودرن بايونير', 'بايونير هي شركة متخصصة في الهدايا الترويجية. تقدم الشركة لعملائها من مختلف المجالات والصناعات والخدمات أفكارا ومفاهيم مبتكرة، علاوة على تشكيلة واسعة من المنتجات والهدايا عالية الجودة.', 22, 1),
(532, 'Modern Pioneer', 'Pioneer is a supplier of promotional products. It provides clients in various fields of industry and services with innovative ideas and concepts, as well as a wide selection of high quality products and gift items.', 22, 2),
(533, 'نسما القابضة', 'نسما القابضة هي شركة سعودية مملوكة للقطاع الخاص ، ومقرها الرئيسي في مدينة جدة الساحلية على البحر الأحمر ومكاتب فرعية في جميع المدن الرئيسية في جميع أنحاء المملكة. بالإضافة إلى عملياتها المحلية ، تحافظ نسما على حضور دولي نشط من خلال العديد من المشاريع المشتركة والشراكات على الصعيدين الإقليمي والعالمي.', 57, 1),
(534, 'Nesma Holding Co.', 'Nesma Holding is a privately owned Saudi Arabian company, with corporate headquarters in the Red Sea port city of Jeddah and branch offices in all major cities around the Kingdom. In addition to its local operations, Nesma maintains an active international presence through several joint ventures and partnerships both regionally and globally.', 57, 2);

-- --------------------------------------------------------

--
-- Table structure for table `countries`
--

CREATE TABLE `countries` (
  `id` bigint(20) UNSIGNED NOT NULL,
  `created_at` timestamp NULL DEFAULT NULL,
  `updated_at` timestamp NULL DEFAULT NULL,
  `deleted_at` timestamp NULL DEFAULT NULL
) ENGINE=InnoDB DEFAULT CHARSET=utf8;

--
-- Dumping data for table `countries`
--

INSERT INTO `countries` (`id`, `created_at`, `updated_at`, `deleted_at`) VALUES
(3, '2020-08-11 14:21:05', '2020-08-11 14:37:21', NULL),
(4, '2020-08-11 14:21:28', '2020-08-11 14:37:14', NULL),
(7, '2020-08-11 14:22:47', '2020-08-11 14:37:29', NULL),
(8, '2020-08-17 14:40:09', '2020-08-17 14:40:09', NULL),
(9, '2020-08-17 14:40:28', '2020-08-17 14:40:28', NULL);

-- --------------------------------------------------------

--
-- Table structure for table `country_descriptions`
--

CREATE TABLE `country_descriptions` (
  `id` bigint(20) UNSIGNED NOT NULL,
  `name` varchar(50) NOT NULL,
  `country_id` bigint(20) UNSIGNED DEFAULT NULL,
  `language_id` bigint(20) UNSIGNED DEFAULT NULL
) ENGINE=InnoDB DEFAULT CHARSET=utf8;

--
-- Dumping data for table `country_descriptions`
--

INSERT INTO `country_descriptions` (`id`, `name`, `country_id`, `language_id`) VALUES
(15, 'الإمارات العربية المتحدة', 4, 1),
(16, 'United Arab Emirates', 4, 2),
(17, 'السعودية', 3, 1),
(18, 'Saudi Arabia', 3, 2),
(19, 'مصر', 7, 1),
(20, 'Egypt', 7, 2),
(21, 'تركيا', 8, 1),
(22, 'Turkey', 8, 2),
(23, 'كرواتيا', 9, 1),
(24, 'Croatia', 9, 2);

-- --------------------------------------------------------

--
-- Table structure for table `cultures`
--

CREATE TABLE `cultures` (
  `id` bigint(20) UNSIGNED NOT NULL,
  `photo` varchar(200) NOT NULL,
  `deleted_at` timestamp NULL DEFAULT NULL,
  `created_at` timestamp NULL DEFAULT NULL,
  `updated_at` timestamp NULL DEFAULT NULL
) ENGINE=InnoDB DEFAULT CHARSET=utf8;

--
-- Dumping data for table `cultures`
--

INSERT INTO `cultures` (`id`, `photo`, `deleted_at`, `created_at`, `updated_at`) VALUES
(1, '/uploads/images/5f43ac582f3b9.jpg', NULL, '2020-08-10 16:49:40', '2020-08-24 09:02:38'),
(2, '/uploads/images/5f43aba005639.jpg', NULL, '2020-08-10 16:51:01', '2020-08-24 08:59:35'),
(3, '/uploads/images/5f43ac03e585b.jpg', NULL, '2020-08-10 16:51:25', '2020-08-24 09:01:15'),
(4, '/uploads/images/5f43ab770256a.jpg', NULL, '2020-08-10 16:51:51', '2020-09-01 07:55:20'),
(5, '/uploads/images/5f43ab0aceddb.jpg', NULL, '2020-08-10 16:52:17', '2020-08-24 08:57:13'),
(6, '/uploads/images/5f4f39ba9c629.jpg', NULL, '2020-08-10 16:52:41', '2020-09-02 03:20:49');

-- --------------------------------------------------------

--
-- Table structure for table `culture_descriptions`
--

CREATE TABLE `culture_descriptions` (
  `id` bigint(20) UNSIGNED NOT NULL,
  `name` varchar(100) NOT NULL,
  `details` text NOT NULL,
  `culture_id` bigint(20) UNSIGNED NOT NULL,
  `language_id` bigint(20) UNSIGNED NOT NULL
) ENGINE=InnoDB DEFAULT CHARSET=utf8;

--
-- Dumping data for table `culture_descriptions`
--

INSERT INTO `culture_descriptions` (`id`, `name`, `details`, `culture_id`, `language_id`) VALUES
(33, 'احتفالات اليوم الوطني', 'ينتمي موظفو ومنتسبو مجموعة نسما القابضة التي تتجاوز 40 شركة، إلى أكثر من 51 جنسية مختلفة، لذلك نعتبر منتسبينا من أقوى أصول الشركة. كما يعد الموظفون – على اختلاف جنسايتهم – شركات نسما موطنهم الثاني، مما دفع نسما إلى مشاركة منتسبيها وموظفيها الاحتفال بأيام الأستقلال أو الأيام الوطنية لدولهم.', 4, 1),
(34, 'NATIONAL DAY CELEBRATIONS', 'With over 51 nationalities represented in Nesma Holding and its 40+ companies, we consider the international character of our workforce to be among our strongest assets. Furthermore, these diverse employees consider Nesma to be their second home, which has led us to celebrate with each of them on the recognized independence day or national day of their countries.', 4, 2),
(35, 'التدريب', 'توفر شركة نسما لموظفيها برامج تدريبية ذات العلاقة بوظائفهم لتعزيز المهارات وتحقيق أقصى قدر من الأداء الوظيفي. إننا نعزز ثلاثة أنواع من التدريب: التنظيمي، وصقل المهارات، والتقني. وتُعقد الدورات التدريبية إما في مقر نسما أو بالتعاون مع مزودي الخدمات التعليمية الخارجية.', 2, 1),
(36, 'Training', 'Nesma provides job-related training programs for employees to enhance skills and maximize job performance. We promote three types of training: organizational, soft skills, and technical. Training may take place at Nesma or in collaboration with external educational providers.', 2, 2),
(37, 'الفرق الرياضية', 'الرياضة جزء كبير من النشاط الترفيهي في مجموعة نسما، وينضم موظفو ومنتسبو نسما، على جميع المستويات، بفرق الشركات لحرق طاقاتهم، والتألق والترفيه وقضاء الأوقات الممتعة. سواء كانت كرة السلة، أم كرة القدم، أم الكريكيت، أم كرة الريشة أو غيرها من الألعاب الرياضية، يتمكن رياضيو نسما من التألق وحصد الجوائز بانتصاراتهم، سواء كان ذلك في المسابقات التي تقام داخل الشركة، أو منافسات ومسابقات فرق المشاريع، أو البطولات التي تشارك بها فرق من الشركات الأخرى في المملكة العربية السعودية.', 5, 1),
(38, 'Sports Teams', 'Sports are a big part of recreational activity at Nesma. Employees at all levels join company teams to burn off some energy, capture some glory and have a good time. Whether it is basketball, football, cricket, badminton or any of a number of other sports, Nesma’s athletes pull out the stops in striving for victory, be it in an intra-company contest, an on-site project team competition or a tournament involving teams from other companies in the Kingdom.', 5, 2),
(39, 'مجتمعنا', 'تركز أغلب الأنشطة المجتمعية للشركة على التغلب على ما أطلقت عليه نسما بأنه \" فقر المقدرة\". إن الفقر يتخذ أشكالا عديدة في العالم، إلا أن الأكثر أهمية في المملكة العربية السعودية يتمثل في عدم قدرة الشباب والشابات من الاستفادة من الفرص الكثيرة المتاحة لهم، وذلك بسبب افتقادهم للمهارات والمعرفة والدراية ذات الصلة. من هذا المنطلق، تركز أكبر برامجنا المجتمعية على خلق فرص وظيفية، وصقل المهارات والتدريب، ودعم المهن والاختصاصات الفريدة من نوعها.', 6, 1),
(40, 'Our Community', 'The company’s community activities focus predominantly on overcoming what Nesma has termed “a poverty of capabilities.” There are many forms of poverty in the world, but the most critical one in Saudi Arabia is the inability of young women and men to take advantage of the wealth of opportunities that are available to them, due to a lack of relevant skills and know-how. Accordingly, our largest community programs tackle job creation, upskilling and training, and supporting unique vocations and professions.', 6, 2),
(41, 'ثقافة نسما', 'تشارك شركة نسما القابضة في العديد من المشاريع والمبادرات المجتمعية عبر المجموعة لتعزيز رؤية ورسالة نسما القابضة، التي تؤكد التزامنا بأن نصبح شركة تتمتع باحترام المجتمع الذي يستفيد منها. ويشمل هذا الالتزام موظفي المجموعة والمجتمع ككل.', 1, 1),
(42, 'NESMA CULTURE', 'Nesma Holding is involved in many social projects and initiatives throughout the Group to reinforce the vision and mission statements which emphasize our dedication to being respected as a company and to benefiting society. This commitment encompasses our employees and community at large.', 1, 2),
(43, 'المنتديات', 'في كل عام تنظم نسما القابضة عددا من المنتديات تهدف إلى جمع الموظفين عبر جميع شركات مجموعة نسما، حيث تمنح مثل هذه المنتديات فرص التواصل وتوسيع الاتصالات بين الموظفين ومنتسبين المجموعة، وتسهم في تحديد الأولويات الاستراتيجية للعام المقبل. كما أن المنتديات تعتبر مكانا مثاليا لإثارة الصداقات وغرس الشعور بالألفة بين زملاء العمل.', 3, 1),
(44, 'Forums', 'Every year, Nesma Holding organizes multiple forums to bring together employees from across the Nesma Group. These forums provide networking opportunities, encourage communication and help to identify strategic priorities for the next year. The forums are also a great way to spark friendships and boost relationships among colleagues.', 3, 2);

-- --------------------------------------------------------

--
-- Table structure for table `details`
--

CREATE TABLE `details` (
  `id` bigint(20) UNSIGNED NOT NULL,
  `image` varchar(191) DEFAULT NULL,
  `deleted_at` timestamp NULL DEFAULT NULL,
  `created_at` timestamp NULL DEFAULT NULL,
  `updated_at` timestamp NULL DEFAULT NULL
) ENGINE=InnoDB DEFAULT CHARSET=utf8;

--
-- Dumping data for table `details`
--

INSERT INTO `details` (`id`, `image`, `deleted_at`, `created_at`, `updated_at`) VALUES
(1, '/uploads/images/5f2f211314490.png', NULL, '2020-08-11 08:49:08', '2020-09-01 07:51:02');

-- --------------------------------------------------------

--
-- Table structure for table `detail_descriptions`
--

CREATE TABLE `detail_descriptions` (
  `id` bigint(20) UNSIGNED NOT NULL,
  `details` text NOT NULL,
  `details_plus` text NOT NULL,
  `vision` text NOT NULL,
  `mission` text NOT NULL,
  `our_values` text NOT NULL,
  `percentage_text_first` varchar(400) NOT NULL,
  `percentage_text_second` varchar(400) NOT NULL,
  `percentage_text_third` varchar(191) NOT NULL,
  `percentage_first` varchar(10) NOT NULL,
  `percentage_second` varchar(20) NOT NULL,
  `percentage_third` varchar(20) NOT NULL,
  `detail_id` bigint(20) UNSIGNED DEFAULT NULL,
  `language_id` bigint(20) UNSIGNED DEFAULT NULL
) ENGINE=InnoDB DEFAULT CHARSET=utf8;

--
-- Dumping data for table `detail_descriptions`
--

INSERT INTO `detail_descriptions` (`id`, `details`, `details_plus`, `vision`, `mission`, `our_values`, `percentage_text_first`, `percentage_text_second`, `percentage_text_third`, `percentage_first`, `percentage_second`, `percentage_third`, `detail_id`, `language_id`) VALUES
(37, 'نسما شركة سعودية ذات ملكية خاصة، مقرها الرئيسي في مدينة جدة (ميناء البحر الأحمر)، ولها فروع في مدن المملكة الرئيسية.\r\n@@\r\nوبالإضافة إلى الأعمال والمشاريع والعمليات التي تنفذها الشركة محليا داخل المملكة العربية السعودية، تتمتع شركة نسما بحضور دولي نشط بفضل العديد من المشاريع المشتركة والشراكات على الصعيدين الإقليمي والعالمي.', 'وتتمتع شركة نسما القابضة والشركات التابعة لها بسمعة طويلة الأمد لما تميزت به عبر السنوات من القوة المالية والاستقرار، وذلك بفضل سنوات من الإدارة الرصينة والممارسات المالية الحكيمة على كافة المستويات. إن ما يُعرف عن نسما من نزاهة في العمل والالتزام بمعايير متميزة للجودة أثمر تقديم خدمات ومنتجات مميزة واستثنائية لعملائها من الشركات والأفراد على حد سواء. \r\n@@\r\nمنذ تأسيسها عام 1979، تمكنت شركة نسما من بناء سمعة ومكانة مميزة حيث تقوم بدور ريادي في اقتصاد المملكة العربية السعودية، من خلال تأسيسها لمشاريع مشتركة ودخولها في شراكات مع شركات أجنبية، علاوة على استحواذها وتطويرها لعدد من الشركات الفرعية التابعة لها. كما يمتد نشاطها وانتشارها على الصعيد الدولي، من خلال عدد من الشركات القابضة في كل من مصر وتركيا، ودخولها في عدد من المشاريع المشتركة مع شركات في أوروبا وأفريقيا وآسيا.', 'نطمح أن نكون الشركة الأكثر إحتراماً في أدائنا لأعمالنا المتنوعة في كل الدول التي نعمل بها.', 'نسعى لتحويل الأفكار المبتكرة إلى واقع حي يعيشه و يستفيد منه قطاع الأعمال و المجتمع.', 'الإمتياز_الإبداع_التنوع_الإحترام_الأثر', 'Lorem ipsum dolor sit amet, consectetuer adipiscing elit', 'Lorem ipsum dolor sit amet, consectetuer adipiscing elit, sed diam nonummy nibh euismod tincidunt ut laoreet dolore magna', 'Lorem ipsum dolor sit amet, consectetuer adipiscing elit, sed diam nonummy nibh euismod tincidunt ut laoreet dolore magna', '50M', '35%', '42$', 1, 1),
(38, 'Nesma Holding is a privately owned Saudi Arabian company, with corporate headquarters in the Red Sea port city of Jeddah and branch offices in all major cities around the Kingdom.\r\n@@\r\nIn addition to its local operations, Nesma maintains an active international presence through several joint ventures and partnerships both regionally and globally.', 'Nesma Holding and its subsidiaries enjoy a long-standing reputation of financial strength and stability honed over many years of sound management and prudent financial practices at all levels, Nesma’s well-known business integrity and distinguished standards for quality translate into exceptional services and products offered to businesses and individual consumers alike.\r\n@@\r\nSince Nesma Holding was established in 1979, its creation of joint ventures and partnerships with outside companies as well as its acquisition and development of subsidiary companies has bolstered its reputation as a serious player in the diversifying economy of Saudi Arabia, Its reach also extends internationally with significant holdings in Egypt and Turkey and joint ventures with companies from Europe, Africa and Asia.', 'At Nesma, we aspire to be the most respected diversified company in all our countries of operation.', 'Nesma is dedicated to bringing innovative ideas to life, in business as well as society.', 'Excellence_Innovation_Diversity_Respect_Impact', 'Lorem ipsum dolor sit amet, consectetuer adipiscing elit, sed diam nonummy nibh euismod tincidunt ut laoreet dolore magna', 'Lorem ipsum dolor sit amet, consectetuer adipiscing elit, sed diam nonummy nibh euismod tincidunt ut laoreet dolore magna', 'Lorem ipsum dolor sit amet, consectetuer adipiscing elit, sed diam nonummy nibh euismod tincidunt ut laoreet dolore magna', '50M', '35%', '42$', 1, 2);

-- --------------------------------------------------------

--
-- Table structure for table `failed_jobs`
--

CREATE TABLE `failed_jobs` (
  `id` bigint(20) UNSIGNED NOT NULL,
  `connection` text NOT NULL,
  `queue` text NOT NULL,
  `payload` longtext NOT NULL,
  `exception` longtext NOT NULL,
  `failed_at` timestamp NOT NULL DEFAULT current_timestamp()
) ENGINE=MyISAM DEFAULT CHARSET=utf8;

-- --------------------------------------------------------

--
-- Table structure for table `industries`
--

CREATE TABLE `industries` (
  `id` bigint(20) UNSIGNED NOT NULL,
  `created_at` timestamp NULL DEFAULT NULL,
  `updated_at` timestamp NULL DEFAULT NULL,
  `deleted_at` timestamp NULL DEFAULT NULL
) ENGINE=InnoDB DEFAULT CHARSET=utf8;

--
-- Dumping data for table `industries`
--

INSERT INTO `industries` (`id`, `created_at`, `updated_at`, `deleted_at`) VALUES
(1, '2020-08-11 08:41:22', '2020-08-11 14:25:22', '2020-08-11 14:25:22'),
(2, '2020-08-11 08:41:22', '2020-08-11 14:25:18', '2020-08-11 14:25:18'),
(3, '2020-08-11 14:25:13', '2020-08-11 14:38:50', NULL),
(4, '2020-08-11 14:26:11', '2020-08-11 14:39:43', NULL),
(5, '2020-08-11 14:26:59', '2020-08-11 14:38:59', NULL),
(6, '2020-08-11 14:27:39', '2020-08-11 14:27:39', NULL),
(7, '2020-08-11 14:28:26', '2020-08-11 14:39:58', NULL),
(8, '2020-08-11 14:29:44', '2020-08-11 14:29:44', NULL),
(9, '2020-08-11 14:30:22', '2020-08-11 14:30:22', NULL),
(10, '2020-08-11 14:31:28', '2020-08-11 14:31:28', NULL),
(11, '2020-08-11 14:32:38', '2020-08-11 14:32:38', NULL),
(12, '2020-08-11 14:33:09', '2020-08-11 14:34:28', '2020-08-11 14:34:28'),
(13, '2020-08-11 14:35:24', '2020-08-11 14:35:24', NULL);

-- --------------------------------------------------------

--
-- Table structure for table `industry_descriptions`
--

CREATE TABLE `industry_descriptions` (
  `id` bigint(20) UNSIGNED NOT NULL,
  `name` varchar(50) NOT NULL,
  `industry_id` bigint(20) UNSIGNED DEFAULT NULL,
  `language_id` bigint(20) UNSIGNED DEFAULT NULL
) ENGINE=InnoDB DEFAULT CHARSET=utf8;

--
-- Dumping data for table `industry_descriptions`
--

INSERT INTO `industry_descriptions` (`id`, `name`, `industry_id`, `language_id`) VALUES
(1, 'rEZuWCaJJBZUXPhc', 1, 1),
(2, 'bOvNaopjvi62HSNb', 1, 2),
(3, 'HpkKVIm6fKvBDEqV', 2, 1),
(4, 'IGNvnZ8Gra2ydhZW', 2, 2),
(11, 'إدارة الممتلكات', 6, 1),
(12, 'Property Management', 6, 2),
(15, 'الضيافة والسياحة', 8, 1),
(16, 'Hospitality & Tourism', 8, 2),
(17, 'النقل والخدمات الجوية والبحرية', 9, 1),
(18, 'Transportation, Marine & Airport Services', 9, 2),
(19, 'خدمات قطاع الأعمال والقطاع الإستهلاكي', 10, 1),
(20, 'Business & Consumer Services', 10, 2),
(21, 'المكتب الرئيسي والمسؤولية الإجتماعية للشركات', 11, 1),
(22, 'Head Office & CSR', 11, 2),
(23, 'Other Investments', 12, 1),
(24, 'إستثمارات أخرى', 12, 2),
(25, 'استثمارات اخري', 13, 1),
(26, 'Other Investments', 13, 2),
(27, 'الهندسة و البناء', 3, 1),
(28, 'Engineering & Construction', 3, 2),
(29, 'معالجة المواد والتصنيع', 5, 1),
(30, 'Materials & Manufacturing', 5, 2),
(31, 'الأطعمة وتجارة التجزئة', 4, 1),
(32, 'Food & Retail', 4, 2),
(33, 'الطاقة، والاتصالات والتقنية', 7, 1),
(34, 'Power, Telecom and Technology', 7, 2);

-- --------------------------------------------------------

--
-- Table structure for table `jobs`
--

CREATE TABLE `jobs` (
  `id` bigint(20) UNSIGNED NOT NULL,
  `queue` varchar(191) NOT NULL,
  `payload` longtext NOT NULL,
  `attempts` tinyint(3) UNSIGNED NOT NULL,
  `reserved_at` int(10) UNSIGNED DEFAULT NULL,
  `available_at` int(10) UNSIGNED NOT NULL,
  `created_at` int(10) UNSIGNED NOT NULL
) ENGINE=MyISAM DEFAULT CHARSET=utf8;

-- --------------------------------------------------------

--
-- Table structure for table `languages`
--

CREATE TABLE `languages` (
  `id` bigint(20) UNSIGNED NOT NULL,
  `local` char(2) NOT NULL,
  `name` varchar(50) NOT NULL,
  `status` tinyint(1) NOT NULL DEFAULT 1 COMMENT 'whether the language is active in the website or not, 1-> is active',
  `admin_status` tinyint(1) NOT NULL DEFAULT 1 COMMENT 'whether the language is active in the dashboard or not, 1-> is active',
  `deleted_at` timestamp NULL DEFAULT NULL,
  `created_at` timestamp NULL DEFAULT NULL,
  `updated_at` timestamp NULL DEFAULT NULL
) ENGINE=InnoDB DEFAULT CHARSET=utf8;

--
-- Dumping data for table `languages`
--

INSERT INTO `languages` (`id`, `local`, `name`, `status`, `admin_status`, `deleted_at`, `created_at`, `updated_at`) VALUES
(1, 'ar', 'Arabic', 1, 1, NULL, NULL, NULL),
(2, 'en', 'English', 1, 1, NULL, NULL, NULL);

-- --------------------------------------------------------

--
-- Table structure for table `leaderships`
--

CREATE TABLE `leaderships` (
  `id` bigint(20) UNSIGNED NOT NULL,
  `photo` varchar(200) NOT NULL,
  `deleted_at` timestamp NULL DEFAULT NULL,
  `created_at` timestamp NULL DEFAULT NULL,
  `updated_at` timestamp NULL DEFAULT NULL
) ENGINE=InnoDB DEFAULT CHARSET=utf8;

--
-- Dumping data for table `leaderships`
--

INSERT INTO `leaderships` (`id`, `photo`, `deleted_at`, `created_at`, `updated_at`) VALUES
(1, '/uploads/images/5f31b85ff3a71.png', NULL, '2020-08-13 16:39:10', '2020-08-13 16:39:10'),
(2, '/uploads/images/5f31bc4d36191.png', NULL, '2020-08-13 16:41:25', '2020-08-13 16:41:25'),
(3, '/uploads/images/5f31bc9eb2276.png', NULL, '2020-08-13 16:43:49', '2020-08-13 16:43:49'),
(4, '/uploads/images/5f31bccd4706f.png', NULL, '2020-08-13 16:45:49', '2020-08-13 16:45:49'),
(5, '/uploads/images/5f31be667f718.png', NULL, '2020-08-13 16:48:23', '2020-08-13 16:48:23'),
(6, '/uploads/images/5f31bc89a26ce.png', NULL, '2020-08-13 16:50:12', '2020-08-13 16:50:12'),
(7, '/uploads/images/5f31bd152b858.png', NULL, '2020-08-13 16:54:09', '2020-08-13 16:54:09'),
(8, '/uploads/images/5f31bd6cb90a2.png', NULL, '2020-08-13 16:56:02', '2020-08-13 16:56:02');

-- --------------------------------------------------------

--
-- Table structure for table `leadership_descriptions`
--

CREATE TABLE `leadership_descriptions` (
  `id` bigint(20) UNSIGNED NOT NULL,
  `name` varchar(100) NOT NULL,
  `job_title` varchar(200) NOT NULL,
  `details` text NOT NULL,
  `leadership_id` bigint(20) UNSIGNED NOT NULL,
  `language_id` bigint(20) UNSIGNED NOT NULL
) ENGINE=InnoDB DEFAULT CHARSET=utf8;

--
-- Dumping data for table `leadership_descriptions`
--

INSERT INTO `leadership_descriptions` (`id`, `name`, `job_title`, `details`, `leadership_id`, `language_id`) VALUES
(1, 'فيصل صالح التركي', 'الرئيس', 'فيصل التركي هو رئيس شركة نسما القابضة وعضو في مجلس إدارتها. كما يشغل منصب رئيس وعضو مجلس الإدارة في العديد من شركات نسما.', 1, 1),
(2, 'Faisal Al-Turki', 'President', 'Faisal Alturki is President of Nesma Holding and a member of its board of directors. He serves as Chairman and board member of several Nesma companies.', 1, 2),
(3, 'نورة صالح التركي', 'نائب الرئيس', 'نورة التركي هي نائب رئيس شركة نسما القابضة وعضو في مجلس إدارتها. وهي ترأس لجنة الإدارة ولجنة الموارد البشرية كما أنها عضو في لجنة المسؤولية الاجتماعية للشركات.', 2, 1),
(4, 'NOURA S. ALTURKI', 'Vice President', 'Noura Alturki is Vice President of Nesma Holding and a member of its board of directors. She chairs the Management Committee and the HR Committee and is a member of the CSR Committee.', 2, 2),
(5, 'نايف العبيدي', 'المدير العام', 'نايف العبيدي هو المدير العام لشركة نسما القابضة وعضو في مجلس إدارتها، وهو المشرف على إدارة الشركة وأنظمتها كما يدير شركة نسما العقارية.', 3, 1),
(6, 'NAIF A. ALABEEDI', 'General Manager', 'Naif Alabeedi is General Manager of Nesma Holding and a member of its board of directors. He oversees corporate compliance and administration along with managing Nesma Real Estate.', 3, 2),
(7, 'فؤاد الشريبي', 'عضو مجلس الإدارة', 'فؤاد الشريبي هو رئيس مجلس الإدارة تنفيذي لمشروع حافلات النقل العام بمكة المكرمة وعضو مجلس إدارة شركة نسما القابضة. كما يشغل منصب رئيس مجلس إدارة شركة نسما تاتا للمشاريع المحدودة و منصب رئيس مجلس إدارة شركة نسما للإتصالات والتقنية.', 4, 1),
(8, 'FOUAD J. ALSHEREBI', 'Member of the Board', 'Fouad Alsherebi is the Executive Chairman of the Makkah Public Transport Bus Project and a member of the board of directors of Nesma Holding. He also serves as Chairman of Nesma TATA Projects Limited, and Chairman of Nesma Telecom & Technology.', 4, 2),
(9, 'محمد حماض', 'نائب الرئيس التنفيذي', 'محمد حماض هو نائب الرئيس التنفيذي لشركة نسما القابضة ونائب رئيس مجلس إدارتها. وهو رئيس لجنة التدقيق والمالية ويشرف على استثمارات شركة نسما في مصر.', 5, 1),
(10, 'MOHAMED W. HAMMAD', 'Executive Vice President', 'Mohamed Hammad is the Executive Vice President of Nesma Holding and Vice Chairman of its board of directors. He is the Chairman of the Audit and Finance Committee and oversees Nesma’s investments in Egypt.', 5, 2),
(11, 'عبد الله الشهراني', 'نائب الرئيس للشركات', 'عبدالله الشهراني هو نائب الرئيس للشركات في شركة نسما القابضة وعضو في مجلس إدارتها. وهو المشرف على العلاقات المصرفية والخزينة وإدارة شركات مجموعة نسما؛ كما يعمل في العديد من مجالس الإدارات الفرعية بالشركة.', 6, 1),
(12, 'ABDULLAH R. AL-SHAHRANI', 'Vice President - Corporate', 'Abdullah Al-Shahrani is Vice President - Corporate of Nesma Holding and a member of its board of directors. He oversees banking relations, treasury, and corporate governance for the Nesma Group and serves on several of its subsidiary boards.', 6, 2),
(15, 'صلاح السنيد', 'الرئيس التنفيذي لشركة نسما للاتصالات والتكنولوجيا ، عضو مجلس الإدارة', 'صلاح السنيد هو الرئيس التنفيذي لشركة نسما للاتصالات والتكنولوجيا. وهو عضو في مجلس إدارة شركة نسما القابضة، كما أنه عضو في مجلس إدارة شركة نسما تاتا للمشاريع المحدودة والمجلس الإشرافي في شركة كونتشار للمعدات الكهربائية في كرواتيا.', 8, 1),
(16, 'SALAH S. AL-SUNAID', 'CEO Nesma Telecom & Technology, Member of the Board', 'Salah Al-Sunaid is the CEO of Nesma Electric, a division of Nesma Telecom & Technology, and a member of the board of directors of Nesma Holding. He also serves on the board of Nesma TATA Projects Limited and on the supervisory board of Koncar Electrical Equipment, Croatia.', 8, 2),
(29, 'محمود فلاتة', 'الرئيس التنفيذي لشركة نسما للمياه والطاقة، عضو مجلس الإدارة', 'محمود فلاتة هو الرئيس التنفيذي والمدير الإداري لشركة نسما للمياه والطاقة، والتي أسسها كإحدى شركات مجموعة نسما، كما أنه عضو في مجلس إدارة شركة نسما القابضة.', 7, 1),
(30, 'MAHMOUD Y. FALLATAH', 'CEO Nesma Water & Energy, @@Member of the Board', 'Mahmoud Fallatah is the CEO and Managing Director of Nesma Water & Energy, which he established as a subsidiary of Nesma Holding. He also serves as a member of the board of directors of Nesma Holding.', 7, 2);

-- --------------------------------------------------------

--
-- Table structure for table `mail_lists`
--

CREATE TABLE `mail_lists` (
  `id` bigint(20) UNSIGNED NOT NULL,
  `send_to` varchar(191) DEFAULT NULL,
  `subject` varchar(191) DEFAULT NULL,
  `message` text DEFAULT NULL,
  `categories` text DEFAULT NULL,
  `created_at` timestamp NULL DEFAULT NULL,
  `updated_at` timestamp NULL DEFAULT NULL
) ENGINE=MyISAM DEFAULT CHARSET=utf8;

-- --------------------------------------------------------

--
-- Table structure for table `migrations`
--

CREATE TABLE `migrations` (
  `id` int(10) UNSIGNED NOT NULL,
  `migration` varchar(191) NOT NULL,
  `batch` int(11) NOT NULL
) ENGINE=MyISAM DEFAULT CHARSET=utf8;

--
-- Dumping data for table `migrations`
--

INSERT INTO `migrations` (`id`, `migration`, `batch`) VALUES
(1, '2014_10_12_000000_create_users_table', 1),
(2, '2014_10_12_100000_create_password_resets_table', 1),
(3, '2020_03_23_152956_create_modules_table', 1),
(4, '2020_03_24_152330_create_user_modules_table', 1),
(5, '2020_03_26_123015_create_notifications_table', 1),
(6, '2020_03_28_090214_create_languages_table', 1),
(7, '2020_04_06_152054_create_categories_table', 1),
(8, '2020_04_06_153054_create_category_descriptions_table', 1),
(9, '2020_04_11_162749_create_pages_table', 1),
(10, '2020_04_15_174353_create_page_description_table', 1),
(11, '2020_04_18_165721_create_website_category_table', 1),
(12, '2020_04_18_180507_create_website_category_description_table', 1),
(13, '2020_04_18_202054_create_website_photo_table', 1),
(14, '2020_04_18_211850_create_website_photo_description_table', 1),
(15, '2020_04_21_114211_create_video_category_table', 1),
(16, '2020_04_21_114313_create_video_category_description_table', 1),
(17, '2020_04_21_154718_create_video_table', 1),
(18, '2020_04_21_154803_create_video_description_table', 1),
(19, '2020_04_27_132905_create_article_table', 1),
(20, '2020_04_27_133349_create_article_description_table', 1),
(21, '2020_04_27_140305_create_article_photo', 1),
(22, '2020_05_02_143955_create_photo_category_table', 1),
(23, '2020_05_02_144108_create_photo_category_description_table', 1),
(24, '2020_05_02_150546_create_photo_table', 1),
(25, '2020_05_02_150600_create_photo_description_table', 1),
(26, '2020_05_17_193914_create_newsletter_table', 1),
(27, '2020_05_18_084100_create_jobs_table', 1),
(28, '2020_05_18_103912_create_failed_jobs_table', 1),
(29, '2020_05_19_200043_create_visitor_message_table', 1),
(30, '2020_05_30_155342_create_mail_list_table', 1),
(31, '2020_05_31_104303_create_visitor_message_replies_table', 1),
(32, '2020_06_01_181915_create_setting_table', 1),
(33, '2020_06_06_155249_create_website_visitor_table', 1),
(34, '2020_08_08_185733_create_detail_table', 1),
(35, '2020_08_08_195346_create_detail_description_table', 1),
(36, '2020_08_09_131431_create_country_table', 1),
(37, '2020_08_09_131629_create_industry_table', 1),
(38, '2020_08_09_132410_create_country_description_table', 1),
(39, '2020_08_09_132435_create_industry_description_table', 1),
(40, '2020_08_09_160529_create_company_table', 1),
(41, '2020_08_09_160723_create_company_description_table', 1),
(42, '2020_08_09_200759_create_office_table', 1),
(43, '2020_08_09_201845_create_office_description_table', 1),
(44, '2020_08_10_175802_create_chairman_table', 1),
(45, '2020_08_10_175849_create_chairman_description_table', 1),
(46, '2020_08_10_180005_create_leadership_table', 1),
(47, '2020_08_10_180050_create_leadership_description_table', 1),
(48, '2020_08_10_221811_create_culture_table', 1),
(49, '2020_08_10_221833_create_culture_description_table', 1);

-- --------------------------------------------------------

--
-- Table structure for table `modules`
--

CREATE TABLE `modules` (
  `id` bigint(20) UNSIGNED NOT NULL,
  `name` varchar(100) NOT NULL,
  `path` varchar(50) NOT NULL,
  `meta` text DEFAULT NULL,
  `created_at` timestamp NULL DEFAULT NULL,
  `updated_at` timestamp NULL DEFAULT NULL
) ENGINE=InnoDB DEFAULT CHARSET=utf8;

--
-- Dumping data for table `modules`
--

INSERT INTO `modules` (`id`, `name`, `path`, `meta`, `created_at`, `updated_at`) VALUES
(2, 'Articles', 'articles', '{\"module_name\":{\"ar\":\"\\u0627\\u0644\\u0645\\u0642\\u0627\\u0644\\u0627\\u062a\",\"en\":\"Articles\"},\"fields\":{\"ar\":{\"add_new\":\"\\u0625\\u0636\\u0627\\u0641\\u0629 \\u0645\\u0642\\u0627\\u0644 \\u062c\\u062f\\u064a\\u062f\",\"edit\":\"\\u062a\\u0639\\u062f\\u064a\\u0644 \\u0645\\u0642\\u0627\\u0644\",\"external_link\":\"\\u0631\\u0627\\u0628\\u0637 \\u062e\\u0627\\u0631\\u062c\\u064a\",\"local_link\":\"\\u0645\\u0644\\u0641 \\u0645\\u062d\\u0644\\u064a\",\"category_id\":\"\\u0627\\u0644\\u0623\\u0642\\u0633\\u0627\\u0645\",\"title\":\"\\u0627\\u0644\\u0639\\u0646\\u0648\\u0627\\u0646\",\"slug\":\"The URL Slug\",\"keywords\":\"\\u0643\\u0644\\u0645\\u0627\\u062a \\u062a\\u0646\\u0634\\u064a\\u0637 \\u0645\\u062d\\u0631\\u0643 \\u0627\\u0644\\u0628\\u062d\\u062b\",\"meta_description\":\"\\u0627\\u0644\\u0643\\u0644\\u0645\\u0627\\u062a \\u0627\\u0644\\u0648\\u0635\\u0641\\u064a\\u0629\",\"video_type\":\"\\u0646\\u0648\\u0639 \\u0627\\u0644\\u0641\\u064a\\u062f\\u064a\\u0648\",\"video_url\":\"\\u0631\\u0627\\u0628\\u0637 \\u0627\\u0644\\u0641\\u064a\\u062f\\u064a\\u0648\",\"description\":\"\\u0627\\u0644\\u0648\\u0635\\u0641\",\"video\":\"\\u0627\\u0644\\u0641\\u064a\\u062f\\u064a\\u0648\",\"image\":\"\\u0627\\u0644\\u0635\\u0648\\u0631\\u0629\",\"company_id\":\"\\u0627\\u0633\\u0645 \\u0627\\u0644\\u0634\\u0631\\u0643\\u0629\",\"added_year\":\"\\u0633\\u0646\\u0629 \\u0627\\u0644\\u0625\\u0636\\u0627\\u0641\\u0629\",\"added_month\":\"\\u0634\\u0647\\u0631 \\u0627\\u0644\\u0625\\u0636\\u0627\\u0641\\u0629\"},\"en\":{\"add_new\":\"Add New Article\",\"edit\":\"Edit Article\",\"external_link\":\"External Link\",\"local_link\":\"Local Storage\",\"category_id\":\"The Category\",\"title\":\"The Title\",\"slug\":\"The URL Slug\",\"keywords\":\"SEO keywords\",\"meta_description\":\"Meta Description\",\"video_type\":\"Video Type\",\"video_url\":\"The Url\",\"description\":\"The Description\",\"video\":\"The Video\",\"image\":\"The Image\",\"company_id\":\"Company name\",\"added_year\":\"Year of addition\",\"added_month\":\"Month of addition\"}}}', NULL, NULL),
(3, 'Photos Galleries', 'photoCategories', '{\"module_name\":{\"ar\":\"\\u0623\\u0644\\u0628\\u0648\\u0645\\u0627\\u062a \\u0627\\u0644\\u0635\\u0648\\u0631\",\"en\":\"Photos Galleries\"},\"fields\":{\"ar\":{\"add_new\":\"\\u0625\\u0636\\u0627\\u0641\\u0629 \\u0627\\u0644\\u0628\\u0648\\u0645 \\u062c\\u062f\\u064a\\u062f\",\"edit\":\"\\u062a\\u0639\\u062f\\u064a\\u0644 \\u0627\\u0644\\u0623\\u0644\\u0628\\u0648\\u0645\",\"gallery_title\":\"\\u0639\\u0646\\u0648\\u0627\\u0646 \\u0627\\u0644\\u0623\\u0644\\u0628\\u0648\\u0645\",\"name\":\"\\u0627\\u0644\\u0625\\u0633\\u0645\",\"slug\":\"The Url Slug\",\"image_title\":\"\\u0639\\u0646\\u0648\\u0627\\u0646 \\u0627\\u0644\\u0635\\u0648\\u0631\\u0629\",\"add_new_item\":\"\\u0625\\u0636\\u0627\\u0641\\u0629 \\u0635\\u0648\\u0631\\u0629\",\"images\":\"\\u0635\\u0648\\u0631 \\u0627\\u0644\\u0623\\u0644\\u0628\\u0648\\u0645\"},\"en\":{\"add_new\":\"Add New Gallery\",\"edit\":\"Edit Photo Gallery\",\"gallery_title\":\"Gallery Title\",\"name\":\"The Name\",\"slug\":\"The Url Slug\",\"image_title\":\"Image Title\",\"add_new_item\":\"Add New Item\",\"images\":\"Album Photos\"}}}', NULL, NULL),
(4, 'Pages', 'pages', '{\"module_name\":{\"ar\":\"\\u0627\\u0644\\u0635\\u0641\\u062d\\u0627\\u062a\",\"en\":\"Pages\"},\"fields\":{\"ar\":{\"add_new\":\"\\u0625\\u0636\\u0627\\u0641\\u0629 \\u0635\\u0641\\u062d\\u0629 \\u062c\\u062f\\u064a\\u062f\\u0629\",\"edit\":\"\\u062a\\u0639\\u062f\\u064a\\u0644 \\u0635\\u0641\\u062d\\u0629\",\"title\":\"\\u0627\\u0644\\u0639\\u0646\\u0648\\u0627\\u0646\",\"slug\":\"The URL Slug\",\"keywords\":\"\\u0643\\u0644\\u0645\\u0627\\u062a \\u062a\\u0646\\u0634\\u064a\\u0637 \\u0645\\u062d\\u0631\\u0643 \\u0627\\u0644\\u0628\\u062d\\u062b\",\"meta_description\":\"\\u0627\\u0644\\u0643\\u0644\\u0645\\u0627\\u062a \\u0627\\u0644\\u0648\\u0635\\u0641\\u064a\\u0629\",\"description\":\"\\u0627\\u0644\\u0648\\u0635\\u0641\",\"image\":\"\\u0627\\u0644\\u0635\\u0648\\u0631\\u0629\"},\"en\":{\"add_new\":\"Add New Page\",\"edit\":\"Edit Pages\",\"title\":\"The Title\",\"slug\":\"The URL Slug\",\"keywords\":\"SEO keywords\",\"meta_description\":\"Meta Description\",\"description\":\"Description\",\"image\":\"The Image\"}}}', NULL, NULL),
(5, 'Users', 'users', '{\"module_name\":{\"ar\":\"\\u0627\\u0644\\u0645\\u0633\\u062a\\u062e\\u062f\\u0645\\u064a\\u0646\",\"en\":\"Users\"},\"fields\":{\"ar\":{\"add_new\":\"\\u0625\\u0636\\u0627\\u0641\\u0629 \\u0645\\u0633\\u062a\\u062e\\u062f\\u0645 \\u062c\\u062f\\u064a\\u062f\",\"edit\":\"\\u062a\\u0639\\u062f\\u064a\\u0644 \\u0645\\u0633\\u062a\\u062e\\u062f\\u0645\",\"name\":\"\\u0627\\u0644\\u0625\\u0633\\u0645\",\"email\":\"\\u0627\\u0644\\u0628\\u0631\\u064a\\u062f \\u0627\\u0644\\u0625\\u0644\\u0643\\u062a\\u0631\\u0648\\u0646\\u064a\",\"phone\":\"\\u0631\\u0642\\u0645 \\u0627\\u0644\\u062c\\u0648\\u0627\\u0644\",\"photo\":\"\\u0635\\u0648\\u0631\\u0629 \\u0627\\u0644\\u0628\\u0631\\u0648\\u0641\\u0627\\u064a\\u0644\",\"password\":\"\\u0643\\u0644\\u0645\\u0629 \\u0627\\u0644\\u0645\\u0631\\u0648\\u0631\",\"password_confirmation\":\"\\u062a\\u0623\\u0643\\u064a\\u062f \\u0643\\u0644\\u0645\\u0629 \\u0627\\u0644\\u0645\\u0631\\u0648\\u0631\",\"modules\":\"\\u0627\\u0644\\u0645\\u0648\\u062f\\u064a\\u0648\\u0644\\u0627\\u062a\"},\"en\":{\"add_new\":\"Add New User\",\"edit\":\"Edit User\",\"name\":\"The name\",\"email\":\"The email\",\"phone\":\"The Phone\",\"photo\":\"The Photo\",\"password\":\"Password\",\"password_confirmation\":\"Password Confirmation\",\"modules\":\"Modules\"}}}', NULL, NULL),
(6, 'About us', 'details', '{\"module_name\":{\"ar\":\"\\u0639\\u0646\\u0627\",\"en\":\"About us\"},\"fields\":{\"ar\":{\"add_new\":\"\\u0625\\u0636\\u0627\\u0641\\u0629 \\u062c\\u062f\\u064a\\u062f\",\"edit\":\"\\u062a\\u0639\\u062f\\u064a\\u0644\",\"image\":\"\\u0627\\u0644\\u0635\\u0648\\u0631\\u0629\",\"details\":\"\\u0627\\u0644\\u062a\\u0641\\u0627\\u0635\\u064a\\u0644\",\"details_plus\":\"\\u062a\\u0641\\u0627\\u0635\\u064a\\u0644 \\u0625\\u0636\\u0627\\u0641\\u064a\\u0629\",\"vision\":\"\\u0627\\u0644\\u0631\\u0624\\u064a\\u0629\",\"mission\":\"\\u0627\\u0644\\u0645\\u0647\\u0645\\u0629\",\"our_values\":\"\\u0642\\u064a\\u0645\\u0646\\u0627\",\"percentage_text_first\":\"\\u0645\\u062d\\u062a\\u0648\\u0649 \\u0627\\u0644\\u0642\\u0633\\u0645 \\u0627\\u0644\\u0623\\u0648\\u0644\",\"percentage_text_second\":\"\\u0645\\u062d\\u062a\\u0648\\u0649 \\u0627\\u0644\\u0642\\u0633\\u0645 \\u0627\\u0644\\u062b\\u0627\\u0646\\u064a\",\"percentage_text_third\":\"\\u0645\\u062d\\u062a\\u0648\\u0649 \\u0627\\u0644\\u0642\\u0633\\u0645 \\u0627\\u0644\\u062b\\u0627\\u0644\\u062b\"},\"en\":{\"add_new\":\"Add New\",\"edit\":\"Edit\",\"image\":\"Image\",\"details\":\"Details\",\"details_plus\":\"Plus Details\",\"vision\":\"Vision\",\"mission\":\"Mission\",\"our_values\":\"Our Values\",\"percentage_text_first\":\"First section content\",\"percentage_text_second\":\"Second section content\",\"percentage_text_third\":\"Third section content\"}}}', NULL, NULL),
(7, 'Countries', 'countries', '{\"module_name\":{\"ar\":\"\\u0627\\u0644\\u062f\\u0648\\u0644\",\"en\":\"Countries\"},\"fields\":{\"ar\":{\"add_new\":\"\\u0625\\u0636\\u0627\\u0641\\u0629 \\u062f\\u0648\\u0644\\u0629\",\"edit\":\"\\u062a\\u0639\\u062f\\u064a\\u0644 \\u062f\\u0648\\u0644\\u0629\",\"name\":\"\\u0627\\u0633\\u0645 \\u0627\\u0644\\u062f\\u0648\\u0644\\u0629\"},\"en\":{\"add_new\":\"Add country\",\"edit\":\"Edit country\",\"name\":\"Country name\"}}}', NULL, NULL),
(8, 'Industries', 'industries', '{\"module_name\":{\"ar\":\"\\u0627\\u0644\\u0635\\u0646\\u0627\\u0639\\u0627\\u062a\",\"en\":\"Industries\"},\"fields\":{\"ar\":{\"add_new\":\"\\u0625\\u0636\\u0627\\u0641\\u0629 \\u0635\\u0646\\u0627\\u0639\\u064a\\u0629\",\"edit\":\"\\u062a\\u0639\\u062f\\u064a\\u0644 \\u0635\\u0646\\u0627\\u0639\\u064a\\u0629\",\"name\":\"\\u0627\\u0633\\u0645 \\u0627\\u0644\\u0635\\u0646\\u0627\\u0639\\u064a\\u0629\"},\"en\":{\"add_new\":\"Add industry\",\"edit\":\"Edit industry\",\"name\":\"Industry name\"}}}', NULL, NULL),
(9, 'Companies', 'companies', '{\"module_name\":{\"ar\":\"\\u0627\\u0644\\u0634\\u0631\\u0643\\u0627\\u062a\",\"en\":\"Companies\"},\"fields\":{\"ar\":{\"add_new\":\"\\u0625\\u0636\\u0627\\u0641\\u0629 \\u0634\\u0631\\u0643\\u0629\",\"edit\":\"\\u062a\\u0639\\u062f\\u064a\\u0644 \\u0634\\u0631\\u0643\\u0629\",\"description\":\"\\u0648\\u0635\\u0641 \\u0627\\u0644\\u0634\\u0631\\u0643\\u0629\",\"logo\":\"\\u0644\\u0648\\u062c\\u0648 \\u0627\\u0644\\u0634\\u0631\\u0643\\u0629\",\"banner_image\":\"\\u0635\\u0648\\u0631\\u0629 \\u0627\\u0644\\u062e\\u0644\\u0641\\u064a\\u0629\",\"banner_text\":\"\\u0645\\u062d\\u062a\\u0648\\u0649 \\u0627\\u0644\\u062e\\u0644\\u0641\\u064a\\u0629\",\"url\":\"\\u0631\\u0627\\u0628\\u0637 \\u0627\\u0644\\u0634\\u0631\\u0643\\u0629\",\"country_id\":\"\\u0627\\u0633\\u0645 \\u0627\\u0644\\u062f\\u0648\\u0644\\u0629\",\"industry_id\":\"\\u0627\\u0633\\u0645 \\u0627\\u0644\\u0635\\u0646\\u0627\\u0639\\u064a\\u0629\"},\"en\":{\"add_new\":\"Add new Company\",\"edit\":\"Edit company\",\"description\":\"Company description\",\"logo\":\"Company logo\",\"banner_image\":\"Banner image\",\"banner_text\":\"banner text\",\"url\":\"Company url\",\"country_id\":\"Country name\",\"industry_id\":\"Industry name\"}}}', NULL, NULL),
(10, 'Offices', 'offices', '{\"module_name\":{\"ar\":\"\\u0627\\u0644\\u0645\\u0643\\u0627\\u062a\\u0628\",\"en\":\"Offices\"},\"fields\":{\"ar\":{\"add_new\":\"\\u0625\\u0636\\u0627\\u0641\\u0629 \\u0645\\u0643\\u062a\\u0628\",\"edit\":\"\\u062a\\u0639\\u062f\\u064a\\u0644 \\u0645\\u0643\\u062a\\u0628\",\"name\":\"\\u0627\\u0633\\u0645 \\u0627\\u0644\\u0645\\u0643\\u062a\\u0628\",\"po_box\":\"P.O.BOX\",\"phone\":\"\\u0627\\u0644\\u062a\\u0644\\u064a\\u0641\\u0648\\u0646\",\"fax\":\"\\u0627\\u0644\\u0641\\u0627\\u0643\\u0633\",\"address\":\"\\u0627\\u0644\\u0639\\u0646\\u0648\\u0627\\u0646\"},\"en\":{\"add_new\":\"Add office\",\"edit\":\"Edit office\",\"name\":\"Office name\",\"po_box\":\"P.O.BOX\",\"phone\":\"Phone\",\"fax\":\"Fax\",\"address\":\"Address\"}}}', NULL, NULL),
(11, 'Chair Man', 'chairman', '{\"module_name\":{\"ar\":\"\\u0631\\u0626\\u064a\\u0633 \\u0645\\u062c\\u0644\\u0633 \\u0627\\u0644\\u0625\\u062f\\u0627\\u0631\\u0629\",\"en\":\"Chair Man\"},\"fields\":{\"ar\":{\"add_new\":\"\\u0625\\u0636\\u0627\\u0641\\u0629 \\u0631\\u0626\\u064a\\u0633\",\"edit\":\"\\u062a\\u0639\\u062f\\u064a\\u0644 \\u0628\\u064a\\u0627\\u0646\\u0627\\u062a \\u0627\\u0644\\u0631\\u0626\\u064a\\u0633\",\"name\":\"\\u0627\\u0633\\u0645 \\u0627\\u0644\\u0631\\u0626\\u064a\\u0633\",\"job_title\":\"\\u0627\\u0644\\u0639\\u0646\\u0648\\u0627\\u0646 \\u0627\\u0644\\u0648\\u0638\\u064a\\u0641\\u064a\",\"details\":\"\\u0627\\u0644\\u062a\\u0641\\u0627\\u0635\\u064a\\u0644\",\"details_plus\":\"\\u062a\\u0641\\u0627\\u0635\\u064a\\u0644 \\u0625\\u0636\\u0627\\u0641\\u064a\\u0629\",\"company_announce\":\"\\u0625\\u0639\\u0644\\u0627\\u0646 \\u0627\\u0644\\u0634\\u0631\\u0643\\u0629\",\"photo\":\"\\u0627\\u0644\\u0635\\u0648\\u0631\\u0629\"},\"en\":{\"add_new\":\"Add chairman\",\"edit\":\"Edit chairman\",\"name\":\"Chairman name\",\"job_title\":\"Chairman job title\",\"details\":\"Details\",\"details_plus\":\"details plus\",\"company_announce\":\"Company announce\",\"photo\":\"Photo\"}}}', NULL, NULL),
(12, 'Leader Ships', 'leaderships', '{\"module_name\":{\"ar\":\"\\u0627\\u0644\\u0642\\u064a\\u0627\\u062f\\u0627\\u062a\",\"en\":\"Leader Ships\"},\"fields\":{\"ar\":{\"add_new\":\"\\u0625\\u0636\\u0627\\u0641\\u0629 \\u0642\\u064a\\u0627\\u062f\\u0629\",\"edit\":\"\\u062a\\u0639\\u062f\\u064a\\u0644 \\u0642\\u064a\\u0627\\u062f\\u0629\",\"name\":\"\\u0627\\u0633\\u0645 \\u0627\\u0644\\u0642\\u064a\\u0627\\u062f\\u0629\",\"job_title\":\"\\u0627\\u0644\\u0639\\u0646\\u0648\\u0627\\u0646 \\u0627\\u0644\\u0648\\u0638\\u064a\\u0641\\u064a\",\"details\":\"\\u0627\\u0644\\u062a\\u0641\\u0627\\u0635\\u064a\\u0644\",\"photo\":\"\\u0627\\u0644\\u0635\\u0648\\u0631\\u0629\"},\"en\":{\"add_new\":\"Add leadership\",\"edit\":\"Edit leadership\",\"name\":\"leadership name\",\"job_title\":\"job title\",\"details\":\"Details\",\"photo\":\"Photo\"}}}', NULL, NULL),
(13, 'People & Community', 'cultures', '{\"module_name\":{\"ar\":\"\\u0627\\u0644\\u0646\\u0627\\u0633 \\u0648\\u0627\\u0644\\u0645\\u062c\\u062a\\u0645\\u0639\",\"en\":\"People & Community\"},\"fields\":{\"ar\":{\"add_new\":\"\\u0625\\u0636\\u0627\\u0641\\u0629 \\u062b\\u0642\\u0627\\u0641\\u0629\",\"edit\":\"\\u062a\\u0639\\u062f\\u064a\\u0644 \\u062b\\u0642\\u0627\\u0641\\u0629\",\"name\":\"\\u0627\\u0633\\u0645 \\u0627\\u0644\\u062b\\u0642\\u0627\\u0641\\u0629\",\"details\":\"\\u0627\\u0644\\u0639\\u0646\\u0648\\u0627\\u0646 \\u0627\\u0644\\u0648\\u0638\\u064a\\u0641\\u064a\",\"photo\":\"\\u0627\\u0644\\u0635\\u0648\\u0631\\u0629\"},\"en\":{\"add_new\":\"Add People&Community\",\"edit\":\"Edit Culture\",\"name\":\"Culture name\",\"details\":\"Details\",\"photo\":\"Photo\"}}}', NULL, NULL),
(14, 'Settings', 'settings', '{\"module_name\":{\"ar\":\"\\u0627\\u0644\\u0625\\u0639\\u062f\\u0627\\u062f\\u062a\",\"en\":\"Settings\"},\"fields\":{\"ar\":{\"add_new\":\"\\u0625\\u0636\\u0627\\u0641\\u0629 \\u0623\\u0639\\u062f\\u0627\\u062f\\u062a\",\"edit\":\"\\u062a\\u0639\\u062f\\u064a\\u0644 \\u0627\\u0644\\u0625\\u0639\\u062f\\u0627\\u062f\\u062a\",\"website_disable\":\"\\u062a\\u0639\\u0637\\u064a\\u0644 \\u0627\\u0644\\u0645\\u0648\\u0642\\u0639\",\"dashboard_disable\":\"\\u062a\\u0639\\u0637\\u064a\\u0644 \\u0644\\u0648\\u062d\\u0629 \\u0627\\u0644\\u062a\\u062d\\u0643\\u0645\",\"website_name\":\"\\u0627\\u0633\\u0645 \\u0627\\u0644\\u0645\\u0648\\u0642\\u0639\",\"Keywords\":\"\\u0627\\u0644\\u0643\\u0644\\u0645\\u0627\\u062a \\u0627\\u0644\\u062f\\u0644\\u064a\\u0644\\u064a\\u0629\",\"meta_description\":\"\\u0627\\u0644\\u0643\\u0644\\u0645\\u0627\\u062a \\u0627\\u0644\\u0648\\u0635\\u0641\\u064a\\u0629\",\"site_email\":\"\\u0628\\u0631\\u064a\\u062f \\u0627\\u0644\\u0645\\u0648\\u0642\\u0639\",\"site_address\":\"\\u0639\\u0646\\u0648\\u0627\\u0646 \\u0627\\u0644\\u0645\\u0648\\u0642\\u0639\",\"site_phone\":\"\\u062c\\u0648\\u0627\\u0644 \\u0627\\u0644\\u0645\\u0648\\u0642\\u0639\",\"mail_driver\":\"Mail Driver(SMTP)\",\"mail_host\":\"Mail Host (smtp.example.com)\",\"mail_port\":\"Mail Port (2525)\",\"mail_username\":\"Mail Username(username@example.cm)\",\"mail_password\":\"Mail password\",\"mail_encryption\":\"Mail Encryption(tls)\",\"mail_from_address\":\"Mail From address(info@example.com)\",\"mail_from_name\":\"Mail From Name(Example)\",\"website_logo\":\"\\u0644\\u0648\\u062c\\u0648 \\u0627\\u0644\\u0645\\u0648\\u0642\\u0639\"},\"en\":{\"add_new\":\"Add Settings\",\"edit\":\"Edit Settings\",\"website_disable\":\"Website Disabled\",\"dashboard_disable\":\"Dashboard Disabled\",\"website_name\":\"Website Name\",\"Keywords\":\"Keywords\",\"meta_description\":\"Meta Description\",\"site_email\":\"Website Email\",\"site_address\":\"Website Address\",\"site_phone\":\"Website Phone\",\"mail_driver\":\"Mail Driver(SMTP)\",\"mail_host\":\"Mail Host (smtp.example.com)\",\"mail_port\":\"Mail Port (2525)\",\"mail_username\":\"Mail Username(username@example.cm)\",\"mail_password\":\"Mail password\",\"mail_encryption\":\"Mail Encryption(tls)\",\"mail_from_address\":\"Mail From address(info@example.com)\",\"mail_from_name\":\"Mail From Name(Example)\",\"website_logo\":\"Website Logo\"}}}', NULL, NULL);

-- --------------------------------------------------------

--
-- Table structure for table `newsletters`
--

CREATE TABLE `newsletters` (
  `id` bigint(20) UNSIGNED NOT NULL,
  `email` varchar(200) NOT NULL,
  `deleted_at` timestamp NULL DEFAULT NULL,
  `created_at` timestamp NULL DEFAULT NULL,
  `updated_at` timestamp NULL DEFAULT NULL
) ENGINE=InnoDB DEFAULT CHARSET=utf8;

-- --------------------------------------------------------

--
-- Table structure for table `notifications`
--

CREATE TABLE `notifications` (
  `id` char(36) NOT NULL,
  `type` varchar(191) NOT NULL,
  `notifiable_type` varchar(191) NOT NULL,
  `notifiable_id` bigint(20) UNSIGNED NOT NULL,
  `data` text NOT NULL,
  `read_at` timestamp NULL DEFAULT NULL,
  `created_at` timestamp NULL DEFAULT NULL,
  `updated_at` timestamp NULL DEFAULT NULL
) ENGINE=MyISAM DEFAULT CHARSET=utf8;

-- --------------------------------------------------------

--
-- Table structure for table `offices`
--

CREATE TABLE `offices` (
  `id` bigint(20) UNSIGNED NOT NULL,
  `po_box` varchar(100) DEFAULT NULL,
  `phone` varchar(20) DEFAULT NULL,
  `fax` varchar(20) DEFAULT NULL,
  `address` varchar(400) NOT NULL,
  `deleted_at` timestamp NULL DEFAULT NULL,
  `created_at` timestamp NULL DEFAULT NULL,
  `updated_at` timestamp NULL DEFAULT NULL
) ENGINE=InnoDB DEFAULT CHARSET=utf8;

--
-- Dumping data for table `offices`
--

INSERT INTO `offices` (`id`, `po_box`, `phone`, `fax`, `address`, `deleted_at`, `created_at`, `updated_at`) VALUES
(1, '7195, Jeddah, 21462 Kingdom of Saudi Arabia', '+966 (12) 669 3322', '+966 (12) 669 6499', 'Jeddah, Kingdom of Saudi Arabia', NULL, '2020-08-11 08:41:27', '2020-08-11 13:12:59'),
(2, '3701, Riyadh 12313 Kingdom of Saudi Arabia', '+966 (11) 462 2332', '+966 (11) 462 8838', 'SMART TOWER – Suite 201', NULL, '2020-08-11 08:41:27', '2020-08-11 13:18:25'),
(3, '5497 Kris Shoal Suite 646\nPort Mack, TX 18480', '+3551004486984', '+7548714135381', '9567 Betsy Loop\nNew Karina, MO 53394', '2020-08-11 13:18:49', '2020-08-11 08:41:27', '2020-08-11 13:18:49'),
(4, '2408 Isaac Meadow\nWelchburgh, AK 55866', '+7243742682032', '+4707754114444', '781 Weissnat Crest Suite 797\nO\'Connellberg, LA 81645-6827', '2020-08-11 13:18:53', '2020-08-11 08:41:27', '2020-08-11 13:18:53'),
(5, '761 Okuneva Village Apt. 951\nBaileyview, TN 71891-2464', '+6568243039731', '+1658329983240', '52202 Guillermo Pass\nColebury, MA 69496', '2020-08-11 13:18:58', '2020-08-11 08:41:27', '2020-08-11 13:18:58'),
(6, '67561 Bechtelar Fall Apt. 433\nAleenfort, WA 07335-7582', '+6283156066283', '+5354661826718', '55886 Hayes Viaduct Suite 732\nAnabelville, CO 88915-9317', '2020-08-11 13:18:59', '2020-08-11 08:41:28', '2020-08-11 13:18:59'),
(7, '1395 Elijah Plaza Suite 179\nRonaldotown, NM 06954-9971', '+2639733949004', '+2704006192057', '68532 Julio Camp\nNew Janessa, LA 85037-3219', '2020-08-11 13:19:01', '2020-08-11 08:41:28', '2020-08-11 13:19:01'),
(8, '4247 Feeney Crossroad Suite 852\nZolaburgh, UT 54018-3396', '+5271170793422', '+1413606235765', '96512 Everardo Divide\nWest Ruben, OR 24771-3558', '2020-08-11 13:19:02', '2020-08-11 08:41:28', '2020-08-11 13:19:02'),
(9, '7862 Mitchell Mountains\nWest Simone, RI 48695-8632', '+4055450829513', '+2164388556512', '974 Landen Springs Suite 514\nDaishabury, TN 95887-8352', '2020-08-11 13:19:03', '2020-08-11 08:41:28', '2020-08-11 13:19:03'),
(10, '9963 Diego Mount Suite 071\nSouth Andrewchester, MS 06036-1298', '+6193854689433', '+6752418006941', '70237 Marquise Inlet Apt. 304\nYasmineport, WV 38251', '2020-08-11 13:19:07', '2020-08-11 08:41:28', '2020-08-11 13:19:07'),
(11, 'P.O. Box 1498,Al Khobar, 31952 Kingdom of Saudi Arabia', '+966 (13) 851 9000', '+966 (13) 851 9000', 'Al Khobar - Kingdom of Saudi Arabia', NULL, '2020-08-11 13:22:52', '2020-08-11 13:22:52'),
(12, '15 Hunter Drive, Hampton, NH 03842 United States of America', '+1 (603) 926 9761', '+1 (603) 926 5087', '15 Hunter Drive, Hampton, NH 03842 United States of America', NULL, '2020-08-11 13:25:05', '2020-08-11 13:25:05'),
(13, NULL, '+90 (216) 343 02 40', NULL, 'Kuzguncuk Mah. Gumusyolu Cikmazi No:6 Nakkastepe, Uskudar, Istanbul 34674, Turkey', NULL, '2020-08-11 13:35:15', '2020-08-11 13:41:33');

-- --------------------------------------------------------

--
-- Table structure for table `office_descriptions`
--

CREATE TABLE `office_descriptions` (
  `id` bigint(20) UNSIGNED NOT NULL,
  `name` varchar(100) NOT NULL,
  `office_id` bigint(20) UNSIGNED NOT NULL,
  `language_id` bigint(20) UNSIGNED NOT NULL
) ENGINE=InnoDB DEFAULT CHARSET=utf8;

--
-- Dumping data for table `office_descriptions`
--

INSERT INTO `office_descriptions` (`id`, `name`, `office_id`, `language_id`) VALUES
(5, 'Ladarius Emard', 3, 1),
(6, 'Mr. Johnathon Huels I', 3, 2),
(7, 'Kasandra Haag', 4, 1),
(8, 'Yazmin VonRueden', 4, 2),
(9, 'Nichole Halvorson', 5, 1),
(10, 'Prof. Carli Koepp III', 5, 2),
(11, 'Ruthe Schmitt', 6, 1),
(12, 'Rafaela Goldner Sr.', 6, 2),
(13, 'Quinton Jacobson III', 7, 1),
(14, 'Hettie Stamm', 7, 2),
(15, 'Ashleigh Schamberger', 8, 1),
(16, 'Miss Shirley Pouros', 8, 2),
(17, 'Rey Pfeffer', 9, 1),
(18, 'Elvie Johnson', 9, 2),
(19, 'Arthur Oberbrunner', 10, 1),
(20, 'Bianka Reinger', 10, 2),
(29, 'نسما - المكتب الرئيسي', 1, 1),
(30, 'Nesma - Head Office', 1, 2),
(31, 'نسما - الرياض', 2, 1),
(32, 'Nesma - Riyadh', 2, 2),
(33, 'نسما - الخبر', 11, 1),
(34, 'Nesma – Al Khobar', 11, 2),
(35, 'نسما - الولايات المتحدة الامريكية', 12, 1),
(36, 'Nesma – USA', 12, 2),
(43, 'نسما - تركيا', 13, 1),
(44, 'Nesma - Turkey', 13, 2);

-- --------------------------------------------------------

--
-- Table structure for table `pages`
--

CREATE TABLE `pages` (
  `id` bigint(20) UNSIGNED NOT NULL,
  `image` varchar(200) DEFAULT NULL,
  `page_route` varchar(50) DEFAULT NULL,
  `status` tinyint(1) NOT NULL DEFAULT 1,
  `deleted_at` timestamp NULL DEFAULT NULL,
  `created_at` timestamp NULL DEFAULT NULL,
  `updated_at` timestamp NULL DEFAULT NULL
) ENGINE=InnoDB DEFAULT CHARSET=utf8;

--
-- Dumping data for table `pages`
--

INSERT INTO `pages` (`id`, `image`, `page_route`, `status`, `deleted_at`, `created_at`, `updated_at`) VALUES
(1, '/uploads/images/5f4d05c9a3584.jpg', 'our-leadership', 1, NULL, '2020-08-31 11:45:54', '2020-08-31 12:14:50'),
(2, '/uploads/images/5f4e395cf31ed.JPG', 'our-culture', 1, NULL, '2020-08-31 11:45:54', '2020-09-01 09:07:07'),
(3, '/uploads/images/5f4e3a25e23b4.JPG', 'our-companies', 1, NULL, '2020-08-31 11:45:54', '2020-09-01 09:10:31'),
(4, '/uploads/images/Banners/5f5f24706c992.jpg', 'news', 1, NULL, '2020-08-31 11:45:54', '2020-09-14 05:06:12'),
(5, '/uploads/images/5f4d0b9147ff1.jpg', 'our-career', 1, NULL, '2020-08-31 11:45:54', '2020-08-31 12:39:24');

-- --------------------------------------------------------

--
-- Table structure for table `page_descriptions`
--

CREATE TABLE `page_descriptions` (
  `id` bigint(20) UNSIGNED NOT NULL,
  `title` varchar(100) NOT NULL,
  `description` varchar(400) NOT NULL,
  `page_id` bigint(20) UNSIGNED DEFAULT NULL,
  `language_id` bigint(20) UNSIGNED DEFAULT NULL
) ENGINE=InnoDB DEFAULT CHARSET=utf8;

--
-- Dumping data for table `page_descriptions`
--

INSERT INTO `page_descriptions` (`id`, `title`, `description`, `page_id`, `language_id`) VALUES
(1, 'القيادة', 'القيادات', 1, 1),
(2, 'leadership', 'our team & leadership', 1, 2),
(3, 'الناس والمجتمع', 'تشارك شركة نسما القابضة في العديد من المشاريع', 2, 1),
(4, 'people & community', 'WE ARE INVOLVED IN MANY SOCIAL PROJECTS', 2, 2),
(5, 'الشركات', 'نحن ندير خدماتنا في جميع القطاعات والبلدان', 3, 1),
(6, 'companies', 'WE OPERATE ACROSS SECTORS & COUNTRIES', 3, 2),
(7, 'الأخبار', 'مركز الأخبار', 4, 1),
(8, 'news', 'news center', 4, 2),
(9, 'المهن', 'إننا في نسما نتمتع @@ بالديناميكية وروح المغامرة', 5, 1),
(10, 'careers', 'we are dynamic @@ adventurous and unconventional', 5, 2);

-- --------------------------------------------------------

--
-- Table structure for table `photos`
--

CREATE TABLE `photos` (
  `id` bigint(20) UNSIGNED NOT NULL,
  `image` varchar(200) NOT NULL,
  `photo_category_id` bigint(20) UNSIGNED DEFAULT NULL,
  `deleted_at` timestamp NULL DEFAULT NULL,
  `created_at` timestamp NULL DEFAULT NULL,
  `updated_at` timestamp NULL DEFAULT NULL
) ENGINE=InnoDB DEFAULT CHARSET=utf8;

--
-- Dumping data for table `photos`
--

INSERT INTO `photos` (`id`, `image`, `photo_category_id`, `deleted_at`, `created_at`, `updated_at`) VALUES
(21, '/uploads/images/5f43cdbad74d3.jpg', 1, NULL, '2020-09-01 12:41:59', '2020-09-01 12:41:59'),
(22, '/uploads/images/5f43ce4d9fe23.JPG', 1, NULL, '2020-09-01 12:41:59', '2020-09-01 12:41:59'),
(23, '/uploads/images/5f4e25fe57264.jpg', 1, NULL, '2020-09-01 12:41:59', '2020-09-01 12:41:59'),
(24, '/uploads/images/5f4e26db85a29.JPG', 1, NULL, '2020-09-01 12:42:00', '2020-09-01 12:42:00');

-- --------------------------------------------------------

--
-- Table structure for table `photo_categories`
--

CREATE TABLE `photo_categories` (
  `id` bigint(20) UNSIGNED NOT NULL,
  `deleted_at` timestamp NULL DEFAULT NULL,
  `created_at` timestamp NULL DEFAULT NULL,
  `updated_at` timestamp NULL DEFAULT NULL
) ENGINE=InnoDB DEFAULT CHARSET=utf8;

--
-- Dumping data for table `photo_categories`
--

INSERT INTO `photo_categories` (`id`, `deleted_at`, `created_at`, `updated_at`) VALUES
(1, NULL, '2020-08-11 06:22:14', '2020-09-01 12:41:59');

-- --------------------------------------------------------

--
-- Table structure for table `photo_category_descriptions`
--

CREATE TABLE `photo_category_descriptions` (
  `id` bigint(20) UNSIGNED NOT NULL,
  `name` varchar(100) NOT NULL,
  `slug` varchar(100) DEFAULT NULL,
  `photo_category_id` bigint(20) UNSIGNED DEFAULT NULL,
  `language_id` bigint(20) UNSIGNED DEFAULT NULL
) ENGINE=InnoDB DEFAULT CHARSET=utf8;

--
-- Dumping data for table `photo_category_descriptions`
--

INSERT INTO `photo_category_descriptions` (`id`, `name`, `slug`, `photo_category_id`, `language_id`) VALUES
(8, 'Slider', 'Slider', 1, 2);

-- --------------------------------------------------------

--
-- Table structure for table `photo_descriptions`
--

CREATE TABLE `photo_descriptions` (
  `id` bigint(20) UNSIGNED NOT NULL,
  `title` varchar(100) DEFAULT NULL,
  `photo_id` bigint(20) UNSIGNED DEFAULT NULL,
  `language_id` bigint(20) UNSIGNED DEFAULT NULL
) ENGINE=InnoDB DEFAULT CHARSET=utf8;

--
-- Dumping data for table `photo_descriptions`
--

INSERT INTO `photo_descriptions` (`id`, `title`, `photo_id`, `language_id`) VALUES
(21, 'نحن مجموعة شركات متنوعة', 21, 1),
(22, 'WE ARE DIVERSIFIED GROUP OF COMPANIES', 21, 2),
(23, 'شركة طيران إقليمية طموحة', 22, 1),
(24, 'AN AMBITIOUS REGIONAL AIRLINE', 22, 2),
(25, 'شركة إنشاءات هندسية رائدة', 23, 1),
(26, 'A LEADING ENGINEERING CONSTRUCTION COMPANY', 23, 2),
(27, 'مشغل ميناء مشهور', 24, 1),
(28, 'A RENOWNED PORT OPERATOR', 24, 2);

-- --------------------------------------------------------

--
-- Table structure for table `user_modules`
--

CREATE TABLE `user_modules` (
  `id` bigint(20) UNSIGNED NOT NULL,
  `user_id` bigint(20) UNSIGNED DEFAULT NULL,
  `module_id` bigint(20) UNSIGNED DEFAULT NULL,
  `created_at` timestamp NULL DEFAULT NULL,
  `updated_at` timestamp NULL DEFAULT NULL
) ENGINE=InnoDB DEFAULT CHARSET=utf8;

--
-- Dumping data for table `user_modules`
--

INSERT INTO `user_modules` (`id`, `user_id`, `module_id`, `created_at`, `updated_at`) VALUES
(2, 1, 2, NULL, NULL),
(3, 1, 3, NULL, NULL),
(4, 1, 4, NULL, NULL),
(5, 1, 5, NULL, NULL),
(6, 1, 6, NULL, NULL),
(7, 1, 7, NULL, NULL),
(8, 1, 8, NULL, NULL),
(9, 1, 9, NULL, NULL),
(10, 1, 10, NULL, NULL),
(11, 1, 11, NULL, NULL),
(12, 1, 12, NULL, NULL),
(13, 1, 13, NULL, NULL),
(14, 1, 14, NULL, NULL);

-- --------------------------------------------------------

--
-- Table structure for table `videos`
--

CREATE TABLE `videos` (
  `id` bigint(20) UNSIGNED NOT NULL,
  `video` text DEFAULT NULL,
  `image` varchar(200) DEFAULT NULL,
  `type` enum('1','2') NOT NULL COMMENT '1-> Youtube video file, 2-> localfile',
  `video_category_id` bigint(20) UNSIGNED DEFAULT NULL,
  `created_at` timestamp NULL DEFAULT NULL,
  `updated_at` timestamp NULL DEFAULT NULL,
  `deleted_at` timestamp NULL DEFAULT NULL
) ENGINE=InnoDB DEFAULT CHARSET=utf8;

-- --------------------------------------------------------

--
-- Table structure for table `video_categories`
--

CREATE TABLE `video_categories` (
  `id` bigint(20) UNSIGNED NOT NULL,
  `image` varchar(200) DEFAULT NULL,
  `created_at` timestamp NULL DEFAULT NULL,
  `updated_at` timestamp NULL DEFAULT NULL,
  `deleted_at` timestamp NULL DEFAULT NULL
) ENGINE=InnoDB DEFAULT CHARSET=utf8;

-- --------------------------------------------------------

--
-- Table structure for table `video_category_descriptions`
--

CREATE TABLE `video_category_descriptions` (
  `id` bigint(20) UNSIGNED NOT NULL,
  `name` varchar(100) NOT NULL,
  `slug` varchar(100) NOT NULL,
  `keywords` varchar(400) NOT NULL,
  `meta_description` text NOT NULL,
  `video_category_id` bigint(20) UNSIGNED DEFAULT NULL,
  `language_id` bigint(20) UNSIGNED DEFAULT NULL
) ENGINE=InnoDB DEFAULT CHARSET=utf8;

-- --------------------------------------------------------

--
-- Table structure for table `video_descriptions`
--

CREATE TABLE `video_descriptions` (
  `id` bigint(20) UNSIGNED NOT NULL,
  `title` varchar(200) NOT NULL,
  `video_id` bigint(20) UNSIGNED NOT NULL,
  `language_id` bigint(20) UNSIGNED NOT NULL
) ENGINE=InnoDB DEFAULT CHARSET=utf8;

-- --------------------------------------------------------

--
-- Table structure for table `visitor_messages`
--

CREATE TABLE `visitor_messages` (
  `id` bigint(20) UNSIGNED NOT NULL,
  `name` varchar(191) NOT NULL,
  `email` varchar(191) NOT NULL,
  `subject` varchar(191) NOT NULL,
  `message` longtext NOT NULL,
  `read` tinyint(1) NOT NULL DEFAULT 0,
  `reply` tinyint(1) NOT NULL DEFAULT 0,
  `deleted_at` timestamp NULL DEFAULT NULL,
  `created_at` timestamp NULL DEFAULT NULL,
  `updated_at` timestamp NULL DEFAULT NULL
) ENGINE=InnoDB DEFAULT CHARSET=utf8;

-- --------------------------------------------------------

--
-- Table structure for table `visitor_message_replies`
--

CREATE TABLE `visitor_message_replies` (
  `id` bigint(20) UNSIGNED NOT NULL,
  `reply` text DEFAULT NULL,
  `visitor_email` varchar(191) DEFAULT NULL,
  `user_id` bigint(20) UNSIGNED DEFAULT NULL,
  `visitor_message_id` bigint(20) UNSIGNED DEFAULT NULL,
  `created_at` timestamp NULL DEFAULT NULL,
  `updated_at` timestamp NULL DEFAULT NULL
) ENGINE=MyISAM DEFAULT CHARSET=utf8;

-- --------------------------------------------------------

--
-- Table structure for table `website_categories`
--

CREATE TABLE `website_categories` (
  `id` bigint(20) UNSIGNED NOT NULL,
  `deleted_at` timestamp NULL DEFAULT NULL,
  `created_at` timestamp NULL DEFAULT NULL,
  `updated_at` timestamp NULL DEFAULT NULL
) ENGINE=InnoDB DEFAULT CHARSET=utf8;

-- --------------------------------------------------------

--
-- Table structure for table `website_category_descriptions`
--

CREATE TABLE `website_category_descriptions` (
  `id` bigint(20) UNSIGNED NOT NULL,
  `name` varchar(200) NOT NULL,
  `slug` varchar(200) NOT NULL,
  `website_category_id` bigint(20) UNSIGNED DEFAULT NULL,
  `language_id` bigint(20) UNSIGNED DEFAULT NULL
) ENGINE=InnoDB DEFAULT CHARSET=utf8;

-- --------------------------------------------------------

--
-- Table structure for table `website_photos`
--

CREATE TABLE `website_photos` (
  `id` bigint(20) UNSIGNED NOT NULL,
  `url` varchar(250) NOT NULL,
  `image` varchar(200) NOT NULL,
  `website_category_id` bigint(20) UNSIGNED DEFAULT NULL
) ENGINE=InnoDB DEFAULT CHARSET=utf8;

-- --------------------------------------------------------

--
-- Table structure for table `website_photo_descriptions`
--

CREATE TABLE `website_photo_descriptions` (
  `id` bigint(20) UNSIGNED NOT NULL,
  `title` varchar(200) DEFAULT NULL,
  `website_photo_id` bigint(20) UNSIGNED DEFAULT NULL,
  `language_id` bigint(20) UNSIGNED DEFAULT NULL
) ENGINE=InnoDB DEFAULT CHARSET=utf8;

-- --------------------------------------------------------

--
-- Table structure for table `website_visitors`
--

CREATE TABLE `website_visitors` (
  `id` bigint(20) UNSIGNED NOT NULL,
  `ip` varchar(45) DEFAULT NULL,
  `created_at` timestamp NULL DEFAULT NULL,
  `updated_at` timestamp NULL DEFAULT NULL
) ENGINE=MyISAM DEFAULT CHARSET=utf8;

--
-- Dumping data for table `website_visitors`
--

INSERT INTO `website_visitors` (`id`, `ip`, `created_at`, `updated_at`) VALUES
(1, '197.63.212.11', '2020-08-11 08:08:15', '2020-08-11 08:08:15'),
(2, '41.233.74.55', '2020-08-11 08:33:50', '2020-08-11 08:33:50'),
(3, '41.233.74.55', '2020-08-11 08:44:51', '2020-08-11 08:44:51'),
(4, '41.233.74.55', '2020-08-11 12:33:53', '2020-08-11 12:33:53'),
(5, '197.61.117.173', '2020-08-11 13:05:40', '2020-08-11 13:05:40'),
(6, '197.63.212.11', '2020-08-11 13:27:58', '2020-08-11 13:27:58'),
(7, '197.61.27.222', '2020-08-11 14:17:30', '2020-08-11 14:17:30'),
(8, '41.233.74.55', '2020-08-11 14:41:59', '2020-08-11 14:41:59'),
(9, '197.61.117.173', '2020-08-11 15:07:21', '2020-08-11 15:07:21'),
(10, '41.233.74.55', '2020-08-11 15:22:36', '2020-08-11 15:22:36'),
(11, '149.154.161.4', '2020-08-11 16:55:14', '2020-08-11 16:55:14'),
(12, '156.197.44.18', '2020-08-11 17:05:42', '2020-08-11 17:05:42'),
(13, '197.63.212.11', '2020-08-11 19:48:29', '2020-08-11 19:48:29'),
(14, '197.63.212.11', '2020-08-11 19:48:29', '2020-08-11 19:48:29'),
(15, '197.61.27.222', '2020-08-12 09:07:40', '2020-08-12 09:07:40'),
(16, '41.233.74.55', '2020-08-12 09:20:57', '2020-08-12 09:20:57'),
(17, '197.61.27.222', '2020-08-12 09:27:12', '2020-08-12 09:27:12'),
(18, '149.154.161.2', '2020-08-12 09:31:58', '2020-08-12 09:31:58'),
(19, '156.197.44.18', '2020-08-12 09:32:13', '2020-08-12 09:32:13'),
(20, '41.233.74.55', '2020-08-12 09:51:30', '2020-08-12 09:51:30'),
(21, '197.61.27.222', '2020-08-12 09:58:39', '2020-08-12 09:58:39'),
(22, '197.63.212.11', '2020-08-12 10:02:56', '2020-08-12 10:02:56'),
(23, '41.233.74.55', '2020-08-12 10:15:10', '2020-08-12 10:15:10'),
(24, '41.233.74.55', '2020-08-12 10:15:36', '2020-08-12 10:15:36'),
(25, '197.63.212.11', '2020-08-12 11:09:14', '2020-08-12 11:09:14'),
(26, '156.197.44.18', '2020-08-12 11:25:31', '2020-08-12 11:25:31'),
(27, '197.63.212.11', '2020-08-12 12:29:09', '2020-08-12 12:29:09'),
(28, '197.63.212.11', '2020-08-12 13:35:11', '2020-08-12 13:35:11'),
(29, '41.233.74.55', '2020-08-12 14:01:26', '2020-08-12 14:01:26'),
(30, '41.233.74.55', '2020-08-12 14:16:12', '2020-08-12 14:16:12'),
(31, '197.61.27.222', '2020-08-12 14:16:41', '2020-08-12 14:16:41'),
(32, '197.63.212.11', '2020-08-12 16:09:13', '2020-08-12 16:09:13'),
(33, '197.63.212.11', '2020-08-12 16:09:44', '2020-08-12 16:09:44'),
(34, '156.197.44.18', '2020-08-12 16:33:11', '2020-08-12 16:33:11'),
(35, '156.197.44.18', '2020-08-12 16:34:25', '2020-08-12 16:34:25'),
(36, '41.233.74.55', '2020-08-12 16:48:06', '2020-08-12 16:48:06'),
(37, '156.197.44.18', '2020-08-12 18:56:23', '2020-08-12 18:56:23'),
(38, '196.153.67.82', '2020-08-12 20:54:33', '2020-08-12 20:54:33'),
(39, '41.232.94.163', '2020-08-13 06:13:35', '2020-08-13 06:13:35'),
(40, '41.36.6.207', '2020-08-13 06:16:32', '2020-08-13 06:16:32'),
(41, '41.36.6.207', '2020-08-13 06:21:07', '2020-08-13 06:21:07'),
(42, '156.197.44.18', '2020-08-13 08:02:19', '2020-08-13 08:02:19'),
(43, '197.63.212.11', '2020-08-13 08:13:31', '2020-08-13 08:13:31'),
(44, '41.232.94.163', '2020-08-13 08:14:53', '2020-08-13 08:14:53'),
(45, '41.36.6.207', '2020-08-13 08:16:44', '2020-08-13 08:16:44'),
(46, '41.232.94.163', '2020-08-13 08:17:00', '2020-08-13 08:17:00'),
(47, '149.154.161.1', '2020-08-13 09:06:14', '2020-08-13 09:06:14'),
(48, '197.61.27.222', '2020-08-13 09:55:19', '2020-08-13 09:55:19'),
(49, '102.189.61.30', '2020-08-13 10:14:57', '2020-08-13 10:14:57'),
(50, '41.232.94.163', '2020-08-13 10:15:13', '2020-08-13 10:15:13'),
(51, '197.63.212.11', '2020-08-13 11:51:45', '2020-08-13 11:51:45'),
(52, '41.36.6.207', '2020-08-13 13:17:46', '2020-08-13 13:17:46'),
(53, '41.36.6.207', '2020-08-13 15:37:27', '2020-08-13 15:37:27'),
(54, '41.36.6.207', '2020-08-13 16:36:27', '2020-08-13 16:36:27'),
(55, '156.197.44.18', '2020-08-13 18:29:31', '2020-08-13 18:29:31'),
(56, '196.157.151.250', '2020-08-14 12:29:39', '2020-08-14 12:29:39'),
(57, '196.157.151.250', '2020-08-14 12:31:52', '2020-08-14 12:31:52'),
(58, '156.197.44.18', '2020-08-14 12:35:28', '2020-08-14 12:35:28'),
(59, '197.63.212.11', '2020-08-14 16:23:46', '2020-08-14 16:23:46'),
(60, '156.199.63.10', '2020-08-15 05:34:06', '2020-08-15 05:34:06'),
(61, '197.61.43.76', '2020-08-15 05:35:01', '2020-08-15 05:35:01'),
(62, '156.197.44.18', '2020-08-15 09:35:34', '2020-08-15 09:35:34'),
(63, '149.154.161.1', '2020-08-15 09:54:17', '2020-08-15 09:54:17'),
(64, '156.197.44.18', '2020-08-15 09:54:33', '2020-08-15 09:54:33'),
(65, '156.197.44.18', '2020-08-15 09:56:03', '2020-08-15 09:56:03'),
(66, '197.61.43.76', '2020-08-15 11:04:16', '2020-08-15 11:04:16'),
(67, '149.154.161.19', '2020-08-15 11:27:08', '2020-08-15 11:27:08'),
(68, '197.63.131.238', '2020-08-15 11:29:59', '2020-08-15 11:29:59'),
(69, '197.63.131.238', '2020-08-15 11:49:14', '2020-08-15 11:49:14'),
(70, '102.47.89.190', '2020-08-15 14:37:46', '2020-08-15 14:37:46'),
(71, '102.47.89.190', '2020-08-15 15:12:16', '2020-08-15 15:12:16'),
(72, '156.199.217.141', '2020-08-15 16:30:05', '2020-08-15 16:30:05'),
(73, '156.199.217.141', '2020-08-15 16:32:20', '2020-08-15 16:32:20'),
(74, '197.63.131.238', '2020-08-15 16:49:49', '2020-08-15 16:49:49'),
(75, '31.167.172.58', '2020-08-15 21:00:24', '2020-08-15 21:00:24'),
(76, '31.166.90.193', '2020-08-16 09:43:14', '2020-08-16 09:43:14'),
(77, '31.167.17.112', '2020-08-16 12:00:12', '2020-08-16 12:00:12'),
(78, '5.108.136.167', '2020-08-16 12:02:21', '2020-08-16 12:02:21'),
(79, '41.43.65.200', '2020-08-16 12:17:26', '2020-08-16 12:17:26'),
(80, '41.43.65.200', '2020-08-16 12:24:52', '2020-08-16 12:24:52'),
(81, '41.45.156.107', '2020-08-16 13:05:40', '2020-08-16 13:05:40'),
(82, '41.45.156.107', '2020-08-16 13:10:36', '2020-08-16 13:10:36'),
(83, '156.199.43.97', '2020-08-17 01:19:30', '2020-08-17 01:19:30'),
(84, '156.199.43.97', '2020-08-17 01:20:08', '2020-08-17 01:20:08'),
(85, '31.167.94.74', '2020-08-17 03:01:47', '2020-08-17 03:01:47'),
(86, '197.61.27.62', '2020-08-17 03:40:17', '2020-08-17 03:40:17'),
(87, '31.167.94.74', '2020-08-17 06:03:31', '2020-08-17 06:03:31'),
(88, '156.199.65.154', '2020-08-17 07:05:07', '2020-08-17 07:05:07'),
(89, '197.63.131.238', '2020-08-17 07:17:03', '2020-08-17 07:17:03'),
(90, '41.43.65.200', '2020-08-17 07:38:01', '2020-08-17 07:38:01'),
(91, '41.43.65.200', '2020-08-17 07:48:45', '2020-08-17 07:48:45'),
(92, '31.167.94.74', '2020-08-17 10:03:50', '2020-08-17 10:03:50'),
(93, '50.60.47.106', '2020-08-17 10:04:06', '2020-08-17 10:04:06'),
(94, '50.60.47.106', '2020-08-17 10:04:28', '2020-08-17 10:04:28'),
(95, '197.63.131.238', '2020-08-17 10:23:24', '2020-08-17 10:23:24'),
(96, '31.167.94.74', '2020-08-17 10:41:01', '2020-08-17 10:41:01'),
(97, '62.149.105.69', '2020-08-17 10:43:12', '2020-08-17 10:43:12'),
(98, '31.167.94.74', '2020-08-17 10:43:39', '2020-08-17 10:43:39'),
(99, '93.169.162.82', '2020-08-17 10:46:11', '2020-08-17 10:46:11'),
(100, '74.125.210.14', '2020-08-17 10:46:14', '2020-08-17 10:46:14'),
(101, '31.167.94.74', '2020-08-17 10:46:33', '2020-08-17 10:46:33'),
(102, '41.233.72.199', '2020-08-17 11:06:16', '2020-08-17 11:06:16'),
(103, '41.43.65.200', '2020-08-17 11:10:04', '2020-08-17 11:10:04'),
(104, '41.233.72.199', '2020-08-17 11:12:03', '2020-08-17 11:12:03'),
(105, '149.154.161.7', '2020-08-17 12:02:30', '2020-08-17 12:02:30'),
(106, '196.157.8.105', '2020-08-17 12:21:59', '2020-08-17 12:21:59'),
(107, '41.43.65.200', '2020-08-17 12:35:58', '2020-08-17 12:35:58'),
(108, '197.63.131.238', '2020-08-17 12:41:21', '2020-08-17 12:41:21'),
(109, '41.233.72.199', '2020-08-17 13:21:54', '2020-08-17 13:21:54'),
(110, '156.201.125.109', '2020-08-17 14:12:01', '2020-08-17 14:12:01'),
(111, '41.43.65.200', '2020-08-17 15:46:26', '2020-08-17 15:46:26'),
(112, '41.233.72.199', '2020-08-17 15:48:40', '2020-08-17 15:48:40'),
(113, '41.43.65.200', '2020-08-17 16:06:27', '2020-08-17 16:06:27'),
(114, '74.125.210.16', '2020-08-17 16:42:26', '2020-08-17 16:42:26'),
(115, '197.61.27.62', '2020-08-17 20:31:06', '2020-08-17 20:31:06'),
(116, '31.13.103.10', '2020-08-17 20:31:06', '2020-08-17 20:31:06'),
(117, '31.13.103.111', '2020-08-17 20:31:12', '2020-08-17 20:31:12'),
(118, '31.13.103.13', '2020-08-17 20:31:21', '2020-08-17 20:31:21'),
(119, '196.159.148.46', '2020-08-17 20:55:09', '2020-08-17 20:55:09'),
(120, '196.159.148.46', '2020-08-17 20:55:09', '2020-08-17 20:55:09'),
(121, '31.167.94.74', '2020-08-18 02:39:44', '2020-08-18 02:39:44'),
(122, '31.167.94.74', '2020-08-18 03:10:24', '2020-08-18 03:10:24'),
(123, '31.167.94.74', '2020-08-18 03:10:40', '2020-08-18 03:10:40'),
(124, '31.167.94.74', '2020-08-18 03:26:39', '2020-08-18 03:26:39'),
(125, '41.43.65.200', '2020-08-18 04:31:14', '2020-08-18 04:31:14'),
(126, '156.199.43.97', '2020-08-18 04:36:36', '2020-08-18 04:36:36'),
(127, '156.199.43.97', '2020-08-18 04:40:05', '2020-08-18 04:40:05'),
(128, '149.154.161.2', '2020-08-18 04:41:31', '2020-08-18 04:41:31'),
(129, '31.167.94.74', '2020-08-18 05:07:49', '2020-08-18 05:07:49'),
(130, '31.167.94.74', '2020-08-18 05:15:58', '2020-08-18 05:15:58'),
(131, '31.167.94.74', '2020-08-18 05:16:21', '2020-08-18 05:16:21'),
(132, '31.167.94.74', '2020-08-18 05:17:01', '2020-08-18 05:17:01'),
(133, '41.43.65.200', '2020-08-18 05:38:17', '2020-08-18 05:38:17'),
(134, '41.233.72.199', '2020-08-18 05:38:52', '2020-08-18 05:38:52'),
(135, '197.63.131.238', '2020-08-18 09:04:29', '2020-08-18 09:04:29'),
(136, '41.233.72.199', '2020-08-18 09:31:10', '2020-08-18 09:31:10'),
(137, '41.233.72.199', '2020-08-18 09:44:57', '2020-08-18 09:44:57'),
(138, '31.167.94.74', '2020-08-18 09:59:02', '2020-08-18 09:59:02'),
(139, '31.167.94.74', '2020-08-18 11:25:11', '2020-08-18 11:25:11'),
(140, '31.167.94.74', '2020-08-18 11:25:31', '2020-08-18 11:25:31'),
(141, '41.233.72.199', '2020-08-18 12:36:52', '2020-08-18 12:36:52'),
(142, '197.63.131.238', '2020-08-18 12:42:09', '2020-08-18 12:42:09'),
(143, '41.233.72.199', '2020-08-18 13:24:33', '2020-08-18 13:24:33'),
(144, '197.63.131.238', '2020-08-18 13:27:14', '2020-08-18 13:27:14'),
(145, '197.63.131.238', '2020-08-18 13:44:06', '2020-08-18 13:44:06'),
(146, '197.61.27.62', '2020-08-19 03:26:33', '2020-08-19 03:26:33'),
(147, '197.63.227.192', '2020-08-19 03:40:33', '2020-08-19 03:40:33'),
(148, '197.42.25.97', '2020-08-19 03:45:26', '2020-08-19 03:45:26'),
(149, '31.167.94.74', '2020-08-19 05:06:43', '2020-08-19 05:06:43'),
(150, '197.42.25.97', '2020-08-19 05:09:50', '2020-08-19 05:09:50'),
(151, '31.167.94.74', '2020-08-19 06:31:15', '2020-08-19 06:31:15'),
(152, '197.61.214.186', '2020-08-19 06:51:01', '2020-08-19 06:51:01'),
(153, '197.61.27.222', '2020-08-19 06:51:05', '2020-08-19 06:51:05'),
(154, '197.61.214.186', '2020-08-19 08:10:56', '2020-08-19 08:10:56'),
(155, '197.61.27.222', '2020-08-19 08:12:21', '2020-08-19 08:12:21'),
(156, '197.42.25.97', '2020-08-19 08:17:51', '2020-08-19 08:17:51'),
(157, '31.167.94.74', '2020-08-19 09:18:45', '2020-08-19 09:18:45'),
(158, '31.167.94.74', '2020-08-19 09:58:02', '2020-08-19 09:58:02'),
(159, '197.61.214.186', '2020-08-19 10:22:55', '2020-08-19 10:22:55'),
(160, '94.97.87.72', '2020-08-19 10:33:25', '2020-08-19 10:33:25'),
(161, '62.149.104.200', '2020-08-19 10:33:26', '2020-08-19 10:33:26'),
(162, '18.194.118.133', '2020-08-20 16:11:08', '2020-08-20 16:11:08'),
(163, '41.238.26.249', '2020-08-20 16:12:22', '2020-08-20 16:12:22'),
(164, '31.167.94.74', '2020-08-23 03:49:51', '2020-08-23 03:49:51'),
(165, '31.167.94.74', '2020-08-23 03:50:53', '2020-08-23 03:50:53'),
(166, '31.167.94.74', '2020-08-23 03:51:10', '2020-08-23 03:51:10'),
(167, '156.219.39.146', '2020-08-23 07:01:08', '2020-08-23 07:01:08'),
(168, '31.167.94.74', '2020-08-23 11:03:56', '2020-08-23 11:03:56'),
(169, '31.167.94.74', '2020-08-23 11:05:09', '2020-08-23 11:05:09'),
(170, '31.167.94.74', '2020-08-24 02:55:58', '2020-08-24 02:55:58'),
(171, '31.167.94.74', '2020-08-24 04:11:05', '2020-08-24 04:11:05'),
(172, '31.167.94.74', '2020-08-24 04:30:09', '2020-08-24 04:30:09'),
(173, '31.167.94.74', '2020-08-24 05:13:56', '2020-08-24 05:13:56'),
(174, '31.167.94.74', '2020-08-24 08:57:21', '2020-08-24 08:57:21'),
(175, '31.167.94.74', '2020-08-24 09:01:35', '2020-08-24 09:01:35'),
(176, '31.167.94.74', '2020-08-24 09:02:02', '2020-08-24 09:02:02'),
(177, '41.34.55.39', '2020-08-24 11:13:51', '2020-08-24 11:13:51'),
(178, '41.34.55.39', '2020-08-24 11:14:36', '2020-08-24 11:14:36'),
(179, '41.34.55.39', '2020-08-24 11:14:39', '2020-08-24 11:14:39'),
(180, '149.154.161.15', '2020-08-24 11:20:21', '2020-08-24 11:20:21'),
(181, '156.197.117.242', '2020-08-24 11:21:04', '2020-08-24 11:21:04'),
(182, '31.167.94.74', '2020-08-24 11:25:26', '2020-08-24 11:25:26'),
(183, '149.154.161.12', '2020-08-24 11:29:18', '2020-08-24 11:29:18'),
(184, '156.197.117.242', '2020-08-24 11:43:19', '2020-08-24 11:43:19'),
(185, '41.238.26.249', '2020-08-24 12:09:48', '2020-08-24 12:09:48'),
(186, '31.167.94.74', '2020-08-25 02:45:11', '2020-08-25 02:45:11'),
(187, '31.167.94.74', '2020-08-25 02:58:56', '2020-08-25 02:58:56'),
(188, '31.167.94.74', '2020-08-25 05:58:29', '2020-08-25 05:58:29'),
(189, '197.61.30.126', '2020-08-25 08:20:27', '2020-08-25 08:20:27'),
(190, '31.167.94.74', '2020-08-25 08:32:20', '2020-08-25 08:32:20'),
(191, '197.63.182.60', '2020-08-25 09:06:18', '2020-08-25 09:06:18'),
(192, '41.238.26.249', '2020-08-25 09:30:29', '2020-08-25 09:30:29'),
(193, '156.197.202.138', '2020-08-25 09:31:36', '2020-08-25 09:31:36'),
(194, '89.237.156.19', '2020-08-25 10:35:44', '2020-08-25 10:35:44'),
(195, '102.41.161.92', '2020-08-25 11:15:01', '2020-08-25 11:15:01'),
(196, '31.167.94.74', '2020-08-25 11:34:43', '2020-08-25 11:34:43'),
(197, '102.41.161.92', '2020-08-25 11:40:32', '2020-08-25 11:40:32'),
(198, '197.63.182.60', '2020-08-25 13:17:10', '2020-08-25 13:17:10'),
(199, '197.63.182.60', '2020-08-25 13:17:10', '2020-08-25 13:17:10'),
(200, '156.197.110.226', '2020-08-25 14:29:15', '2020-08-25 14:29:15'),
(201, '41.238.26.249', '2020-08-25 17:33:36', '2020-08-25 17:33:36'),
(202, '41.238.26.249', '2020-08-25 17:35:06', '2020-08-25 17:35:06'),
(203, '197.63.182.60', '2020-08-25 18:42:04', '2020-08-25 18:42:04'),
(204, '197.63.182.60', '2020-08-25 18:42:16', '2020-08-25 18:42:16'),
(205, '41.238.26.249', '2020-08-25 18:49:17', '2020-08-25 18:49:17'),
(206, '31.167.94.74', '2020-08-26 10:10:16', '2020-08-26 10:10:16'),
(207, '197.61.230.214', '2020-08-26 12:13:34', '2020-08-26 12:13:34'),
(208, '197.61.230.214', '2020-08-26 12:13:41', '2020-08-26 12:13:41'),
(209, '156.197.146.90', '2020-08-26 12:13:53', '2020-08-26 12:13:53'),
(210, '156.197.146.90', '2020-08-26 13:45:29', '2020-08-26 13:45:29'),
(211, '31.167.94.74', '2020-08-27 03:47:20', '2020-08-27 03:47:20'),
(212, '31.167.94.74', '2020-08-27 03:47:20', '2020-08-27 03:47:20'),
(213, '31.167.94.74', '2020-08-27 03:50:11', '2020-08-27 03:50:11'),
(214, '31.167.94.74', '2020-08-27 03:50:35', '2020-08-27 03:50:35'),
(215, '31.167.94.74', '2020-08-27 03:51:01', '2020-08-27 03:51:01'),
(216, '31.167.94.74', '2020-08-27 03:52:36', '2020-08-27 03:52:36'),
(217, '31.167.94.74', '2020-08-27 03:58:09', '2020-08-27 03:58:09'),
(218, '197.61.255.44', '2020-08-27 04:18:27', '2020-08-27 04:18:27'),
(219, '31.167.94.74', '2020-08-27 04:54:15', '2020-08-27 04:54:15'),
(220, '31.167.94.74', '2020-08-27 04:58:44', '2020-08-27 04:58:44'),
(221, '151.255.242.146', '2020-08-27 05:16:36', '2020-08-27 05:16:36'),
(222, '74.125.210.14', '2020-08-27 05:16:39', '2020-08-27 05:16:39'),
(223, '74.125.210.14', '2020-08-27 05:30:59', '2020-08-27 05:30:59'),
(224, '31.167.94.74', '2020-08-27 06:08:04', '2020-08-27 06:08:04'),
(225, '31.167.94.74', '2020-08-27 09:44:20', '2020-08-27 09:44:20'),
(226, '31.167.94.74', '2020-08-27 10:36:38', '2020-08-27 10:36:38'),
(227, '102.41.161.92', '2020-08-27 10:36:57', '2020-08-27 10:36:57'),
(228, '102.41.161.92', '2020-08-27 10:40:22', '2020-08-27 10:40:22'),
(229, '102.41.161.92', '2020-08-27 10:41:50', '2020-08-27 10:41:50'),
(230, '31.167.94.74', '2020-08-27 10:42:39', '2020-08-27 10:42:39'),
(231, '156.197.146.90', '2020-08-27 10:50:11', '2020-08-27 10:50:11'),
(232, '156.197.146.90', '2020-08-27 10:50:20', '2020-08-27 10:50:20'),
(233, '31.167.94.74', '2020-08-27 11:18:27', '2020-08-27 11:18:27'),
(234, '31.167.94.74', '2020-08-27 11:19:58', '2020-08-27 11:19:58'),
(235, '31.167.94.74', '2020-08-27 11:29:55', '2020-08-27 11:29:55'),
(236, '31.167.94.74', '2020-08-27 11:33:53', '2020-08-27 11:33:53'),
(237, '31.167.94.74', '2020-08-27 12:04:53', '2020-08-27 12:04:53'),
(238, '156.197.146.90', '2020-08-27 13:20:27', '2020-08-27 13:20:27'),
(239, '31.167.94.74', '2020-08-30 03:41:49', '2020-08-30 03:41:49'),
(240, '41.40.12.47', '2020-08-30 16:45:30', '2020-08-30 16:45:30'),
(241, '156.197.172.1', '2020-08-30 17:06:48', '2020-08-30 17:06:48'),
(242, '156.197.172.1', '2020-08-30 21:00:32', '2020-08-30 21:00:32'),
(243, '156.197.172.1', '2020-08-30 21:59:53', '2020-08-30 21:59:53'),
(244, '156.197.172.1', '2020-08-30 22:00:11', '2020-08-30 22:00:11'),
(245, '31.167.94.74', '2020-08-31 04:35:29', '2020-08-31 04:35:29'),
(246, '41.36.0.82', '2020-08-31 04:47:13', '2020-08-31 04:47:13'),
(247, '41.36.0.82', '2020-08-31 04:57:29', '2020-08-31 04:57:29'),
(248, '197.63.207.22', '2020-08-31 05:43:49', '2020-08-31 05:43:49'),
(249, '5.109.255.121', '2020-08-31 06:07:44', '2020-08-31 06:07:44'),
(250, '74.125.210.12', '2020-08-31 06:07:44', '2020-08-31 06:07:44'),
(251, '74.125.210.14', '2020-08-31 06:14:54', '2020-08-31 06:14:54'),
(252, '197.63.207.22', '2020-08-31 10:51:10', '2020-08-31 10:51:10'),
(253, '31.167.94.74', '2020-09-01 07:48:49', '2020-09-01 07:48:49'),
(254, '31.167.94.74', '2020-09-01 07:56:04', '2020-09-01 07:56:04'),
(255, '197.61.57.202', '2020-09-01 10:59:41', '2020-09-01 10:59:41'),
(256, '149.154.161.19', '2020-09-01 10:59:51', '2020-09-01 10:59:51'),
(257, '197.61.57.202', '2020-09-01 11:00:04', '2020-09-01 11:00:04'),
(258, '154.183.3.198', '2020-09-01 11:00:26', '2020-09-01 11:00:26'),
(259, '154.183.3.198', '2020-09-01 11:02:18', '2020-09-01 11:02:18'),
(260, '197.63.207.22', '2020-09-01 11:04:38', '2020-09-01 11:04:38'),
(261, '197.61.57.202', '2020-09-01 11:08:15', '2020-09-01 11:08:15'),
(262, '154.183.3.198', '2020-09-01 11:14:57', '2020-09-01 11:14:57'),
(263, '31.167.94.74', '2020-09-01 11:15:05', '2020-09-01 11:15:05'),
(264, '31.167.94.74', '2020-09-01 11:16:39', '2020-09-01 11:16:39'),
(265, '31.167.94.74', '2020-09-01 11:17:33', '2020-09-01 11:17:33'),
(266, '196.156.129.210', '2020-09-01 12:08:59', '2020-09-01 12:08:59'),
(267, '196.156.129.210', '2020-09-01 12:12:13', '2020-09-01 12:12:13'),
(268, '196.156.129.210', '2020-09-01 12:16:05', '2020-09-01 12:16:05'),
(269, '196.156.129.210', '2020-09-01 12:53:02', '2020-09-01 12:53:02'),
(270, '102.47.82.189', '2020-09-01 13:37:57', '2020-09-01 13:37:57'),
(271, '196.156.129.210', '2020-09-01 15:59:00', '2020-09-01 15:59:00'),
(272, '149.154.161.7', '2020-09-01 16:16:04', '2020-09-01 16:16:04'),
(273, '197.63.207.22', '2020-09-01 16:18:36', '2020-09-01 16:18:36'),
(274, '197.61.176.55', '2020-09-01 18:04:35', '2020-09-01 18:04:35'),
(275, '156.197.171.217', '2020-09-01 18:38:55', '2020-09-01 18:38:55'),
(276, '31.167.94.74', '2020-09-02 03:06:53', '2020-09-02 03:06:53'),
(277, '31.167.94.74', '2020-09-02 03:19:54', '2020-09-02 03:19:54'),
(278, '31.167.94.74', '2020-09-02 05:27:59', '2020-09-02 05:27:59'),
(279, '31.167.94.74', '2020-09-02 05:28:24', '2020-09-02 05:28:24'),
(280, '31.167.94.74', '2020-09-02 05:28:42', '2020-09-02 05:28:42'),
(281, '197.61.176.55', '2020-09-02 05:43:54', '2020-09-02 05:43:54'),
(282, '31.167.94.74', '2020-09-02 06:22:00', '2020-09-02 06:22:00'),
(283, '197.63.207.22', '2020-09-02 07:02:31', '2020-09-02 07:02:31'),
(284, '197.61.176.55', '2020-09-02 07:03:01', '2020-09-02 07:03:01'),
(285, '197.61.176.55', '2020-09-02 07:10:24', '2020-09-02 07:10:24'),
(286, '188.50.252.39', '2020-09-02 07:22:05', '2020-09-02 07:22:05'),
(287, '66.102.8.231', '2020-09-02 07:22:12', '2020-09-02 07:22:12'),
(288, '188.52.204.211', '2020-09-02 07:48:08', '2020-09-02 07:48:08'),
(289, '31.167.94.74', '2020-09-02 07:58:07', '2020-09-02 07:58:07'),
(290, '66.102.8.231', '2020-09-02 08:22:13', '2020-09-02 08:22:13'),
(291, '31.167.94.74', '2020-09-02 08:26:03', '2020-09-02 08:26:03'),
(292, '31.167.94.74', '2020-09-02 08:26:50', '2020-09-02 08:26:50'),
(293, '31.167.94.74', '2020-09-02 08:44:02', '2020-09-02 08:44:02'),
(294, '134.209.173.17', '2020-09-02 10:39:08', '2020-09-02 10:39:08'),
(295, '62.4.14.206', '2020-09-03 07:48:47', '2020-09-03 07:48:47'),
(296, '31.167.94.74', '2020-09-03 08:19:01', '2020-09-03 08:19:01'),
(297, '195.154.63.222', '2020-09-03 08:43:28', '2020-09-03 08:43:28'),
(298, '212.83.146.233', '2020-09-03 08:48:48', '2020-09-03 08:48:48'),
(299, '5.109.255.121', '2020-09-03 13:35:25', '2020-09-03 13:35:25'),
(300, '31.167.94.74', '2020-09-06 04:43:13', '2020-09-06 04:43:13'),
(301, '74.125.210.80', '2020-09-06 04:43:18', '2020-09-06 04:43:18'),
(302, '74.125.210.78', '2020-09-06 04:43:19', '2020-09-06 04:43:19'),
(303, '31.167.94.74', '2020-09-06 11:53:44', '2020-09-06 11:53:44'),
(304, '31.167.94.74', '2020-09-07 05:10:15', '2020-09-07 05:10:15'),
(305, '104.131.109.65', '2020-09-07 16:21:38', '2020-09-07 16:21:38'),
(306, '167.172.253.101', '2020-09-07 17:15:11', '2020-09-07 17:15:11'),
(307, '154.183.115.135', '2020-09-08 07:28:00', '2020-09-08 07:28:00'),
(308, '31.167.94.74', '2020-09-08 10:05:05', '2020-09-08 10:05:05'),
(309, '31.167.94.74', '2020-09-09 08:54:04', '2020-09-09 08:54:04'),
(310, '154.183.115.135', '2020-09-09 13:29:19', '2020-09-09 13:29:19'),
(311, '31.167.94.74', '2020-09-10 03:26:31', '2020-09-10 03:26:31'),
(312, '31.167.94.74', '2020-09-10 08:45:02', '2020-09-10 08:45:02'),
(313, '31.167.94.74', '2020-09-13 08:42:05', '2020-09-13 08:42:05'),
(314, '31.167.94.74', '2020-09-14 04:53:29', '2020-09-14 04:53:29'),
(315, '31.167.94.74', '2020-09-14 05:07:03', '2020-09-14 05:07:03'),
(316, '74.125.210.4', '2020-09-14 05:07:10', '2020-09-14 05:07:10'),
(317, '89.237.156.19', '2020-09-14 08:19:32', '2020-09-14 08:19:32'),
(318, '209.17.96.210', '2020-09-15 06:04:10', '2020-09-15 06:04:10'),
(319, '31.167.94.74', '2020-09-15 08:32:16', '2020-09-15 08:32:16'),
(320, '209.17.96.202', '2020-09-15 12:06:46', '2020-09-15 12:06:46'),
(321, '197.61.72.46', '2020-09-16 06:34:25', '2020-09-16 06:34:25'),
(322, '197.61.72.46', '2020-09-16 06:39:54', '2020-09-16 06:39:54'),
(323, '197.61.72.46', '2020-09-16 06:58:57', '2020-09-16 06:58:57'),
(324, '31.167.94.74', '2020-09-16 07:02:01', '2020-09-16 07:02:01'),
(325, '66.249.83.77', '2020-09-16 07:02:03', '2020-09-16 07:02:03'),
(326, '66.249.83.78', '2020-09-16 07:02:03', '2020-09-16 07:02:03'),
(327, '197.61.72.46', '2020-09-16 07:34:51', '2020-09-16 07:34:51'),
(328, '196.151.129.196', '2020-09-16 07:59:59', '2020-09-16 07:59:59'),
(329, '149.154.161.16', '2020-09-16 08:28:18', '2020-09-16 08:28:18'),
(330, '196.151.129.196', '2020-09-16 08:28:39', '2020-09-16 08:28:39'),
(331, '196.151.129.196', '2020-09-16 08:28:59', '2020-09-16 08:28:59');

--
-- Indexes for dumped tables
--

--
-- Indexes for table `articles`
--
ALTER TABLE `articles`
  ADD PRIMARY KEY (`id`),
  ADD KEY `articles_user_id_category_id_index` (`user_id`),
  ADD KEY `articles_company_id_index` (`company_id`);

--
-- Indexes for table `article_descriptions`
--
ALTER TABLE `article_descriptions`
  ADD PRIMARY KEY (`id`),
  ADD KEY `article_descriptions_language_id_foreign` (`language_id`),
  ADD KEY `article_descriptions_article_id_language_id_index` (`article_id`,`language_id`);

--
-- Indexes for table `article_photos`
--
ALTER TABLE `article_photos`
  ADD PRIMARY KEY (`id`),
  ADD KEY `article_photos_article_id_index` (`article_id`);

--
-- Indexes for table `chairman`
--
ALTER TABLE `chairman`
  ADD PRIMARY KEY (`id`);

--
-- Indexes for table `chairman_descriptions`
--
ALTER TABLE `chairman_descriptions`
  ADD PRIMARY KEY (`id`),
  ADD KEY `chairman_descriptions_language_id_foreign` (`language_id`),
  ADD KEY `chairman_descriptions_chairman_id_language_id_index` (`chairman_id`,`language_id`);

--
-- Indexes for table `companies`
--
ALTER TABLE `companies`
  ADD PRIMARY KEY (`id`);

--
-- Indexes for table `company_descriptions`
--
ALTER TABLE `company_descriptions`
  ADD PRIMARY KEY (`id`),
  ADD KEY `company_descriptions_language_id_foreign` (`language_id`),
  ADD KEY `company_descriptions_company_id_language_id_index` (`company_id`,`language_id`);

--
-- Indexes for table `countries`
--
ALTER TABLE `countries`
  ADD PRIMARY KEY (`id`);

--
-- Indexes for table `country_descriptions`
--
ALTER TABLE `country_descriptions`
  ADD PRIMARY KEY (`id`),
  ADD KEY `country_descriptions_language_id_foreign` (`language_id`),
  ADD KEY `country_descriptions_country_id_language_id_index` (`country_id`,`language_id`);

--
-- Indexes for table `cultures`
--
ALTER TABLE `cultures`
  ADD PRIMARY KEY (`id`);

--
-- Indexes for table `culture_descriptions`
--
ALTER TABLE `culture_descriptions`
  ADD PRIMARY KEY (`id`),
  ADD KEY `culture_descriptions_language_id_foreign` (`language_id`),
  ADD KEY `culture_descriptions_culture_id_language_id_index` (`culture_id`,`language_id`);

--
-- Indexes for table `details`
--
ALTER TABLE `details`
  ADD PRIMARY KEY (`id`);

--
-- Indexes for table `detail_descriptions`
--
ALTER TABLE `detail_descriptions`
  ADD PRIMARY KEY (`id`),
  ADD KEY `detail_descriptions_language_id_foreign` (`language_id`),
  ADD KEY `detail_descriptions_detail_id_language_id_index` (`detail_id`,`language_id`);

--
-- Indexes for table `failed_jobs`
--
ALTER TABLE `failed_jobs`
  ADD PRIMARY KEY (`id`);

--
-- Indexes for table `industries`
--
ALTER TABLE `industries`
  ADD PRIMARY KEY (`id`);

--
-- Indexes for table `industry_descriptions`
--
ALTER TABLE `industry_descriptions`
  ADD PRIMARY KEY (`id`),
  ADD KEY `industry_descriptions_language_id_foreign` (`language_id`),
  ADD KEY `industry_descriptions_industry_id_language_id_index` (`industry_id`,`language_id`);

--
-- Indexes for table `jobs`
--
ALTER TABLE `jobs`
  ADD PRIMARY KEY (`id`),
  ADD KEY `jobs_queue_index` (`queue`);

--
-- Indexes for table `languages`
--
ALTER TABLE `languages`
  ADD PRIMARY KEY (`id`),
  ADD UNIQUE KEY `languages_local_unique` (`local`),
  ADD KEY `languages_status_index` (`status`),
  ADD KEY `languages_admin_status_index` (`admin_status`);

--
-- Indexes for table `leaderships`
--
ALTER TABLE `leaderships`
  ADD PRIMARY KEY (`id`);

--
-- Indexes for table `leadership_descriptions`
--
ALTER TABLE `leadership_descriptions`
  ADD PRIMARY KEY (`id`),
  ADD KEY `leadership_descriptions_language_id_foreign` (`language_id`),
  ADD KEY `leadership_descriptions_leadership_id_language_id_index` (`leadership_id`,`language_id`);

--
-- Indexes for table `mail_lists`
--
ALTER TABLE `mail_lists`
  ADD PRIMARY KEY (`id`),
  ADD KEY `mail_lists_id_index` (`id`);

--
-- Indexes for table `migrations`
--
ALTER TABLE `migrations`
  ADD PRIMARY KEY (`id`);

--
-- Indexes for table `modules`
--
ALTER TABLE `modules`
  ADD PRIMARY KEY (`id`);

--
-- Indexes for table `newsletters`
--
ALTER TABLE `newsletters`
  ADD PRIMARY KEY (`id`),
  ADD KEY `newsletters_id_index` (`id`);

--
-- Indexes for table `notifications`
--
ALTER TABLE `notifications`
  ADD PRIMARY KEY (`id`),
  ADD KEY `notifications_notifiable_type_notifiable_id_index` (`notifiable_type`,`notifiable_id`);

--
-- Indexes for table `offices`
--
ALTER TABLE `offices`
  ADD PRIMARY KEY (`id`);

--
-- Indexes for table `office_descriptions`
--
ALTER TABLE `office_descriptions`
  ADD PRIMARY KEY (`id`),
  ADD KEY `office_descriptions_language_id_foreign` (`language_id`),
  ADD KEY `office_descriptions_office_id_index` (`office_id`);

--
-- Indexes for table `pages`
--
ALTER TABLE `pages`
  ADD PRIMARY KEY (`id`);

--
-- Indexes for table `page_descriptions`
--
ALTER TABLE `page_descriptions`
  ADD PRIMARY KEY (`id`),
  ADD KEY `page_descriptions_language_id_foreign` (`language_id`),
  ADD KEY `page_descriptions_page_id_language_id_index` (`page_id`,`language_id`);

--
-- Indexes for table `photos`
--
ALTER TABLE `photos`
  ADD PRIMARY KEY (`id`),
  ADD KEY `photos_photo_category_id_foreign` (`photo_category_id`);

--
-- Indexes for table `photo_categories`
--
ALTER TABLE `photo_categories`
  ADD PRIMARY KEY (`id`);

--
-- Indexes for table `photo_category_descriptions`
--
ALTER TABLE `photo_category_descriptions`
  ADD PRIMARY KEY (`id`),
  ADD KEY `photo_category_descriptions_language_id_foreign` (`language_id`),
  ADD KEY `photo_category_descriptions_photo_category_id_language_id_index` (`photo_category_id`,`language_id`);

--
-- Indexes for table `photo_descriptions`
--
ALTER TABLE `photo_descriptions`
  ADD PRIMARY KEY (`id`),
  ADD KEY `photo_descriptions_language_id_foreign` (`language_id`),
  ADD KEY `photo_descriptions_photo_id_language_id_index` (`photo_id`,`language_id`);

--
-- Indexes for table `user_modules`
--
ALTER TABLE `user_modules`
  ADD PRIMARY KEY (`id`),
  ADD KEY `user_modules_module_id_foreign` (`module_id`),
  ADD KEY `user_modules_user_id_module_id_index` (`user_id`,`module_id`);

--
-- Indexes for table `videos`
--
ALTER TABLE `videos`
  ADD PRIMARY KEY (`id`),
  ADD KEY `videos_video_category_id_foreign` (`video_category_id`);

--
-- Indexes for table `video_categories`
--
ALTER TABLE `video_categories`
  ADD PRIMARY KEY (`id`);

--
-- Indexes for table `video_category_descriptions`
--
ALTER TABLE `video_category_descriptions`
  ADD PRIMARY KEY (`id`),
  ADD KEY `video_category_descriptions_language_id_foreign` (`language_id`),
  ADD KEY `video_category_descriptions_video_category_id_language_id_index` (`video_category_id`,`language_id`);

--
-- Indexes for table `video_descriptions`
--
ALTER TABLE `video_descriptions`
  ADD PRIMARY KEY (`id`),
  ADD KEY `video_descriptions_language_id_foreign` (`language_id`),
  ADD KEY `video_descriptions_video_id_language_id_index` (`video_id`,`language_id`);

--
-- Indexes for table `visitor_messages`
--
ALTER TABLE `visitor_messages`
  ADD PRIMARY KEY (`id`),
  ADD KEY `visitor_messages_id_index` (`id`);

--
-- Indexes for table `visitor_message_replies`
--
ALTER TABLE `visitor_message_replies`
  ADD PRIMARY KEY (`id`),
  ADD KEY `visitor_message_replies_user_id_visitor_message_id_index` (`user_id`,`visitor_message_id`);

--
-- Indexes for table `website_categories`
--
ALTER TABLE `website_categories`
  ADD PRIMARY KEY (`id`);

--
-- Indexes for table `website_category_descriptions`
--
ALTER TABLE `website_category_descriptions`
  ADD PRIMARY KEY (`id`),
  ADD KEY `website_category_descriptions_language_id_foreign` (`language_id`),
  ADD KEY `language_id_index` (`website_category_id`,`language_id`);

--
-- Indexes for table `website_photos`
--
ALTER TABLE `website_photos`
  ADD PRIMARY KEY (`id`),
  ADD KEY `website_photos_website_category_id_foreign` (`website_category_id`);

--
-- Indexes for table `website_photo_descriptions`
--
ALTER TABLE `website_photo_descriptions`
  ADD PRIMARY KEY (`id`),
  ADD KEY `website_photo_descriptions_language_id_foreign` (`language_id`),
  ADD KEY `website_photo_descriptions_website_photo_id_language_id_index` (`website_photo_id`,`language_id`);

--
-- Indexes for table `website_visitors`
--
ALTER TABLE `website_visitors`
  ADD PRIMARY KEY (`id`);

--
-- AUTO_INCREMENT for dumped tables
--

--
-- AUTO_INCREMENT for table `articles`
--
ALTER TABLE `articles`
  MODIFY `id` bigint(20) UNSIGNED NOT NULL AUTO_INCREMENT, AUTO_INCREMENT=297;

--
-- AUTO_INCREMENT for table `article_descriptions`
--
ALTER TABLE `article_descriptions`
  MODIFY `id` bigint(20) UNSIGNED NOT NULL AUTO_INCREMENT, AUTO_INCREMENT=1275;

--
-- AUTO_INCREMENT for table `article_photos`
--
ALTER TABLE `article_photos`
  MODIFY `id` bigint(20) UNSIGNED NOT NULL AUTO_INCREMENT, AUTO_INCREMENT=627;

--
-- AUTO_INCREMENT for table `chairman`
--
ALTER TABLE `chairman`
  MODIFY `id` bigint(20) UNSIGNED NOT NULL AUTO_INCREMENT, AUTO_INCREMENT=2;

--
-- AUTO_INCREMENT for table `chairman_descriptions`
--
ALTER TABLE `chairman_descriptions`
  MODIFY `id` bigint(20) UNSIGNED NOT NULL AUTO_INCREMENT, AUTO_INCREMENT=57;

--
-- AUTO_INCREMENT for table `companies`
--
ALTER TABLE `companies`
  MODIFY `id` bigint(20) UNSIGNED NOT NULL AUTO_INCREMENT, AUTO_INCREMENT=66;

--
-- AUTO_INCREMENT for table `company_descriptions`
--
ALTER TABLE `company_descriptions`
  MODIFY `id` bigint(20) UNSIGNED NOT NULL AUTO_INCREMENT, AUTO_INCREMENT=535;

--
-- AUTO_INCREMENT for table `countries`
--
ALTER TABLE `countries`
  MODIFY `id` bigint(20) UNSIGNED NOT NULL AUTO_INCREMENT, AUTO_INCREMENT=10;

--
-- AUTO_INCREMENT for table `country_descriptions`
--
ALTER TABLE `country_descriptions`
  MODIFY `id` bigint(20) UNSIGNED NOT NULL AUTO_INCREMENT, AUTO_INCREMENT=25;

--
-- AUTO_INCREMENT for table `cultures`
--
ALTER TABLE `cultures`
  MODIFY `id` bigint(20) UNSIGNED NOT NULL AUTO_INCREMENT, AUTO_INCREMENT=7;

--
-- AUTO_INCREMENT for table `culture_descriptions`
--
ALTER TABLE `culture_descriptions`
  MODIFY `id` bigint(20) UNSIGNED NOT NULL AUTO_INCREMENT, AUTO_INCREMENT=45;

--
-- AUTO_INCREMENT for table `details`
--
ALTER TABLE `details`
  MODIFY `id` bigint(20) UNSIGNED NOT NULL AUTO_INCREMENT, AUTO_INCREMENT=2;

--
-- AUTO_INCREMENT for table `detail_descriptions`
--
ALTER TABLE `detail_descriptions`
  MODIFY `id` bigint(20) UNSIGNED NOT NULL AUTO_INCREMENT, AUTO_INCREMENT=39;

--
-- AUTO_INCREMENT for table `failed_jobs`
--
ALTER TABLE `failed_jobs`
  MODIFY `id` bigint(20) UNSIGNED NOT NULL AUTO_INCREMENT;

--
-- AUTO_INCREMENT for table `industries`
--
ALTER TABLE `industries`
  MODIFY `id` bigint(20) UNSIGNED NOT NULL AUTO_INCREMENT, AUTO_INCREMENT=14;

--
-- AUTO_INCREMENT for table `industry_descriptions`
--
ALTER TABLE `industry_descriptions`
  MODIFY `id` bigint(20) UNSIGNED NOT NULL AUTO_INCREMENT, AUTO_INCREMENT=35;

--
-- AUTO_INCREMENT for table `jobs`
--
ALTER TABLE `jobs`
  MODIFY `id` bigint(20) UNSIGNED NOT NULL AUTO_INCREMENT;

--
-- AUTO_INCREMENT for table `languages`
--
ALTER TABLE `languages`
  MODIFY `id` bigint(20) UNSIGNED NOT NULL AUTO_INCREMENT, AUTO_INCREMENT=3;

--
-- AUTO_INCREMENT for table `leaderships`
--
ALTER TABLE `leaderships`
  MODIFY `id` bigint(20) UNSIGNED NOT NULL AUTO_INCREMENT, AUTO_INCREMENT=9;

--
-- AUTO_INCREMENT for table `leadership_descriptions`
--
ALTER TABLE `leadership_descriptions`
  MODIFY `id` bigint(20) UNSIGNED NOT NULL AUTO_INCREMENT, AUTO_INCREMENT=31;

--
-- AUTO_INCREMENT for table `mail_lists`
--
ALTER TABLE `mail_lists`
  MODIFY `id` bigint(20) UNSIGNED NOT NULL AUTO_INCREMENT;

--
-- AUTO_INCREMENT for table `migrations`
--
ALTER TABLE `migrations`
  MODIFY `id` int(10) UNSIGNED NOT NULL AUTO_INCREMENT, AUTO_INCREMENT=50;

--
-- AUTO_INCREMENT for table `modules`
--
ALTER TABLE `modules`
  MODIFY `id` bigint(20) UNSIGNED NOT NULL AUTO_INCREMENT, AUTO_INCREMENT=15;

--
-- AUTO_INCREMENT for table `newsletters`
--
ALTER TABLE `newsletters`
  MODIFY `id` bigint(20) UNSIGNED NOT NULL AUTO_INCREMENT;

--
-- AUTO_INCREMENT for table `offices`
--
ALTER TABLE `offices`
  MODIFY `id` bigint(20) UNSIGNED NOT NULL AUTO_INCREMENT, AUTO_INCREMENT=14;

--
-- AUTO_INCREMENT for table `office_descriptions`
--
ALTER TABLE `office_descriptions`
  MODIFY `id` bigint(20) UNSIGNED NOT NULL AUTO_INCREMENT, AUTO_INCREMENT=45;

--
-- AUTO_INCREMENT for table `pages`
--
ALTER TABLE `pages`
  MODIFY `id` bigint(20) UNSIGNED NOT NULL AUTO_INCREMENT, AUTO_INCREMENT=6;

--
-- AUTO_INCREMENT for table `page_descriptions`
--
ALTER TABLE `page_descriptions`
  MODIFY `id` bigint(20) UNSIGNED NOT NULL AUTO_INCREMENT, AUTO_INCREMENT=11;

--
-- AUTO_INCREMENT for table `photos`
--
ALTER TABLE `photos`
  MODIFY `id` bigint(20) UNSIGNED NOT NULL AUTO_INCREMENT, AUTO_INCREMENT=25;

--
-- AUTO_INCREMENT for table `photo_categories`
--
ALTER TABLE `photo_categories`
  MODIFY `id` bigint(20) UNSIGNED NOT NULL AUTO_INCREMENT, AUTO_INCREMENT=2;

--
-- AUTO_INCREMENT for table `photo_category_descriptions`
--
ALTER TABLE `photo_category_descriptions`
  MODIFY `id` bigint(20) UNSIGNED NOT NULL AUTO_INCREMENT, AUTO_INCREMENT=9;

--
-- AUTO_INCREMENT for table `photo_descriptions`
--
ALTER TABLE `photo_descriptions`
  MODIFY `id` bigint(20) UNSIGNED NOT NULL AUTO_INCREMENT, AUTO_INCREMENT=29;

--
-- AUTO_INCREMENT for table `user_modules`
--
ALTER TABLE `user_modules`
  MODIFY `id` bigint(20) UNSIGNED NOT NULL AUTO_INCREMENT, AUTO_INCREMENT=15;

--
-- AUTO_INCREMENT for table `videos`
--
ALTER TABLE `videos`
  MODIFY `id` bigint(20) UNSIGNED NOT NULL AUTO_INCREMENT;

--
-- AUTO_INCREMENT for table `video_categories`
--
ALTER TABLE `video_categories`
  MODIFY `id` bigint(20) UNSIGNED NOT NULL AUTO_INCREMENT;

--
-- AUTO_INCREMENT for table `video_category_descriptions`
--
ALTER TABLE `video_category_descriptions`
  MODIFY `id` bigint(20) UNSIGNED NOT NULL AUTO_INCREMENT;

--
-- AUTO_INCREMENT for table `video_descriptions`
--
ALTER TABLE `video_descriptions`
  MODIFY `id` bigint(20) UNSIGNED NOT NULL AUTO_INCREMENT;

--
-- AUTO_INCREMENT for table `visitor_messages`
--
ALTER TABLE `visitor_messages`
  MODIFY `id` bigint(20) UNSIGNED NOT NULL AUTO_INCREMENT;

--
-- AUTO_INCREMENT for table `visitor_message_replies`
--
ALTER TABLE `visitor_message_replies`
  MODIFY `id` bigint(20) UNSIGNED NOT NULL AUTO_INCREMENT;

--
-- AUTO_INCREMENT for table `website_categories`
--
ALTER TABLE `website_categories`
  MODIFY `id` bigint(20) UNSIGNED NOT NULL AUTO_INCREMENT;

--
-- AUTO_INCREMENT for table `website_category_descriptions`
--
ALTER TABLE `website_category_descriptions`
  MODIFY `id` bigint(20) UNSIGNED NOT NULL AUTO_INCREMENT;

--
-- AUTO_INCREMENT for table `website_photos`
--
ALTER TABLE `website_photos`
  MODIFY `id` bigint(20) UNSIGNED NOT NULL AUTO_INCREMENT;

--
-- AUTO_INCREMENT for table `website_photo_descriptions`
--
ALTER TABLE `website_photo_descriptions`
  MODIFY `id` bigint(20) UNSIGNED NOT NULL AUTO_INCREMENT;

--
-- AUTO_INCREMENT for table `website_visitors`
--
ALTER TABLE `website_visitors`
  MODIFY `id` bigint(20) UNSIGNED NOT NULL AUTO_INCREMENT, AUTO_INCREMENT=332;

--
-- Constraints for dumped tables
--

--
-- Constraints for table `articles`
--
ALTER TABLE `articles`
  ADD CONSTRAINT `articles_company_id_foreign` FOREIGN KEY (`company_id`) REFERENCES `companies` (`id`) ON DELETE CASCADE ON UPDATE CASCADE,
  ADD CONSTRAINT `articles_user_id_foreign` FOREIGN KEY (`user_id`) REFERENCES `users` (`id`);

--
-- Constraints for table `article_descriptions`
--
ALTER TABLE `article_descriptions`
  ADD CONSTRAINT `article_descriptions_article_id_foreign` FOREIGN KEY (`article_id`) REFERENCES `articles` (`id`) ON DELETE CASCADE ON UPDATE CASCADE,
  ADD CONSTRAINT `article_descriptions_language_id_foreign` FOREIGN KEY (`language_id`) REFERENCES `languages` (`id`) ON DELETE CASCADE ON UPDATE CASCADE;

--
-- Constraints for table `article_photos`
--
ALTER TABLE `article_photos`
  ADD CONSTRAINT `article_photos_article_id_foreign` FOREIGN KEY (`article_id`) REFERENCES `articles` (`id`) ON DELETE CASCADE ON UPDATE CASCADE;

--
-- Constraints for table `chairman_descriptions`
--
ALTER TABLE `chairman_descriptions`
  ADD CONSTRAINT `chairman_descriptions_chairman_id_foreign` FOREIGN KEY (`chairman_id`) REFERENCES `chairman` (`id`) ON DELETE CASCADE,
  ADD CONSTRAINT `chairman_descriptions_language_id_foreign` FOREIGN KEY (`language_id`) REFERENCES `languages` (`id`) ON DELETE CASCADE;

--
-- Constraints for table `company_descriptions`
--
ALTER TABLE `company_descriptions`
  ADD CONSTRAINT `company_descriptions_company_id_foreign` FOREIGN KEY (`company_id`) REFERENCES `companies` (`id`) ON DELETE CASCADE ON UPDATE CASCADE,
  ADD CONSTRAINT `company_descriptions_language_id_foreign` FOREIGN KEY (`language_id`) REFERENCES `languages` (`id`) ON DELETE CASCADE ON UPDATE CASCADE;

--
-- Constraints for table `country_descriptions`
--
ALTER TABLE `country_descriptions`
  ADD CONSTRAINT `country_descriptions_country_id_foreign` FOREIGN KEY (`country_id`) REFERENCES `countries` (`id`) ON DELETE CASCADE ON UPDATE CASCADE,
  ADD CONSTRAINT `country_descriptions_language_id_foreign` FOREIGN KEY (`language_id`) REFERENCES `languages` (`id`) ON DELETE CASCADE ON UPDATE CASCADE;

--
-- Constraints for table `culture_descriptions`
--
ALTER TABLE `culture_descriptions`
  ADD CONSTRAINT `culture_descriptions_culture_id_foreign` FOREIGN KEY (`culture_id`) REFERENCES `cultures` (`id`) ON DELETE CASCADE,
  ADD CONSTRAINT `culture_descriptions_language_id_foreign` FOREIGN KEY (`language_id`) REFERENCES `languages` (`id`) ON DELETE CASCADE;

--
-- Constraints for table `detail_descriptions`
--
ALTER TABLE `detail_descriptions`
  ADD CONSTRAINT `detail_descriptions_detail_id_foreign` FOREIGN KEY (`detail_id`) REFERENCES `details` (`id`) ON DELETE CASCADE ON UPDATE CASCADE,
  ADD CONSTRAINT `detail_descriptions_language_id_foreign` FOREIGN KEY (`language_id`) REFERENCES `languages` (`id`) ON DELETE CASCADE ON UPDATE CASCADE;

--
-- Constraints for table `industry_descriptions`
--
ALTER TABLE `industry_descriptions`
  ADD CONSTRAINT `industry_descriptions_industry_id_foreign` FOREIGN KEY (`industry_id`) REFERENCES `industries` (`id`) ON DELETE CASCADE ON UPDATE CASCADE,
  ADD CONSTRAINT `industry_descriptions_language_id_foreign` FOREIGN KEY (`language_id`) REFERENCES `languages` (`id`) ON DELETE CASCADE ON UPDATE CASCADE;

--
-- Constraints for table `leadership_descriptions`
--
ALTER TABLE `leadership_descriptions`
  ADD CONSTRAINT `leadership_descriptions_language_id_foreign` FOREIGN KEY (`language_id`) REFERENCES `languages` (`id`) ON DELETE CASCADE,
  ADD CONSTRAINT `leadership_descriptions_leadership_id_foreign` FOREIGN KEY (`leadership_id`) REFERENCES `leaderships` (`id`) ON DELETE CASCADE;

--
-- Constraints for table `office_descriptions`
--
ALTER TABLE `office_descriptions`
  ADD CONSTRAINT `office_descriptions_language_id_foreign` FOREIGN KEY (`language_id`) REFERENCES `languages` (`id`) ON DELETE CASCADE,
  ADD CONSTRAINT `office_descriptions_office_id_foreign` FOREIGN KEY (`office_id`) REFERENCES `offices` (`id`) ON DELETE CASCADE;

--
-- Constraints for table `page_descriptions`
--
ALTER TABLE `page_descriptions`
  ADD CONSTRAINT `page_descriptions_language_id_foreign` FOREIGN KEY (`language_id`) REFERENCES `languages` (`id`) ON DELETE CASCADE ON UPDATE CASCADE,
  ADD CONSTRAINT `page_descriptions_page_id_foreign` FOREIGN KEY (`page_id`) REFERENCES `pages` (`id`) ON DELETE CASCADE ON UPDATE CASCADE;

--
-- Constraints for table `photos`
--
ALTER TABLE `photos`
  ADD CONSTRAINT `photos_photo_category_id_foreign` FOREIGN KEY (`photo_category_id`) REFERENCES `photo_categories` (`id`) ON DELETE CASCADE;

--
-- Constraints for table `photo_category_descriptions`
--
ALTER TABLE `photo_category_descriptions`
  ADD CONSTRAINT `photo_category_descriptions_language_id_foreign` FOREIGN KEY (`language_id`) REFERENCES `languages` (`id`) ON DELETE CASCADE ON UPDATE CASCADE,
  ADD CONSTRAINT `photo_category_descriptions_photo_category_id_foreign` FOREIGN KEY (`photo_category_id`) REFERENCES `photo_categories` (`id`) ON DELETE CASCADE ON UPDATE CASCADE;

--
-- Constraints for table `photo_descriptions`
--
ALTER TABLE `photo_descriptions`
  ADD CONSTRAINT `photo_descriptions_language_id_foreign` FOREIGN KEY (`language_id`) REFERENCES `languages` (`id`) ON DELETE CASCADE,
  ADD CONSTRAINT `photo_descriptions_photo_id_foreign` FOREIGN KEY (`photo_id`) REFERENCES `photos` (`id`) ON DELETE CASCADE;

--
-- Constraints for table `user_modules`
--
ALTER TABLE `user_modules`
  ADD CONSTRAINT `user_modules_module_id_foreign` FOREIGN KEY (`module_id`) REFERENCES `modules` (`id`) ON DELETE CASCADE,
  ADD CONSTRAINT `user_modules_user_id_foreign` FOREIGN KEY (`user_id`) REFERENCES `users` (`id`) ON DELETE CASCADE;

--
-- Constraints for table `videos`
--
ALTER TABLE `videos`
  ADD CONSTRAINT `videos_video_category_id_foreign` FOREIGN KEY (`video_category_id`) REFERENCES `video_categories` (`id`) ON DELETE CASCADE;

--
-- Constraints for table `video_category_descriptions`
--
ALTER TABLE `video_category_descriptions`
  ADD CONSTRAINT `video_category_descriptions_language_id_foreign` FOREIGN KEY (`language_id`) REFERENCES `languages` (`id`) ON DELETE CASCADE,
  ADD CONSTRAINT `video_category_descriptions_video_category_id_foreign` FOREIGN KEY (`video_category_id`) REFERENCES `video_categories` (`id`) ON DELETE CASCADE;

--
-- Constraints for table `video_descriptions`
--
ALTER TABLE `video_descriptions`
  ADD CONSTRAINT `video_descriptions_language_id_foreign` FOREIGN KEY (`language_id`) REFERENCES `languages` (`id`) ON DELETE CASCADE,
  ADD CONSTRAINT `video_descriptions_video_id_foreign` FOREIGN KEY (`video_id`) REFERENCES `videos` (`id`) ON DELETE CASCADE;

--
-- Constraints for table `website_category_descriptions`
--
ALTER TABLE `website_category_descriptions`
  ADD CONSTRAINT `website_category_descriptions_language_id_foreign` FOREIGN KEY (`language_id`) REFERENCES `languages` (`id`) ON DELETE CASCADE ON UPDATE CASCADE,
  ADD CONSTRAINT `website_category_descriptions_website_category_id_foreign` FOREIGN KEY (`website_category_id`) REFERENCES `website_categories` (`id`) ON DELETE CASCADE ON UPDATE CASCADE;

--
-- Constraints for table `website_photos`
--
ALTER TABLE `website_photos`
  ADD CONSTRAINT `website_photos_website_category_id_foreign` FOREIGN KEY (`website_category_id`) REFERENCES `website_categories` (`id`) ON DELETE CASCADE ON UPDATE CASCADE;

--
-- Constraints for table `website_photo_descriptions`
--
ALTER TABLE `website_photo_descriptions`
  ADD CONSTRAINT `website_photo_descriptions_language_id_foreign` FOREIGN KEY (`language_id`) REFERENCES `languages` (`id`) ON DELETE CASCADE,
  ADD CONSTRAINT `website_photo_descriptions_website_photo_id_foreign` FOREIGN KEY (`website_photo_id`) REFERENCES `website_photos` (`id`) ON DELETE CASCADE;
COMMIT;

